-- https://www.phpmyadmin.net/
--
-- Anamakine: localhost:3306
-- Üretim Zamanı: 22 Mar 2023, 02:21:46
-- Sunucu sürümü: 10.3.32-MariaDB
-- PHP Sürümü: 7.3.33

START TRANSACTION;



--
-- Veritabanı: `alomasxk_alov9`
--

-- --------------------------------------------------------

--
-- Tablo için tablo yapısı `ads`
--

CREATE TABLE `ads` (
  `id` int(11) NOT NULL,
  `durum` varchar(11) DEFAULT NULL,
  `ads_file` mediumtext NOT NULL DEFAULT 'ads.png',
  `default_ads_file` mediumtext NOT NULL,
  `opacity` int(11) NOT NULL DEFAULT 20
) ENGINE=InnoDB DEFAULT CHARSET=utf8;

--
-- Tablo döküm verisi `ads`
--

INSERT INTO `ads` (`id`, `durum`, `ads_file`, `default_ads_file`, `opacity`) VALUES
(1, '1', '', 'original_40731-346-600x90.png', 0);

-- --------------------------------------------------------

--
-- Tablo için tablo yapısı `app_store`
--

CREATE TABLE `app_store` (
  `id` int(11) NOT NULL,
  `vidapp` int(11) NOT NULL DEFAULT 0,
  `fotoapp` int(11) NOT NULL DEFAULT 0,
  `filemapp` int(11) NOT NULL DEFAULT 0,
  `ecatalogapp` int(11) NOT NULL DEFAULT 0,
  `urunvidapp` int(11) NOT NULL DEFAULT 0,
  `firsatapp` int(11) NOT NULL DEFAULT 0,
  `xmlapp` int(11) NOT NULL DEFAULT 0,
  `n11app` int(11) NOT NULL DEFAULT 0,
  `filigapp` int(11) NOT NULL DEFAULT 0,
  `lockapp` int(11) NOT NULL DEFAULT 0,
  `trendyapp` int(11) NOT NULL DEFAULT 0,
  `hepsiapp` int(11) NOT NULL DEFAULT 0,
  `parasutapp` int(11) NOT NULL DEFAULT 0,
  `canliapp` int(11) NOT NULL DEFAULT 0,
  `storyapp` int(11) NOT NULL DEFAULT 0,
  `depoapp` int(11) NOT NULL DEFAULT 0,
  `kvkkapp` int(11) NOT NULL DEFAULT 0,
  `kvkkapplink` text DEFAULT NULL,
  `depoapplink` text DEFAULT NULL,
  `storyapplink` text DEFAULT NULL,
  `canliapplink` text DEFAULT NULL,
  `parasutapplink` text DEFAULT NULL,
  `hepsiapplink` text DEFAULT NULL,
  `trendyapplink` text DEFAULT NULL,
  `lockapplink` text DEFAULT NULL,
  `filigapplink` text DEFAULT NULL,
  `n11applink` text DEFAULT NULL,
  `xmlapplink` text DEFAULT NULL,
  `firsatapplink` text DEFAULT NULL,
  `urunvidapplink` text DEFAULT NULL,
  `ecatalogapplink` text DEFAULT NULL,
  `filemapplink` text DEFAULT NULL,
  `fotoapplink` text DEFAULT NULL,
  `vidapplink` text DEFAULT NULL
) ENGINE=InnoDB DEFAULT CHARSET=utf8;

--
-- Tablo döküm verisi `app_store`
--

INSERT INTO `app_store` (`id`, `vidapp`, `fotoapp`, `filemapp`, `ecatalogapp`, `urunvidapp`, `firsatapp`, `xmlapp`, `n11app`, `filigapp`, `lockapp`, `trendyapp`, `hepsiapp`, `parasutapp`, `canliapp`, `storyapp`, `depoapp`, `kvkkapp`, `kvkkapplink`, `depoapplink`, `storyapplink`, `canliapplink`, `parasutapplink`, `hepsiapplink`, `trendyapplink`, `lockapplink`, `filigapplink`, `n11applink`, `xmlapplink`, `firsatapplink`, `urunvidapplink`, `ecatalogapplink`, `filemapplink`, `fotoapplink`, `vidapplink`) VALUES
(1, 1, 1, 1, 0, 0, 0, 0, 0, 0, 0, 0, 0, 0, 0, 0, 0, 0, 'kokokoko', '2132132131', 'aaaaaaaa', 'vcxczcxzczcz', NULL, NULL, NULL, NULL, NULL, NULL, NULL, NULL, NULL, NULL, NULL, NULL, NULL);

-- --------------------------------------------------------

--
-- Tablo için tablo yapısı `ayarlar`
--

CREATE TABLE `ayarlar` (
  `id` int(12) NOT NULL,
  `protokol` varchar(11) DEFAULT NULL,
  `site_url` varchar(222) NOT NULL,
  `panel_url` text DEFAULT NULL,
  `site_baslik` varchar(222) NOT NULL,
  `site_slogan` varchar(222) NOT NULL,
  `site_desc` text NOT NULL,
  `site_tags` text NOT NULL,
  `nav_font` varchar(222) DEFAULT NULL,
  `iletisim_sayfa_font` text DEFAULT NULL,
  `iletisim_sayfa_maps` text DEFAULT NULL,
  `iletisim_sayfa_form` varchar(1) DEFAULT NULL,
  `iletisim_sayfa_nav` varchar(2) DEFAULT NULL,
  `iletisim_sayfa_bg` varchar(22) DEFAULT NULL,
  `iletisim_sayfa_tags` text DEFAULT NULL,
  `iletisim_sayfa_desc` text DEFAULT NULL,
  `banka_sayfa_bg` varchar(22) DEFAULT NULL,
  `banka_sayfa_nav` varchar(2) DEFAULT NULL,
  `banka_sayfa_font` text DEFAULT NULL,
  `banka_sayfa_tags` text DEFAULT NULL,
  `banka_sayfa_desc` text DEFAULT NULL,
  `odeme_bildirim_bg` varchar(22) DEFAULT NULL,
  `odeme_bildirim_font` text DEFAULT NULL,
  `siparis_takip_bg` varchar(22) DEFAULT NULL,
  `siparis_takip_font` text DEFAULT NULL,
  `siparis_takip_desc` text DEFAULT NULL,
  `siparis_takip_tags` text DEFAULT NULL,
  `site_favicon` varchar(222) DEFAULT NULL,
  `site_bg_color` varchar(22) NOT NULL,
  `site_captcha` varchar(1) NOT NULL,
  `google_captcha` int(1) NOT NULL DEFAULT 0,
  `googlekey` varchar(255) DEFAULT NULL,
  `totop` varchar(2) NOT NULL,
  `totop_bg` varchar(22) NOT NULL,
  `totop_icon` varchar(22) NOT NULL,
  `totop_bottom` varchar(22) NOT NULL,
  `totop_radius` varchar(11) DEFAULT NULL,
  `smtp_durum` varchar(2) NOT NULL,
  `smtp_mail` varchar(222) NOT NULL,
  `smtp_host` varchar(222) NOT NULL,
  `smtp_pass` varchar(222) NOT NULL,
  `smtp_port` varchar(11) NOT NULL,
  `smtp_protokol` varchar(22) NOT NULL,
  `smtp_bildirim_mail` varchar(222) NOT NULL,
  `smtp_logo` text DEFAULT NULL,
  `smtp_iletisim_site` varchar(2) DEFAULT NULL,
  `smtp_iletisim_user` varchar(2) NOT NULL,
  `smtp_bulten_site` varchar(2) DEFAULT NULL,
  `smtp_bulten_user` varchar(2) NOT NULL,
  `smtp_modul_yorum_site` varchar(2) NOT NULL,
  `smtp_modul_yorum_user` varchar(2) DEFAULT NULL,
  `smtp_urun_yorum_site` varchar(2) NOT NULL,
  `smtp_urun_yorum_user` varchar(2) DEFAULT NULL,
  `smtp_siparis_site` varchar(2) DEFAULT NULL,
  `smtp_siparis_user` varchar(22) DEFAULT NULL,
  `smtp_normalsiparis_site` varchar(2) DEFAULT NULL,
  `smtp_normalsiparis_user` varchar(2) DEFAULT NULL,
  `smtp_teklif_site` varchar(2) DEFAULT NULL,
  `smtp_teklif_user` varchar(2) DEFAULT NULL,
  `smtp_uyelik_user` varchar(2) DEFAULT NULL,
  `smtp_uyelik_site` varchar(2) DEFAULT NULL,
  `smtp_ticket_user` varchar(2) DEFAULT NULL,
  `smtp_ticket_site` varchar(2) DEFAULT NULL,
  `smtp_iptalsiparis_user` varchar(2) DEFAULT NULL,
  `smtp_iptalsiparis_site` varchar(2) DEFAULT NULL,
  `smtp_uruniade_user` varchar(2) DEFAULT NULL,
  `smtp_uruniade_site` varchar(2) DEFAULT NULL,
  `smtp_odeme_site` varchar(2) DEFAULT NULL,
  `smtp_odeme_user` varchar(2) DEFAULT NULL,
  `site_width` varchar(2) NOT NULL,
  `sekme_degistir_yazi` varchar(1) DEFAULT NULL,
  `lazy` varchar(2) DEFAULT NULL,
  `404_head_bg` varchar(22) DEFAULT NULL,
  `404_header_border` varchar(22) DEFAULT NULL,
  `404_main_bg` varchar(22) DEFAULT NULL,
  `404_text_color` varchar(22) DEFAULT NULL,
  `404_button` varchar(22) DEFAULT NULL,
  `404_gorsel` text DEFAULT NULL,
  `404_logo` text DEFAULT NULL,
  `uye_log` varchar(1) DEFAULT NULL,
  `yonetici_log` varchar(1) DEFAULT NULL,
  `login_log` varchar(1) DEFAULT NULL,
  `js_kodlar` text DEFAULT NULL,
  `genel_kodlar` text NOT NULL,
  `chat` text NOT NULL,
  `sitemap_durum` int(1) DEFAULT NULL,
  `demo_mod` varchar(1) DEFAULT NULL,
  `merchant` text DEFAULT NULL,
  `merchant_domain` varchar(222) DEFAULT NULL,
  `merchant_request` varchar(222) DEFAULT NULL
) ENGINE=InnoDB DEFAULT CHARSET=utf8;

--
-- Tablo döküm verisi `ayarlar`
--

INSERT INTO `ayarlar` (`id`, `protokol`, `site_url`, `panel_url`, `site_baslik`, `site_slogan`, `site_desc`, `site_tags`, `nav_font`, `iletisim_sayfa_font`, `iletisim_sayfa_maps`, `iletisim_sayfa_form`, `iletisim_sayfa_nav`, `iletisim_sayfa_bg`, `iletisim_sayfa_tags`, `iletisim_sayfa_desc`, `banka_sayfa_bg`, `banka_sayfa_nav`, `banka_sayfa_font`, `banka_sayfa_tags`, `banka_sayfa_desc`, `odeme_bildirim_bg`, `odeme_bildirim_font`, `siparis_takip_bg`, `siparis_takip_font`, `siparis_takip_desc`, `siparis_takip_tags`, `site_favicon`, `site_bg_color`, `site_captcha`, `google_captcha`, `googlekey`, `totop`, `totop_bg`, `totop_icon`, `totop_bottom`, `totop_radius`, `smtp_durum`, `smtp_mail`, `smtp_host`, `smtp_pass`, `smtp_port`, `smtp_protokol`, `smtp_bildirim_mail`, `smtp_logo`, `smtp_iletisim_site`, `smtp_iletisim_user`, `smtp_bulten_site`, `smtp_bulten_user`, `smtp_modul_yorum_site`, `smtp_modul_yorum_user`, `smtp_urun_yorum_site`, `smtp_urun_yorum_user`, `smtp_siparis_site`, `smtp_siparis_user`, `smtp_normalsiparis_site`, `smtp_normalsiparis_user`, `smtp_teklif_site`, `smtp_teklif_user`, `smtp_uyelik_user`, `smtp_uyelik_site`, `smtp_ticket_user`, `smtp_ticket_site`, `smtp_iptalsiparis_user`, `smtp_iptalsiparis_site`, `smtp_uruniade_user`, `smtp_uruniade_site`, `smtp_odeme_site`, `smtp_odeme_user`, `site_width`, `sekme_degistir_yazi`, `lazy`, `404_head_bg`, `404_header_border`, `404_main_bg`, `404_text_color`, `404_button`, `404_gorsel`, `404_logo`, `uye_log`, `yonetici_log`, `login_log`, `js_kodlar`, `genel_kodlar`, `chat`, `sitemap_durum`, `demo_mod`, `merchant`, `merchant_domain`, `merchant_request`) VALUES
(1, 'https://', 'https://www.alomalzeme.xyz/', 'https://www.alomalzeme.xyz/wisesoft/', 'Site Başlığı', '', 'Site Açıklaması', 'e-ticaret', 'Open Sans', 'Poppins', '', '1', '1', 'f3f6f9', 'Yerimiz,iletişim,bize ulaşın', 'Neredeyiz?', 'ffffff', '1', 'Open Sans', '', '', 'ffffff', 'Open Sans', 'f8f8f8', 'Open Sans', '', '', 'favicon.ico', 'ffffff', '1', 0, '', '1', 'ed5f1f', 'ffffff', '50', '0', '0', '', '', '', '465', 'tls', '', '47005-240-Adsiz_tasarim_(4).png', '1', '1', '1', '1', '1', '1', '1', '1', '1', '1', '1', '1', '1', '1', '1', '1', '1', '1', '1', '1', '1', '1', '1', '1', '0', '1', '1', 'f8f8f8', 'ebebeb', 'ffffff', '000000', 'button-orange-out', '25946-102-45924-157-404img.jpg', '15217-353-BUSinessLogo.svg', '0', '0', '0', '<!-- Kod Alanı - Tüm javascript kodlarınızı bu alanda ekleyebilirsiniz !-->', '<!-- Kod Alanı - Tüm css, head ve html kodlarınızı bu alanda ekleyebilirsiniz !-->', '<!-- Kod Alanı - Canlı Destek (Tawk.to | Whatsapp) kodlarınızı bu alanda ekleyebilirsiniz !-->', 1, '0', '', '', '');

-- --------------------------------------------------------

--
-- Tablo için tablo yapısı `bakim`
--

CREATE TABLE `bakim` (
  `id` int(11) NOT NULL,
  `durum` varchar(2) DEFAULT NULL,
  `bg` text DEFAULT NULL,
  `baslik` varchar(222) DEFAULT NULL,
  `spot` text DEFAULT NULL,
  `logo` text DEFAULT NULL,
  `ebulten` varchar(1) DEFAULT NULL,
  `sosyal` varchar(1) DEFAULT NULL,
  `tarih_durum` varchar(1) DEFAULT NULL,
  `tarih` date DEFAULT NULL,
  `font_select` varchar(222) DEFAULT NULL,
  `iletisim` varchar(1) DEFAULT NULL,
  `tel` varchar(22) DEFAULT NULL,
  `eposta` varchar(22) DEFAULT NULL,
  `whatsapp` varchar(22) DEFAULT NULL,
  `adres` text DEFAULT NULL
) ENGINE=InnoDB DEFAULT CHARSET=utf8;

--
-- Tablo döküm verisi `bakim`
--

INSERT INTO `bakim` (`id`, `durum`, `bg`, `baslik`, `spot`, `logo`, `ebulten`, `sosyal`, `tarih_durum`, `tarih`, `font_select`, `iletisim`, `tel`, `eposta`, `whatsapp`, `adres`) VALUES
(1, '0', '', 'Mağazamız Yakında Açılıyor', 'Size daha iyi hizmet ve deneyim sunabilmek için çalışıyoruz.', '77435-465-BUSinessLogo.svg', '1', '1', '1', '2023-03-31', 'Poppins', '1', '0850 346 4062', 'info@wisesoft.com.tr', '0850 346 4062', 'İzmir');

-- --------------------------------------------------------

--
-- Tablo için tablo yapısı `bankalar`
--

CREATE TABLE `bankalar` (
  `id` int(11) NOT NULL,
  `banka_adi` varchar(222) DEFAULT NULL,
  `gorsel` text DEFAULT NULL,
  `hesap_sahibi` text DEFAULT NULL,
  `hesap_sube` varchar(222) DEFAULT NULL,
  `hesap_no` varchar(222) DEFAULT NULL,
  `hesap_iban` text DEFAULT NULL,
  `durum` varchar(2) DEFAULT NULL,
  `sira` int(11) DEFAULT NULL,
  `doviz` varchar(22) DEFAULT NULL
) ENGINE=InnoDB DEFAULT CHARSET=utf8;

-- --------------------------------------------------------

--
-- Tablo için tablo yapısı `bildirimler`
--

CREATE TABLE `bildirimler` (
  `id` int(11) NOT NULL,
  `uye_id` varchar(22) DEFAULT NULL,
  `bildirim_id` varchar(22) DEFAULT NULL,
  `ikon` varchar(22) DEFAULT NULL,
  `baslik` varchar(222) DEFAULT NULL,
  `icerik` text DEFAULT NULL,
  `tarih` varchar(22) DEFAULT NULL,
  `tur` varchar(2) DEFAULT NULL,
  `durum` varchar(2) DEFAULT NULL,
  `dil` varchar(22) DEFAULT NULL
) ENGINE=InnoDB DEFAULT CHARSET=utf8;

--
-- Tablo döküm verisi `bildirimler`
--

INSERT INTO `bildirimler` (`id`, `uye_id`, `bildirim_id`, `ikon`, `baslik`, `icerik`, `tarih`, `tur`, `durum`, `dil`) VALUES
(4, '11', '4762211980', '&#128722', 'Siparişiniz Başarıyla Oluşturuldu', 'Sayın Evren Erkan, <br><br> #334882359366 numaralı siparişiniz başarıyla bize ulaştı. Havale/EFT yöntemi ile satın aldığınız için  siparişin onaylanması adına tarafımıza lütfen siparişin toplam tutarını transfer ediniz. <br><br> Ayrıca siparişinizin durumunu siparişlerim sayfasından kontrol edebilirsiniz. ', '2023-03-03 23:44:24', '2', '1', 'tr'),
(5, '11', '6122741974', '&#128722', 'Siparişiniz Başarıyla Oluşturuldu', 'Sayın Evren Erkan, <br><br> #126640236584 numaralı siparişiniz başarıyla bize ulaştı. Havale/EFT yöntemi ile satın aldığınız için  siparişin onaylanması adına tarafımıza lütfen siparişin toplam tutarını transfer ediniz. <br><br> Ayrıca siparişinizin durumunu siparişlerim sayfasından kontrol edebilirsiniz. ', '2023-03-03 23:46:05', '2', '1', 'tr'),
(6, '12', '1515541739', '&#128722', 'Siparişiniz Başarıyla Oluşturuldu', 'Sayın kıvanç erkan, <br><br> #728180198112 numaralı siparişiniz başarıyla bize ulaştı. Havale/EFT yöntemi ile satın aldığınız için  siparişin onaylanması adına tarafımıza lütfen siparişin toplam tutarını transfer ediniz. <br><br> Ayrıca siparişinizin durumunu siparişlerim sayfasından kontrol edebilirsiniz. ', '2023-03-05 2:10:31', '2', '1', 'tr'),
(7, '12', '2126259760', NULL, 'Hesabınıza İndirim Kuponu Tanımlandı!', 'Sayın kıvanç erkan, <br><br> Üyeliğinize yeni bir indirim kuponu tanımlanmıştır. İndirim Kuponlarım sayfasına girerek detayları görüntüleyebilirsiniz.<br><br>İndirim Kuponunuzun adı : <strong>Üye Tutar</strong>', '2023-03-16 8:08:01', '2', '1', 'tr'),
(8, '11', '8239451699', NULL, 'Hesabınıza İndirim Kuponu Tanımlandı!', 'Sayın Evren Erkan, <br><br> Üyeliğinize yeni bir indirim kuponu tanımlanmıştır. İndirim Kuponlarım sayfasına girerek detayları görüntüleyebilirsiniz.<br><br>İndirim Kuponunuzun adı : <strong>Üye Oran</strong>', '2023-03-16 8:08:10', '2', '1', 'tr'),
(9, '11', '6291523561', '&#128722', 'Siparişiniz Başarıyla Oluşturuldu', 'Sayın Evren Erkan, <br><br> #922760708299 numaralı siparişiniz başarıyla bize ulaştı. Havale/EFT yöntemi ile satın aldığınız için  siparişin onaylanması adına tarafımıza lütfen siparişin toplam tutarını transfer ediniz. <br><br> Ayrıca siparişinizin durumunu siparişlerim sayfasından kontrol edebilirsiniz. ', '2023-03-21 4:53:23', '2', '1', 'tr');

-- --------------------------------------------------------

--
-- Tablo için tablo yapısı `bildirimler_ayar`
--

CREATE TABLE `bildirimler_ayar` (
  `id` int(11) NOT NULL,
  `durum` varchar(2) DEFAULT NULL,
  `tur` varchar(2) DEFAULT NULL,
  `meta_desc` text DEFAULT NULL,
  `tags` text DEFAULT NULL,
  `detay_bg` varchar(22) DEFAULT NULL,
  `font_select` text DEFAULT NULL
) ENGINE=InnoDB DEFAULT CHARSET=utf8;

--
-- Tablo döküm verisi `bildirimler_ayar`
--

INSERT INTO `bildirimler_ayar` (`id`, `durum`, `tur`, `meta_desc`, `tags`, `detay_bg`, `font_select`) VALUES
(1, '1', '0', 'Business v6.5 Yayınlandı!', 'business,v6.5 yayınlandı', 'ffffff', 'Poppins');

-- --------------------------------------------------------

--
-- Tablo için tablo yapısı `bildirimler_ip`
--

CREATE TABLE `bildirimler_ip` (
  `id` int(11) NOT NULL,
  `bildirim_id` varchar(22) DEFAULT NULL,
  `ip_adres` varchar(22) DEFAULT NULL,
  `uye_id` varchar(22) DEFAULT NULL
) ENGINE=InnoDB DEFAULT CHARSET=utf8;

--
-- Tablo döküm verisi `bildirimler_ip`
--

INSERT INTO `bildirimler_ip` (`id`, `bildirim_id`, `ip_adres`, `uye_id`) VALUES
(1, '9311621598', '', '11'),
(2, '878366579', '', '11'),
(3, '691514927', NULL, '11'),
(4, '8239451699', NULL, '11');

-- --------------------------------------------------------

--
-- Tablo için tablo yapısı `blog`
--

CREATE TABLE `blog` (
  `id` int(11) NOT NULL,
  `baslik` varchar(222) DEFAULT NULL,
  `gorsel` text DEFAULT NULL,
  `icerik` text DEFAULT NULL,
  `anasayfa` varchar(2) DEFAULT NULL,
  `tags` text DEFAULT NULL,
  `meta_desc` text DEFAULT NULL,
  `hit` int(11) DEFAULT 0,
  `tarih` date DEFAULT NULL,
  `saat` time DEFAULT NULL,
  `dil` varchar(22) DEFAULT NULL,
  `durum` varchar(2) DEFAULT NULL,
  `seo_url` varchar(222) DEFAULT NULL,
  `seo_baslik` varchar(222) DEFAULT NULL,
  `kat` varchar(222) DEFAULT NULL
) ENGINE=InnoDB DEFAULT CHARSET=utf8;

-- --------------------------------------------------------

--
-- Tablo için tablo yapısı `blog_ayar`
--

CREATE TABLE `blog_ayar` (
  `id` int(11) NOT NULL,
  `padding` varchar(22) DEFAULT NULL,
  `margin` varchar(22) DEFAULT NULL,
  `baslik_renk` varchar(222) DEFAULT NULL,
  `spot_renk` varchar(22) DEFAULT NULL,
  `tags` text DEFAULT NULL,
  `meta_desc` text DEFAULT NULL,
  `blog_limit` varchar(22) DEFAULT NULL,
  `bg_tip` varchar(22) DEFAULT NULL,
  `bg_color` varchar(22) DEFAULT NULL,
  `bg_image` text DEFAULT NULL,
  `bg_durum` varchar(22) DEFAULT NULL,
  `bg_dark` varchar(22) DEFAULT NULL,
  `baslik_font` varchar(222) DEFAULT NULL,
  `tumu_buton` varchar(222) DEFAULT NULL,
  `baslik_space` varchar(22) DEFAULT NULL,
  `kutu_baslik_renk` varchar(22) DEFAULT NULL,
  `kutu_tarih_renk` varchar(22) DEFAULT NULL,
  `kutu_spot_renk` varchar(22) DEFAULT NULL,
  `kutu_more_renk` varchar(22) DEFAULT NULL,
  `kutu_bg` varchar(22) DEFAULT NULL,
  `okunma` varchar(2) DEFAULT NULL,
  `blogayar_border` varchar(22) DEFAULT NULL,
  `detay_bg_color` varchar(22) DEFAULT NULL,
  `blog_baslik_tip` varchar(2) DEFAULT NULL,
  `blog_baslik_bg` varchar(22) DEFAULT NULL,
  `blog_baslik_cizgi` varchar(22) DEFAULT NULL,
  `detay_kategoriler` varchar(2) DEFAULT NULL,
  `list_kategoriler` varchar(2) DEFAULT NULL,
  `detay_hits` varchar(2) DEFAULT NULL
) ENGINE=InnoDB DEFAULT CHARSET=utf8;

--
-- Tablo döküm verisi `blog_ayar`
--

INSERT INTO `blog_ayar` (`id`, `padding`, `margin`, `baslik_renk`, `spot_renk`, `tags`, `meta_desc`, `blog_limit`, `bg_tip`, `bg_color`, `bg_image`, `bg_durum`, `bg_dark`, `baslik_font`, `tumu_buton`, `baslik_space`, `kutu_baslik_renk`, `kutu_tarih_renk`, `kutu_spot_renk`, `kutu_more_renk`, `kutu_bg`, `okunma`, `blogayar_border`, `detay_bg_color`, `blog_baslik_tip`, `blog_baslik_bg`, `blog_baslik_cizgi`, `detay_kategoriler`, `list_kategoriler`, `detay_hits`) VALUES
(1, '35', '0', '000000', '292929', '1,2', 'asd', '4', '1', 'ffffff', '', '0', '0', 'Open Sans', 'button-black-out', 'lspacsmall', '000000', '000000', '666666', '000000', 'ffffff', '1', 'ffffff', 'ffffff', '1', 'ffffff', 'd9d9d9', '1', '1', '1');

-- --------------------------------------------------------

--
-- Tablo için tablo yapısı `blog_kat`
--

CREATE TABLE `blog_kat` (
  `id` int(11) NOT NULL,
  `baslik` varchar(222) DEFAULT NULL,
  `dil` varchar(22) DEFAULT NULL,
  `durum` varchar(2) DEFAULT NULL,
  `sira` int(11) DEFAULT NULL,
  `seo_url` varchar(222) DEFAULT NULL,
  `tags` text DEFAULT NULL,
  `meta_desc` text DEFAULT NULL,
  `seo_baslik` varchar(222) DEFAULT NULL
) ENGINE=InnoDB DEFAULT CHARSET=utf8;

-- --------------------------------------------------------

--
-- Tablo için tablo yapısı `cache`
--

CREATE TABLE `cache` (
  `id` int(11) NOT NULL,
  `secenek_vitrin` varchar(2) DEFAULT NULL,
  `secenek_vitrin_zaman` varchar(22) DEFAULT NULL,
  `vitrin1` varchar(2) DEFAULT NULL,
  `vitrin1_zaman` varchar(5) DEFAULT NULL,
  `headermenu` varchar(2) DEFAULT NULL,
  `headermenu_zaman` varchar(22) DEFAULT NULL,
  `marka` varchar(2) DEFAULT NULL,
  `marka_zaman` varchar(22) DEFAULT NULL,
  `footer` varchar(2) DEFAULT NULL,
  `footer_zaman` varchar(22) DEFAULT NULL,
  `tkutu` varchar(2) DEFAULT NULL,
  `tkutu_zaman` varchar(22) DEFAULT NULL,
  `resimli_vitrin` varchar(2) DEFAULT NULL,
  `resimli_vitrin_zaman` varchar(3) DEFAULT NULL,
  `resimli_vitrin_2` varchar(2) DEFAULT NULL,
  `resimli_vitrin_2_zaman` varchar(22) DEFAULT NULL,
  `slider` varchar(1) DEFAULT NULL,
  `slider_zaman` varchar(22) DEFAULT NULL,
  `slider_orta` varchar(1) DEFAULT NULL,
  `slider_orta_zaman` varchar(22) DEFAULT NULL
) ENGINE=InnoDB DEFAULT CHARSET=utf8;

--
-- Tablo döküm verisi `cache`
--

INSERT INTO `cache` (`id`, `secenek_vitrin`, `secenek_vitrin_zaman`, `vitrin1`, `vitrin1_zaman`, `headermenu`, `headermenu_zaman`, `marka`, `marka_zaman`, `footer`, `footer_zaman`, `tkutu`, `tkutu_zaman`, `resimli_vitrin`, `resimli_vitrin_zaman`, `resimli_vitrin_2`, `resimli_vitrin_2_zaman`, `slider`, `slider_zaman`, `slider_orta`, `slider_orta_zaman`) VALUES
(1, '0', '1000', '0', '1000', '0', '1000', '0', '200', '0', '1000', '0', '200', '0', '200', '0', '200', '0', '200', '0', '200');

-- --------------------------------------------------------

--
-- Tablo için tablo yapısı `calisma_saatleri`
--

CREATE TABLE `calisma_saatleri` (
  `id` int(11) NOT NULL,
  `icerik` text DEFAULT NULL,
  `dil` varchar(22) DEFAULT NULL
) ENGINE=InnoDB DEFAULT CHARSET=utf8;

--
-- Tablo döküm verisi `calisma_saatleri`
--

INSERT INTO `calisma_saatleri` (`id`, `icerik`, `dil`) VALUES
(1, '<p><span style=\"font-size: 14px;\">P.Tesi - Cuma : ## - ##</span><br /><span style=\"font-size: 14px;\">C.Tesi : Kapalı</span><br /><span style=\"font-size: 14px;\">Pazar : Kapalı</span></p>', 'tr'),
(3, '', 'en');

-- --------------------------------------------------------

--
-- Tablo için tablo yapısı `canli_yayin`
--

CREATE TABLE `canli_yayin` (
  `id` int(11) NOT NULL,
  `yayin_adi` text DEFAULT NULL,
  `yayin_aciklama` text CHARACTER SET utf8 COLLATE utf8_turkish_ci DEFAULT NULL,
  `youtube_video_id` text CHARACTER SET utf8 COLLATE utf8_turkish_ci DEFAULT NULL,
  `kapak_gorseli` varchar(100) DEFAULT NULL,
  `kucuk_kapak_gorseli` varchar(100) DEFAULT NULL,
  `yayin_sohbet` int(1) DEFAULT 0,
  `yayin_durumu` int(1) DEFAULT 0,
  `yayin_kaydi` int(1) DEFAULT NULL,
  `kayit_durumu` int(1) DEFAULT 0,
  `yayin_urunler` varchar(111) CHARACTER SET utf8 COLLATE utf8_turkish_ci DEFAULT NULL,
  `yayin_tarihi` text CHARACTER SET latin1 DEFAULT NULL
) ENGINE=InnoDB DEFAULT CHARSET=utf8mb4;

--
-- Tablo döküm verisi `canli_yayin`
--

INSERT INTO `canli_yayin` (`id`, `yayin_adi`, `yayin_aciklama`, `youtube_video_id`, `kapak_gorseli`, `kucuk_kapak_gorseli`, `yayin_sohbet`, `yayin_durumu`, `yayin_kaydi`, `kayit_durumu`, `yayin_urunler`, `yayin_tarihi`) VALUES
(10, 'Deneme', 'Deneme', 'r2ZgRoX2orE', 'livestream_image_1665297162450.jpg', 'livestream_image_1665297162450_1.jpg', 1, 1, 1, 1, '669,691,', '01.03.2023');

-- --------------------------------------------------------

--
-- Tablo için tablo yapısı `canli_yayin_mesajlar`
--

CREATE TABLE `canli_yayin_mesajlar` (
  `mesaj_id` int(11) NOT NULL,
  `gonderen_id` int(11) DEFAULT NULL,
  `yayin_id` int(11) DEFAULT NULL,
  `mesaj` varchar(255) DEFAULT NULL,
  `mesaj_ekleme_tarih` text DEFAULT NULL,
  `gorunurluk` int(1) DEFAULT 1
) ENGINE=InnoDB DEFAULT CHARSET=utf8mb4;

-- --------------------------------------------------------

--
-- Tablo için tablo yapısı `canli_yayin_sohbet_yonetimi`
--

CREATE TABLE `canli_yayin_sohbet_yonetimi` (
  `id` int(11) NOT NULL,
  `yasakliKelimeler` varchar(1000) COLLATE utf8_turkish_ci DEFAULT NULL,
  `mesaj_suresi` int(2) DEFAULT 0,
  `sohbet_arkaplan` varchar(100) CHARACTER SET latin1 NOT NULL
) ENGINE=InnoDB DEFAULT CHARSET=utf8 COLLATE=utf8_turkish_ci;

--
-- Tablo döküm verisi `canli_yayin_sohbet_yonetimi`
--

INSERT INTO `canli_yayin_sohbet_yonetimi` (`id`, `yasakliKelimeler`, `mesaj_suresi`, `sohbet_arkaplan`) VALUES
(1, 'Evet, hayır', 7, 'chat-bg5.jpeg');

-- --------------------------------------------------------

--
-- Tablo için tablo yapısı `cerez_ayar`
--

CREATE TABLE `cerez_ayar` (
  `id` int(11) NOT NULL,
  `durum` varchar(2) DEFAULT NULL,
  `dil` varchar(22) DEFAULT NULL,
  `spot` text DEFAULT NULL,
  `link` text DEFAULT NULL,
  `link_text` text DEFAULT NULL,
  `button_text` varchar(222) DEFAULT NULL,
  `button_bg` varchar(22) DEFAULT NULL,
  `button_text_color` varchar(22) DEFAULT NULL,
  `bg_color` varchar(22) DEFAULT NULL,
  `bg_text_color` varchar(22) DEFAULT NULL,
  `font` varchar(222) DEFAULT NULL,
  `border` varchar(22) DEFAULT NULL,
  `area` varchar(22) DEFAULT NULL
) ENGINE=InnoDB DEFAULT CHARSET=utf8;

--
-- Tablo döküm verisi `cerez_ayar`
--

INSERT INTO `cerez_ayar` (`id`, `durum`, `dil`, `spot`, `link`, `link_text`, `button_text`, `button_bg`, `button_text_color`, `bg_color`, `bg_text_color`, `font`, `border`, `area`) VALUES
(2, '1', 'tr', 'Deneyiminizi daha iyi hale getirmek için bu web sitesinde çerezleri kullanıyoruz. Devam ederek çerez kullanımımızı kabul etmiş oluyorsunuz', 'sayfa/gizlilik/', 'Gizlilik Sözleşmesini Okuyun', 'Kabul Ediyorum', '000000', 'ffffff', 'ffffff', '000000', 'Poppins', 'ffffff', 'bottom-right');

-- --------------------------------------------------------

--
-- Tablo için tablo yapısı `compare_ayar`
--

CREATE TABLE `compare_ayar` (
  `id` int(11) NOT NULL,
  `sayfa_bg` varchar(22) DEFAULT NULL,
  `sayfa_font` text DEFAULT NULL,
  `fiyat` varchar(2) DEFAULT NULL,
  `marka` varchar(2) DEFAULT NULL,
  `indirim` varchar(2) DEFAULT NULL,
  `kargo` varchar(2) DEFAULT NULL,
  `hizli` varchar(2) DEFAULT NULL,
  `stok` varchar(2) DEFAULT NULL,
  `taksit` varchar(2) DEFAULT NULL,
  `puan` varchar(2) DEFAULT NULL,
  `yeni` varchar(2) DEFAULT NULL,
  `firsat` varchar(2) DEFAULT NULL,
  `editor` varchar(2) DEFAULT NULL
) ENGINE=InnoDB DEFAULT CHARSET=utf8;

--
-- Tablo döküm verisi `compare_ayar`
--

INSERT INTO `compare_ayar` (`id`, `sayfa_bg`, `sayfa_font`, `fiyat`, `marka`, `indirim`, `kargo`, `hizli`, `stok`, `taksit`, `puan`, `yeni`, `firsat`, `editor`) VALUES
(1, 'f8f8f8', 'Poppins', '1', '1', '1', '1', '1', '1', '1', '1', '1', '1', '1');

-- --------------------------------------------------------

--
-- Tablo için tablo yapısı `depo`
--

CREATE TABLE `depo` (
  `id` int(11) NOT NULL,
  `durum` int(1) DEFAULT 0,
  `depo_adi` varchar(111) CHARACTER SET utf8 COLLATE utf8_turkish_ci NOT NULL,
  `depo_il` varchar(20) CHARACTER SET utf8 COLLATE utf8_turkish_ci NOT NULL,
  `depo_ilce` varchar(20) CHARACTER SET utf8 COLLATE utf8_turkish_ci NOT NULL,
  `teslimat_bolgeleri` text CHARACTER SET utf16 COLLATE utf16_turkish_ci DEFAULT NULL,
  `depo_adres` text CHARACTER SET utf8 COLLATE utf8_turkish_ci DEFAULT NULL,
  `acilis_saati` text DEFAULT NULL,
  `kapanis_saati` text DEFAULT NULL,
  `magazadan_teslimat` int(1) NOT NULL DEFAULT 0
) ENGINE=InnoDB DEFAULT CHARSET=latin1;

--
-- Tablo döküm verisi `depo`
--

INSERT INTO `depo` (`id`, `durum`, `depo_adi`, `depo_il`, `depo_ilce`, `teslimat_bolgeleri`, `depo_adres`, `acilis_saati`, `kapanis_saati`, `magazadan_teslimat`) VALUES
(2, 1, 'DEPO', '1', '1', '1', 'Demo Sk. No1', '11:11', '13:30', 1),
(4, 1, 'TEST', 'Adana', 'Aladağ', 'Yumurtalık,', 'test sk', '11:11', '11:11', 1);

-- --------------------------------------------------------

--
-- Tablo için tablo yapısı `depo_ayar`
--

CREATE TABLE `depo_ayar` (
  `id` int(1) NOT NULL DEFAULT 1,
  `depo_durum` int(1) NOT NULL,
  `teslimat_sec_ikon` varchar(7) DEFAULT NULL,
  `teslimat_sec_yazi_rengi` varchar(7) DEFAULT NULL,
  `popup_arkaplan_rengi` varchar(7) DEFAULT NULL,
  `popup_yazi_rengi` varchar(7) DEFAULT NULL
) ENGINE=InnoDB DEFAULT CHARSET=latin1;

--
-- Tablo döküm verisi `depo_ayar`
--

INSERT INTO `depo_ayar` (`id`, `depo_durum`, `teslimat_sec_ikon`, `teslimat_sec_yazi_rengi`, `popup_arkaplan_rengi`, `popup_yazi_rengi`) VALUES
(1, 1, '#000000', '#000000', '#ffffff', '#000000'),
(1, 1, '#000000', '#000000', '#ffffff', '#000000');

-- --------------------------------------------------------

--
-- Tablo için tablo yapısı `depo_transferler`
--

CREATE TABLE `depo_transferler` (
  `transfer_id` int(10) NOT NULL,
  `gonderen_depo` int(10) DEFAULT NULL,
  `alan_depo` int(10) DEFAULT NULL,
  `gonderilen_stok` int(10) DEFAULT NULL,
  `gonderilen_urun` int(10) DEFAULT NULL,
  `tarih` text DEFAULT NULL
) ENGINE=InnoDB DEFAULT CHARSET=latin1;

-- --------------------------------------------------------

--
-- Tablo için tablo yapısı `depo_urunler`
--

CREATE TABLE `depo_urunler` (
  `depo_urunler_id` int(11) NOT NULL,
  `urun_id` int(10) DEFAULT NULL,
  `depo_id` int(10) DEFAULT NULL,
  `depo_stok` int(10) DEFAULT NULL,
  `depo_fiyat` decimal(22,4) DEFAULT NULL,
  `depo_urunkodu` varchar(20) NOT NULL
) ENGINE=InnoDB DEFAULT CHARSET=utf8mb4;

--
-- Tablo döküm verisi `depo_urunler`
--

INSERT INTO `depo_urunler` (`depo_urunler_id`, `urun_id`, `depo_id`, `depo_stok`, `depo_fiyat`, `depo_urunkodu`) VALUES
(1, 684, 1, 1, 5.0000, 'U16H210'),
(2, 669, 1, 1, 890.0000, 'I2B7BV6'),
(6, 691, 2, 2, 1.0000, 'CT5VQQ3'),
(7, 692, 2, 0, 32.0000, 'UFOS09L');

-- --------------------------------------------------------

--
-- Tablo için tablo yapısı `destek_talebi`
--

CREATE TABLE `destek_talebi` (
  `id` int(11) NOT NULL,
  `destek_no` varchar(22) DEFAULT NULL,
  `baslik` text DEFAULT NULL,
  `durum` varchar(2) DEFAULT NULL,
  `ilk_islem` varchar(22) DEFAULT NULL,
  `son_islem` varchar(22) DEFAULT NULL,
  `uye_id` varchar(22) DEFAULT NULL,
  `yeni` varchar(1) DEFAULT NULL,
  `siparis_no` varchar(22) DEFAULT NULL
) ENGINE=InnoDB DEFAULT CHARSET=utf8;

-- --------------------------------------------------------

--
-- Tablo için tablo yapısı `destek_talep_mesaj`
--

CREATE TABLE `destek_talep_mesaj` (
  `id` int(11) NOT NULL,
  `destek_no` varchar(22) DEFAULT NULL,
  `gonderen` varchar(2) DEFAULT NULL,
  `tarih` varchar(22) DEFAULT NULL,
  `mesaj` text DEFAULT NULL,
  `admin_isim` varchar(22) DEFAULT NULL
) ENGINE=InnoDB DEFAULT CHARSET=utf8;

-- --------------------------------------------------------

--
-- Tablo için tablo yapısı `detay_varyant`
--

CREATE TABLE `detay_varyant` (
  `id` int(11) NOT NULL,
  `baslik` varchar(222) DEFAULT NULL,
  `urun_id` varchar(22) DEFAULT NULL,
  `varyant_id` varchar(22) DEFAULT NULL,
  `sira` int(22) DEFAULT NULL,
  `tur` varchar(2) DEFAULT NULL,
  `zorunlu` varchar(2) DEFAULT NULL
) ENGINE=InnoDB DEFAULT CHARSET=utf8;

--
-- Tablo döküm verisi `detay_varyant`
--

INSERT INTO `detay_varyant` (`id`, `baslik`, `urun_id`, `varyant_id`, `sira`, `tur`, `zorunlu`) VALUES
(7, 'Selectbox', '669', '5', 1, '1', '0'),
(8, 'Text Area', '669', '4', 1, '2', '0'),
(10, 'Renk', '669', '1', 1, '3', '0');

-- --------------------------------------------------------

--
-- Tablo için tablo yapısı `detay_varyant_ozellik`
--

CREATE TABLE `detay_varyant_ozellik` (
  `id` int(11) NOT NULL,
  `baslik` varchar(222) DEFAULT NULL,
  `ozellik_id` varchar(22) DEFAULT NULL,
  `urun_id` varchar(22) DEFAULT NULL,
  `varyant_id` varchar(22) DEFAULT NULL,
  `ek_fiyat` decimal(22,4) DEFAULT NULL,
  `gorsel` varchar(222) DEFAULT NULL,
  `fiyat_goster` varchar(1) DEFAULT NULL,
  `gorsel_w` varchar(11) DEFAULT NULL,
  `gorsel_h` varchar(11) DEFAULT NULL,
  `disable` varchar(1) DEFAULT NULL,
  `disable_t` varchar(222) DEFAULT NULL,
  `tarih_bugun` varchar(1) DEFAULT NULL,
  `tarih_yil` varchar(1) DEFAULT NULL
) ENGINE=InnoDB DEFAULT CHARSET=utf8;

--
-- Tablo döküm verisi `detay_varyant_ozellik`
--

INSERT INTO `detay_varyant_ozellik` (`id`, `baslik`, `ozellik_id`, `urun_id`, `varyant_id`, `ek_fiyat`, `gorsel`, `fiyat_goster`, `gorsel_w`, `gorsel_h`, `disable`, `disable_t`, `tarih_bugun`, `tarih_yil`) VALUES
(14, 'Selectbox2', '11', '669', '5', 0.0000, NULL, '0', '', '', NULL, NULL, '0', '0'),
(15, 'Text Area', '10', '669', '4', 0.0000, NULL, '0', '', '', NULL, NULL, '0', '0'),
(17, 'Kırmızı', '1', '669', '1', 0.0000, NULL, '0', '', '', NULL, NULL, '0', '0');

-- --------------------------------------------------------

--
-- Tablo için tablo yapısı `detay_varyant_stok`
--

CREATE TABLE `detay_varyant_stok` (
  `id` int(11) NOT NULL,
  `varyant` varchar(22) DEFAULT NULL,
  `urun_id` varchar(22) DEFAULT NULL,
  `stok` varchar(22) NOT NULL,
  `stok_kodu` varchar(22) DEFAULT NULL
) ENGINE=InnoDB DEFAULT CHARSET=utf8;

-- --------------------------------------------------------

--
-- Tablo için tablo yapısı `dil`
--

CREATE TABLE `dil` (
  `id` int(11) NOT NULL,
  `baslik` varchar(22) DEFAULT NULL,
  `kisa_ad` varchar(10) DEFAULT NULL,
  `sira` int(11) DEFAULT NULL,
  `flag` varchar(222) DEFAULT NULL,
  `varsayilan` varchar(22) DEFAULT NULL,
  `area` varchar(22) DEFAULT NULL,
  `durum` varchar(2) DEFAULT NULL
) ENGINE=InnoDB DEFAULT CHARSET=utf8;

--
-- Tablo döküm verisi `dil`
--

INSERT INTO `dil` (`id`, `baslik`, `kisa_ad`, `sira`, `flag`, `varsayilan`, `area`, `durum`) VALUES
(20, 'Türkçe', 'tr', 1, 'tr', '1', 'ltr', '1'),
(55, 'English', 'us', 2, 'us', '0', 'ltr', '1'),
(56, 'Deutsche', 'de', 3, 'de', '0', 'ltr', '1');

-- --------------------------------------------------------

--
-- Tablo için tablo yapısı `ebulten`
--

CREATE TABLE `ebulten` (
  `id` int(11) NOT NULL,
  `eposta` varchar(222) DEFAULT NULL,
  `tarih` varchar(222) DEFAULT NULL,
  `xml_id` varchar(11) DEFAULT NULL
) ENGINE=InnoDB DEFAULT CHARSET=utf8;

--
-- Tablo döküm verisi `ebulten`
--

INSERT INTO `ebulten` (`id`, `eposta`, `tarih`, `xml_id`) VALUES
(74, 'As@as.com', '2023-01-04 20:51:39', ''),
(75, 'marlbro35@gmail.com', '2023-01-24 19:25:19', '');

-- --------------------------------------------------------

--
-- Tablo için tablo yapısı `ebulten_ayar`
--

CREATE TABLE `ebulten_ayar` (
  `id` int(11) NOT NULL,
  `baslik_renk` varchar(22) DEFAULT NULL,
  `spot_renk` varchar(22) DEFAULT NULL,
  `padding` varchar(22) DEFAULT NULL,
  `margin` varchar(22) DEFAULT NULL,
  `bg_tip` varchar(22) DEFAULT NULL,
  `bg_color` varchar(22) DEFAULT NULL,
  `bg_image` text DEFAULT NULL,
  `bg_durum` varchar(22) DEFAULT NULL,
  `bg_dark` varchar(22) DEFAULT NULL,
  `baslik_font` varchar(222) DEFAULT NULL,
  `input_bg` varchar(22) DEFAULT NULL,
  `input_border` varchar(22) DEFAULT NULL,
  `input_yazi_renk` varchar(22) DEFAULT NULL,
  `input_button_yazi` varchar(22) DEFAULT NULL,
  `ebulten_border` varchar(22) DEFAULT NULL
) ENGINE=InnoDB DEFAULT CHARSET=utf8;

--
-- Tablo döküm verisi `ebulten_ayar`
--

INSERT INTO `ebulten_ayar` (`id`, `baslik_renk`, `spot_renk`, `padding`, `margin`, `bg_tip`, `bg_color`, `bg_image`, `bg_durum`, `bg_dark`, `baslik_font`, `input_bg`, `input_border`, `input_yazi_renk`, `input_button_yazi`, `ebulten_border`) VALUES
(1, 'ffffff', 'ebebeb', '50', '0', '0', 'f9f9f9', '47684-882-slider_slayt90406063301403.jpg', '1', '1', 'Roboto Condensed', 'ffffff', '000000', '000000', 'ffffff', 'ebebeb');

-- --------------------------------------------------------

--
-- Tablo için tablo yapısı `eposta_import`
--

CREATE TABLE `eposta_import` (
  `id` int(11) NOT NULL,
  `baslik` varchar(222) DEFAULT NULL,
  `dosya` varchar(222) DEFAULT NULL,
  `durum` varchar(1) DEFAULT NULL,
  `tarih` datetime DEFAULT NULL
) ENGINE=InnoDB DEFAULT CHARSET=utf8;

-- --------------------------------------------------------

--
-- Tablo için tablo yapısı `eposta_tema`
--

CREATE TABLE `eposta_tema` (
  `id` int(11) NOT NULL,
  `arkaplan` varchar(22) DEFAULT NULL,
  `ana_div` varchar(22) DEFAULT NULL,
  `ana_div_baslik_weight` varchar(22) DEFAULT NULL,
  `ana_div_baslik_size` varchar(22) DEFAULT NULL,
  `ana_div_baslik_color` varchar(22) DEFAULT NULL,
  `ana_div_font_size` varchar(22) DEFAULT NULL,
  `ana_div_width` varchar(22) DEFAULT NULL,
  `ana_div_text` varchar(22) DEFAULT NULL,
  `ana_div_a_color` varchar(22) DEFAULT NULL,
  `ana_div_radius` varchar(222) DEFAULT NULL,
  `ana_div_border_size` varchar(22) DEFAULT NULL,
  `ana_div_border` varchar(22) DEFAULT NULL,
  `ana_div_in_border` varchar(22) DEFAULT NULL,
  `ana_div_padding` varchar(222) DEFAULT NULL,
  `imza_bg` varchar(22) DEFAULT NULL,
  `imza_border_radius` varchar(222) DEFAULT NULL,
  `imza_border_size` varchar(22) DEFAULT NULL,
  `imza_border` varchar(22) DEFAULT NULL,
  `imza_text` varchar(22) DEFAULT NULL,
  `imza_font_size` varchar(22) DEFAULT NULL,
  `font_select` varchar(222) DEFAULT NULL,
  `imza_icerik` text DEFAULT NULL
) ENGINE=InnoDB DEFAULT CHARSET=utf8;

--
-- Tablo döküm verisi `eposta_tema`
--

INSERT INTO `eposta_tema` (`id`, `arkaplan`, `ana_div`, `ana_div_baslik_weight`, `ana_div_baslik_size`, `ana_div_baslik_color`, `ana_div_font_size`, `ana_div_width`, `ana_div_text`, `ana_div_a_color`, `ana_div_radius`, `ana_div_border_size`, `ana_div_border`, `ana_div_in_border`, `ana_div_padding`, `imza_bg`, `imza_border_radius`, `imza_border_size`, `imza_border`, `imza_text`, `imza_font_size`, `font_select`, `imza_icerik`) VALUES
(1, 'ebebeb', 'ffffff', '600', '20', '000000', '13', '500', '333333', '35ac19', '0', '1', 'ebebeb', 'ebebeb', '35px 25px 55px 25px', 'f8f8f8', '0', '1', 'ebebeb', '000000', '12', 'Open Sans', '<p style=\"text-align: center; font-size: 16px;\"><strong>SOSYAL MEDYA HESAPLARIMIZ</strong></p>\n\n<p style=\"text-align: center;\"><img src=\"https://i.ibb.co/m6kZg7c/instagram.png\" alt=\"\" width=\"32\" height=\"32\" />&nbsp;<img src=\"https://i.ibb.co/kSnjstD/twitter.png\" alt=\"\" width=\"32\" height=\"32\" />&nbsp;<img src=\"https://i.ibb.co/484B6tT/youtube.png\" alt=\"\" width=\"32\" height=\"32\" /></p>\n\n<p style=\"text-align: center;\">---------</p>');

-- --------------------------------------------------------

--
-- Tablo için tablo yapısı `filigran`
--

CREATE TABLE `filigran` (
  `id` int(11) NOT NULL,
  `durum` varchar(11) DEFAULT NULL,
  `watermark_file` mediumtext NOT NULL DEFAULT 'watermark.png',
  `default_watermark_file` mediumtext NOT NULL,
  `opacity` int(11) NOT NULL DEFAULT 20
) ENGINE=InnoDB DEFAULT CHARSET=utf8;

--
-- Tablo döküm verisi `filigran`
--

INSERT INTO `filigran` (`id`, `durum`, `watermark_file`, `default_watermark_file`, `opacity`) VALUES
(1, '0', 'original_89984-211-Filigran_1.png', 'original_89984-211-Filigran.png', 100);

-- --------------------------------------------------------

--
-- Tablo için tablo yapısı `filtre_ozellik`
--

CREATE TABLE `filtre_ozellik` (
  `id` int(11) NOT NULL,
  `baslik` varchar(222) DEFAULT NULL,
  `kisa_baslik` varchar(222) DEFAULT NULL,
  `grup_id` varchar(22) DEFAULT NULL,
  `ozellik_id` varchar(22) DEFAULT NULL,
  `urun_id` varchar(22) DEFAULT NULL,
  `sira` int(11) DEFAULT NULL,
  `kat_id` text DEFAULT NULL,
  `filtre` varchar(1) DEFAULT NULL,
  `kontrol` varchar(11) DEFAULT NULL,
  `random` varchar(11) DEFAULT NULL
) ENGINE=InnoDB DEFAULT CHARSET=utf8;

-- --------------------------------------------------------

--
-- Tablo için tablo yapısı `filtre_ozellik_grup`
--

CREATE TABLE `filtre_ozellik_grup` (
  `id` int(11) NOT NULL,
  `urun_id` varchar(22) DEFAULT NULL,
  `baslik` varchar(222) DEFAULT NULL,
  `real_grup_id` varchar(222) DEFAULT NULL,
  `kat_id` text DEFAULT NULL,
  `durum` varchar(2) DEFAULT NULL,
  `dil` varchar(22) DEFAULT NULL,
  `sira` int(2) DEFAULT NULL,
  `kontrol` varchar(11) DEFAULT NULL,
  `random` varchar(11) DEFAULT NULL
) ENGINE=InnoDB DEFAULT CHARSET=utf8;

-- --------------------------------------------------------

--
-- Tablo için tablo yapısı `fontlar`
--

CREATE TABLE `fontlar` (
  `id` int(11) NOT NULL,
  `kod` text DEFAULT NULL,
  `font_adi` text DEFAULT NULL,
  `sira` int(11) DEFAULT NULL,
  `durum` varchar(2) DEFAULT NULL
) ENGINE=InnoDB DEFAULT CHARSET=utf8;

--
-- Tablo döküm verisi `fontlar`
--

INSERT INTO `fontlar` (`id`, `kod`, `font_adi`, `sira`, `durum`) VALUES
(1, 'https://fonts.googleapis.com/css?family=Open+Sans:300,400,600,700,800', 'Open Sans', 1, '1'),
(3, 'https://fonts.googleapis.com/css?family=Poppins:100,100i,200,200i,300,300i,400,400i,500,500i,600,600i,700,700i,800,800i,900,900i&display=swap', 'Poppins', 2, '1'),
(5, 'https://fonts.googleapis.com/css?family=Roboto+Condensed:300,300i,400,400i,700,700i&display=swap', 'Roboto Condensed', 5, '1'),
(12, 'https://fonts.googleapis.com/css2?family=Orbitron:wght@400;500;600;700;800;900&display=swap', 'Orbitron', 1, '1');

-- --------------------------------------------------------

--
-- Tablo için tablo yapısı `footer_ayar`
--

CREATE TABLE `footer_ayar` (
  `id` int(11) NOT NULL,
  `margin` varchar(22) DEFAULT NULL,
  `padding` varchar(22) DEFAULT NULL,
  `ana_renk` varchar(22) DEFAULT NULL,
  `alt_renk` varchar(22) DEFAULT NULL,
  `bg_tip` varchar(22) DEFAULT NULL,
  `bg_color` varchar(22) DEFAULT NULL,
  `bg_image` text DEFAULT NULL,
  `bg_durum` varchar(22) DEFAULT NULL,
  `bg_dark` varchar(22) DEFAULT NULL,
  `baslik_font` varchar(222) DEFAULT NULL,
  `gorsel` text DEFAULT NULL,
  `footer_border` varchar(22) DEFAULT NULL,
  `footer_html` text DEFAULT NULL,
  `sosyal` varchar(2) DEFAULT NULL,
  `footer_logo` varchar(222) DEFAULT NULL
) ENGINE=InnoDB DEFAULT CHARSET=utf8;

--
-- Tablo döküm verisi `footer_ayar`
--

INSERT INTO `footer_ayar` (`id`, `margin`, `padding`, `ana_renk`, `alt_renk`, `bg_tip`, `bg_color`, `bg_image`, `bg_durum`, `bg_dark`, `baslik_font`, `gorsel`, `footer_border`, `footer_html`, `sosyal`, `footer_logo`) VALUES
(1, '0', '50', '000000', '000000', '1', 'ffffff', '', '1', '0', 'Open Sans', '', 'ffffff', '<p><img src=\"../i/uploads/9206009523817ios.png\" alt=\"\" width=\"120\" height=\"36\" /> <img src=\"../i/uploads/android.png\" alt=\"android\" width=\"120\" height=\"36\" /></p>\n\n<p><img src=\"https://parlementkozmetik.com/resim/kartt.png\" alt=\"Parlement Kozmetik &Uuml;r&uuml;nleri\" width=\"242\" height=\"46\" /></p>', '1', '64874-539-BUSinessLogo.svg');

-- --------------------------------------------------------

--
-- Tablo için tablo yapısı `footer_link`
--

CREATE TABLE `footer_link` (
  `id` int(11) NOT NULL,
  `baslik` varchar(222) DEFAULT NULL,
  `durum` varchar(2) DEFAULT NULL,
  `dil` varchar(22) DEFAULT NULL,
  `ust_id` varchar(22) DEFAULT NULL,
  `url_tur` varchar(1) DEFAULT NULL,
  `url_adres` text DEFAULT NULL,
  `ikon` text DEFAULT NULL,
  `sira` int(11) DEFAULT NULL,
  `yeni_sekme` varchar(2) DEFAULT NULL
) ENGINE=InnoDB DEFAULT CHARSET=utf8;

--
-- Tablo döküm verisi `footer_link`
--

INSERT INTO `footer_link` (`id`, `baslik`, `durum`, `dil`, `ust_id`, `url_tur`, `url_adres`, `ikon`, `sira`, `yeni_sekme`) VALUES
(14, 'BAĞLANTILAR', '1', 'tr', '0', '', '', '', 2, ''),
(15, 'Hakkımızda', '1', 'tr', '14', '1', 'sayfa/hakkimizda/', '', 1, '0'),
(25, 'Yardım', '1', 'tr', '14', '1', 'sss/', '', 2, '0'),
(26, 'Bize Ulaşın', '1', 'tr', '14', '1', 'sss/', '', 8, '0'),
(27, 'Tüm Hizmetlerimiz', '1', 'tr', '14', '1', 'hizmetler/', '', 3, '0'),
(28, 'Blog Yazıları', '1', 'tr', '14', '1', 'bloglar/', '', 4, '0'),
(30, 'KATEGORİLER', '1', 'tr', '0', '', '', '', 3, ''),
(34, 'KURUMSAL', '1', 'tr', '0', '', '', '', 1, ''),
(39, 'BİZE ULAŞIN', '1', 'tr', '0', '', '', 'las la-headset', 4, ''),
(40, '50xxxxxxxxx', '1', 'tr', '39', '2', '', 'las la-phone', 1, '0'),
(41, 'info@site.com', '1', 'tr', '39', '2', '', 'las la-envelope', 2, '0');

-- --------------------------------------------------------

--
-- Tablo için tablo yapısı `footer_telif`
--

CREATE TABLE `footer_telif` (
  `id` int(11) NOT NULL,
  `icerik` text DEFAULT NULL,
  `dil` varchar(11) DEFAULT NULL
) ENGINE=InnoDB DEFAULT CHARSET=utf8;

--
-- Tablo döküm verisi `footer_telif`
--

INSERT INTO `footer_telif` (`id`, `icerik`, `dil`) VALUES
(1, 'Sitemizin tüm hakları saklıdır. Sistemin kopyalanması ve çoğaltılması durumunda şahıslar tespit edilip tüm yasal işlemler başlatılır', 'en'),
(2, 'Business E-Ticaret Her Hakkı Saklıdır.', 'tr');

-- --------------------------------------------------------

--
-- Tablo için tablo yapısı `galeri_ayar`
--

CREATE TABLE `galeri_ayar` (
  `id` int(11) NOT NULL,
  `width` varchar(2) DEFAULT NULL,
  `padding` varchar(22) DEFAULT NULL,
  `galeri_limit` varchar(2) DEFAULT NULL,
  `tags` text DEFAULT NULL,
  `meta_desc` text DEFAULT NULL,
  `margin` varchar(22) DEFAULT NULL,
  `bg_tip` varchar(22) DEFAULT NULL,
  `bg_color` varchar(22) DEFAULT NULL,
  `bg_image` text DEFAULT NULL,
  `bg_durum` varchar(22) DEFAULT NULL,
  `bg_dark` varchar(22) DEFAULT NULL,
  `baslik_font` text DEFAULT NULL,
  `baslik_space` varchar(22) DEFAULT NULL,
  `galeri_tip` varchar(2) DEFAULT NULL,
  `galeri_id` varchar(22) DEFAULT NULL,
  `icon` varchar(222) DEFAULT NULL,
  `galeriayar_border` varchar(22) DEFAULT NULL,
  `detay_bg` varchar(22) DEFAULT NULL
) ENGINE=InnoDB DEFAULT CHARSET=utf8;

--
-- Tablo döküm verisi `galeri_ayar`
--

INSERT INTO `galeri_ayar` (`id`, `width`, `padding`, `galeri_limit`, `tags`, `meta_desc`, `margin`, `bg_tip`, `bg_color`, `bg_image`, `bg_durum`, `bg_dark`, `baslik_font`, `baslik_space`, `galeri_tip`, `galeri_id`, `icon`, `galeriayar_border`, `detay_bg`) VALUES
(1, '1', '0', '5', 'Galeri,Fotoğraflar,Yeni Sezon Ürünleri', 'Yeni Sezon Ürünlerimiz', '0', '1', 'ffffff', '', '1', '1', 'Poppins', '', '1', '10', 'fa-search-plus', 'ffffff', 'ebebeb');

-- --------------------------------------------------------

--
-- Tablo için tablo yapısı `galeri_kat`
--

CREATE TABLE `galeri_kat` (
  `id` int(11) NOT NULL,
  `baslik` varchar(222) DEFAULT NULL,
  `tags` text DEFAULT NULL,
  `meta_desc` text DEFAULT NULL,
  `gorsel` text DEFAULT NULL,
  `anasayfa` varchar(2) DEFAULT NULL,
  `sira` int(5) DEFAULT NULL,
  `dil` varchar(22) DEFAULT NULL,
  `durum` varchar(2) DEFAULT NULL,
  `seo_url` text DEFAULT NULL,
  `seo_baslik` varchar(222) DEFAULT NULL,
  `tarih` datetime DEFAULT NULL
) ENGINE=InnoDB DEFAULT CHARSET=utf8;

--
-- Tablo döküm verisi `galeri_kat`
--

INSERT INTO `galeri_kat` (`id`, `baslik`, `tags`, `meta_desc`, `gorsel`, `anasayfa`, `sira`, `dil`, `durum`, `seo_url`, `seo_baslik`, `tarih`) VALUES
(10, 'Deneme', '', '', 'cover_e68c3d96-a877-4e49-923b-ca420419ab407488013900685.png', '1', 1, 'tr', '1', 'deneme', 'Deneme', '2023-01-23 19:17:11');

-- --------------------------------------------------------

--
-- Tablo için tablo yapısı `galeri_resim`
--

CREATE TABLE `galeri_resim` (
  `id` int(11) NOT NULL,
  `gorsel` text DEFAULT NULL,
  `kat_id` varchar(22) DEFAULT NULL,
  `sira` int(5) DEFAULT NULL
) ENGINE=InnoDB DEFAULT CHARSET=utf8;

--
-- Tablo döküm verisi `galeri_resim`
--

INSERT INTO `galeri_resim` (`id`, `gorsel`, `kat_id`, `sira`) VALUES
(259, '75576-82-athletic-platform-sandals.jpg', '9', 2),
(260, '18302-404-Man.jpg', '9', 1),
(261, '70649-433-o-ring-belt.jpg', '9', 8),
(262, '59871-723-denim-jacket.jpg', '9', 9),
(263, '36729-124-natural-handbag.jpg', '9', 7),
(264, '61238-387-RoBtB3fJ_400x400.jpg', '9', 3),
(265, '93667-920-76est-moda.jpg', '9', 4),
(268, '59242-874-unlu-moda-sehirleri.jpg', '9', 5),
(269, '54565-280-623412.jpg', '9', 6),
(270, '27857-765-aa7816f3-395f-43b0-a9fc-0b806f923a6a.png', '10', 0),
(271, '8762-414-e68c3d96-a877-4e49-923b-ca420419ab40.png', '10', 0),
(272, '19342-483-EnCokSatan_202012091129.png', '10', 0),
(273, '58950-153-images.png', '10', 0);

-- --------------------------------------------------------

--
-- Tablo için tablo yapısı `gsm_import`
--

CREATE TABLE `gsm_import` (
  `id` int(11) NOT NULL,
  `tarih` datetime DEFAULT NULL,
  `dosya` text DEFAULT NULL,
  `baslik` varchar(222) DEFAULT NULL,
  `durum` varchar(1) DEFAULT NULL
) ENGINE=InnoDB DEFAULT CHARSET=utf8;

-- --------------------------------------------------------

--
-- Tablo için tablo yapısı `haeder_dropdown`
--

CREATE TABLE `haeder_dropdown` (
  `id` int(11) NOT NULL,
  `arkaplan` varchar(22) DEFAULT NULL,
  `border_color` varchar(22) DEFAULT NULL,
  `area` varchar(222) DEFAULT NULL,
  `box_text_color` varchar(22) DEFAULT NULL,
  `box_hover_bg` varchar(22) DEFAULT NULL,
  `box_hover_text_color` varchar(22) DEFAULT NULL,
  `box_padding_left` varchar(22) DEFAULT NULL,
  `box_padding_top` varchar(22) DEFAULT NULL,
  `box_font_size` varchar(22) DEFAULT NULL,
  `box_font_weight` varchar(22) DEFAULT NULL,
  `second_bg` varchar(22) DEFAULT NULL,
  `second_bg_hover` varchar(22) DEFAULT NULL,
  `second_text_color` varchar(22) DEFAULT NULL,
  `second_hover_text_color` varchar(22) DEFAULT NULL,
  `second_border` varchar(22) DEFAULT NULL,
  `second_font_size` varchar(22) DEFAULT NULL,
  `third_bg` varchar(22) DEFAULT NULL,
  `third_bg_hover` varchar(22) DEFAULT NULL,
  `third_text_color` varchar(22) DEFAULT NULL,
  `third_hover_text_color` varchar(22) DEFAULT NULL,
  `third_font_size` varchar(22) DEFAULT NULL,
  `third_border` varchar(22) DEFAULT NULL,
  `dropdown_topborder` varchar(22) DEFAULT NULL,
  `mega_bg` varchar(22) DEFAULT NULL,
  `mega_baslik_text` varchar(22) DEFAULT NULL,
  `mega_alt_text` varchar(22) DEFAULT NULL,
  `mega_border` varchar(22) DEFAULT NULL,
  `dropdown_overlay` varchar(1) DEFAULT NULL,
  `border_size` varchar(2) DEFAULT NULL,
  `border_size_top` varchar(2) DEFAULT NULL
) ENGINE=InnoDB DEFAULT CHARSET=utf8;

--
-- Tablo döküm verisi `haeder_dropdown`
--

INSERT INTO `haeder_dropdown` (`id`, `arkaplan`, `border_color`, `area`, `box_text_color`, `box_hover_bg`, `box_hover_text_color`, `box_padding_left`, `box_padding_top`, `box_font_size`, `box_font_weight`, `second_bg`, `second_bg_hover`, `second_text_color`, `second_hover_text_color`, `second_border`, `second_font_size`, `third_bg`, `third_bg_hover`, `third_text_color`, `third_hover_text_color`, `third_font_size`, `third_border`, `dropdown_topborder`, `mega_bg`, `mega_baslik_text`, `mega_alt_text`, `mega_border`, `dropdown_overlay`, `border_size`, `border_size_top`) VALUES
(1, 'ffffff', 'ebebeb', 'flex-start', '000000', 'ed5f1f', 'ffffff', '13', '18', '13', '600', 'ffffff', 'f8f8f8', '000000', '000000', 'ffffff', '13', 'ffffff', 'ebebeb', '000000', '000000', '13', '#ffffff', 'ed5f1f', 'ffffff', '000000', '333333', 'ebebeb', '1', '1', '1');

-- --------------------------------------------------------

--
-- Tablo için tablo yapısı `hb_envanter`
--

CREATE TABLE `hb_envanter` (
  `id` int(11) NOT NULL,
  `urun_id` varchar(11) DEFAULT NULL,
  `hb_sku` varchar(22) DEFAULT NULL,
  `hb_stokkodu` varchar(22) DEFAULT NULL,
  `barkod` varchar(33) DEFAULT NULL,
  `hb_fiyat` decimal(22,4) DEFAULT NULL,
  `hb_stok` varchar(11) DEFAULT NULL,
  `hb_yayin` varchar(1) DEFAULT NULL,
  `hb_kargo` varchar(222) DEFAULT NULL,
  `hb_kargo_sure` varchar(11) DEFAULT NULL,
  `hb_stok_max` varchar(11) DEFAULT NULL,
  `tarih` datetime DEFAULT NULL
) ENGINE=InnoDB DEFAULT CHARSET=utf8;

-- --------------------------------------------------------

--
-- Tablo için tablo yapısı `hb_track`
--

CREATE TABLE `hb_track` (
  `id` int(11) NOT NULL,
  `tarih` datetime DEFAULT NULL,
  `track` varchar(222) DEFAULT NULL
) ENGINE=InnoDB DEFAULT CHARSET=utf8;

--
-- Tablo döküm verisi `hb_track`
--

INSERT INTO `hb_track` (`id`, `tarih`, `track`) VALUES
(9, '2021-09-29 22:07:29', '1e3248bf-f07e-4939-ba05-c58d84a89a8c');

-- --------------------------------------------------------

--
-- Tablo için tablo yapısı `hb_urun_bilgi`
--

CREATE TABLE `hb_urun_bilgi` (
  `id` int(11) NOT NULL,
  `urun_id` varchar(11) DEFAULT NULL,
  `hb_kat_id` varchar(22) DEFAULT NULL,
  `hb_kat_isim` text DEFAULT NULL,
  `hb_ozellik` text DEFAULT NULL,
  `hb_aktarim` varchar(1) DEFAULT NULL,
  `hb_izin` varchar(1) DEFAULT NULL,
  `hb_tarih` datetime DEFAULT NULL,
  `hb_log` text DEFAULT NULL,
  `hb_kod` varchar(22) DEFAULT NULL,
  `hb_barkod` varchar(22) DEFAULT NULL,
  `hb_stok` varchar(11) DEFAULT NULL,
  `hb_fiyat` decimal(22,4) DEFAULT NULL,
  `hazir` varchar(1) DEFAULT NULL,
  `hb_durumu` varchar(111) DEFAULT NULL,
  `hb_sku` varchar(33) DEFAULT NULL
) ENGINE=InnoDB DEFAULT CHARSET=utf8;

--
-- Tablo döküm verisi `hb_urun_bilgi`
--

INSERT INTO `hb_urun_bilgi` (`id`, `urun_id`, `hb_kat_id`, `hb_kat_isim`, `hb_ozellik`, `hb_aktarim`, `hb_izin`, `hb_tarih`, `hb_log`, `hb_kod`, `hb_barkod`, `hb_stok`, `hb_fiyat`, `hazir`, `hb_durumu`, `hb_sku`) VALUES
(24, '583', '60002045', 'Spor Outdoor > Spor / Fitness > Taraftar Ürünleri > Trabzonspor Ürünleri > Çocuk Giyim > T-Shirt', 'Marka___asd|GarantiSuresi___24|kg___1|renk_variant_property___377|', '1', '1', '2021-09-29 22:07:29', '[]', 'LXDIEOI', '', '120', 79.9900, '1', 'Incelenecek', ''),
(25, '585', '60008726', 'Altın / Takı / Mücevher > Külçe, Ziynet, Cumhuriyet Altını > Gram Külçe Altın > 1 Ons (31,10 Gram Altın)', 'Marka___asd|GarantiSuresi___11|kg___1|taki_turu___Altın|maden___Altın|gram___0,25 g|tarihi___Eski Tarihli|cap_variant_property___58|agirlik_variant_property___0,25 g|000006Y1___Akbank|', '0', '1', '0000-00-00 00:00:00', '0', 'BBGF2U8', '', '0', 0.0000, '1', '', '');

-- --------------------------------------------------------

--
-- Tablo için tablo yapısı `headertop_html`
--

CREATE TABLE `headertop_html` (
  `id` int(11) NOT NULL,
  `arkaplan` varchar(22) NOT NULL,
  `durum` varchar(2) DEFAULT NULL,
  `dil` varchar(22) DEFAULT NULL,
  `text_color` varchar(22) DEFAULT NULL,
  `a_color` varchar(22) DEFAULT NULL,
  `a_hover_color` varchar(22) DEFAULT NULL,
  `padding` varchar(22) DEFAULT NULL,
  `icerik` text DEFAULT NULL,
  `mobil` varchar(1) DEFAULT NULL
) ENGINE=InnoDB DEFAULT CHARSET=utf8;

--
-- Tablo döküm verisi `headertop_html`
--

INSERT INTO `headertop_html` (`id`, `arkaplan`, `durum`, `dil`, `text_color`, `a_color`, `a_hover_color`, `padding`, `icerik`, `mobil`) VALUES
(1, '1636d8', '0', 'tr', '000000', '115193', '4c87c3', '8', '', '0');

-- --------------------------------------------------------

--
-- Tablo için tablo yapısı `headertop_menu`
--

CREATE TABLE `headertop_menu` (
  `id` int(11) NOT NULL,
  `url_tur` varchar(1) DEFAULT NULL,
  `url` text DEFAULT NULL,
  `baslik` varchar(222) DEFAULT NULL,
  `spot` varchar(222) DEFAULT NULL,
  `ikon` varchar(222) DEFAULT NULL,
  `sira` int(11) DEFAULT NULL,
  `dil` varchar(22) DEFAULT NULL,
  `durum` varchar(2) DEFAULT NULL,
  `area` varchar(2) DEFAULT NULL,
  `yeni_sekme` varchar(2) DEFAULT NULL,
  `mobil` varchar(1) DEFAULT '1'
) ENGINE=InnoDB DEFAULT CHARSET=utf8;

--
-- Tablo döküm verisi `headertop_menu`
--

INSERT INTO `headertop_menu` (`id`, `url_tur`, `url`, `baslik`, `spot`, `ikon`, `sira`, `dil`, `durum`, `area`, `yeni_sekme`, `mobil`) VALUES
(2, '2', 'mailto:mail@siteadresi.com', 'mail@siteadresi.com', 'Bize Yazın', 'fa fa-envelope-o', 7, 'tr', '1', '2', '0', '1'),
(3, '2', 'siparis-takip/', 'Sipariş Takibi', 'Sipariş Takibi', 'fa fa-truck', 1, 'tr', '1', '1', '0', '1'),
(4, '2', 'sss/', 'Yardım', 'Yardım', 'fa fa-question-circle', 4, 'tr', '1', '1', '0', '1'),
(5, '2', 'odeme-bildirimi/', 'Ödeme Bildirimi', 'Ödeme Bildirimi', 'las la-sync', 2, 'tr', '1', '1', '0', '1'),
(6, '2', 'iletisim/', 'İletişim', 'İletişim', 'fa fa-phone', 5, 'tr', '1', '1', '0', '1'),
(7, '2', 'hesap-numaralarimiz/', 'Hesap Numaralarımız', 'Hesap Numaralarımız', '', 3, 'tr', '0', '1', '0', '1'),
(9, '1', 'sayfa/hakkimizda/', 'Hakkımızda', 'Vizyon ve Misyonumuzx', '', 6, 'tr', '1', '2', '0', '1');

-- --------------------------------------------------------

--
-- Tablo için tablo yapısı `header_ayar`
--

CREATE TABLE `header_ayar` (
  `id` int(11) NOT NULL,
  `cagri_merkezi` varchar(2) NOT NULL,
  `cagri_no` varchar(22) DEFAULT NULL,
  `padding` varchar(22) NOT NULL,
  `bg_tip` varchar(22) NOT NULL,
  `header_bg` varchar(22) NOT NULL,
  `bg_image` text NOT NULL,
  `dropdown_menu_product_limit` varchar(3) DEFAULT NULL,
  `header_text_status` varchar(2) DEFAULT NULL,
  `header_search` varchar(2) DEFAULT NULL,
  `search_tip` varchar(2) DEFAULT NULL,
  `font_select` varchar(222) DEFAULT NULL,
  `header_bell` varchar(2) DEFAULT NULL,
  `header_login` varchar(2) DEFAULT NULL,
  `header_fav` varchar(2) DEFAULT NULL,
  `header_cart` varchar(2) DEFAULT NULL,
  `search_bg` varchar(22) DEFAULT NULL,
  `search_border_color` varchar(22) DEFAULT NULL,
  `search_border_radius` varchar(22) DEFAULT NULL,
  `search_text_color` varchar(22) DEFAULT NULL,
  `search_place_color` varchar(22) DEFAULT NULL,
  `search_focus_border` varchar(22) DEFAULT NULL,
  `search_button_color` varchar(22) DEFAULT NULL,
  `search_shadow` varchar(22) DEFAULT NULL,
  `call_i_color` varchar(22) DEFAULT NULL,
  `call_text_color` varchar(22) DEFAULT NULL,
  `navbutton_color` varchar(22) DEFAULT NULL,
  `navbutton_hover_color` varchar(22) DEFAULT NULL,
  `count_bg` varchar(222) DEFAULT NULL,
  `count_bg_2` varchar(222) DEFAULT NULL,
  `dropdown_border` varchar(22) DEFAULT NULL,
  `dropdown_shadow` varchar(2) DEFAULT NULL,
  `dropdown_radius` varchar(2) DEFAULT NULL,
  `dropdown_compare` varchar(22) DEFAULT NULL,
  `dropdown_fav` varchar(22) DEFAULT NULL,
  `dropdown_bell` varchar(22) DEFAULT NULL,
  `login_dropdown_compare` varchar(2) DEFAULT NULL,
  `login_dropdown_fav` varchar(2) DEFAULT NULL,
  `login_dropdown_bell` varchar(2) DEFAULT NULL,
  `login_dropdown_account` varchar(2) DEFAULT NULL,
  `login_dropdown_address` varchar(2) DEFAULT NULL,
  `login_dropdown_order` varchar(2) DEFAULT NULL,
  `login_dropdown_support` varchar(2) DEFAULT NULL,
  `login_dropdown_comments` varchar(2) DEFAULT NULL,
  `login_dropdown_coupon` varchar(2) DEFAULT NULL,
  `topheader` varchar(2) DEFAULT NULL,
  `topheader_bg` varchar(22) DEFAULT NULL,
  `topheader_border` varchar(22) DEFAULT NULL,
  `topheader_dil` varchar(22) DEFAULT NULL,
  `topheader_kur` varchar(22) DEFAULT NULL,
  `topheader_a_color` varchar(22) DEFAULT NULL,
  `topheader_a_color_hover` varchar(22) DEFAULT NULL,
  `topheader_a_size` varchar(22) DEFAULT NULL,
  `topheader_a_padding` varchar(22) DEFAULT NULL,
  `topheader_a_weight` varchar(22) DEFAULT NULL,
  `header_logo` varchar(222) DEFAULT NULL,
  `header_mobil_logo` varchar(222) DEFAULT NULL
) ENGINE=InnoDB DEFAULT CHARSET=utf8;

--
-- Tablo döküm verisi `header_ayar`
--

INSERT INTO `header_ayar` (`id`, `cagri_merkezi`, `cagri_no`, `padding`, `bg_tip`, `header_bg`, `bg_image`, `dropdown_menu_product_limit`, `header_text_status`, `header_search`, `search_tip`, `font_select`, `header_bell`, `header_login`, `header_fav`, `header_cart`, `search_bg`, `search_border_color`, `search_border_radius`, `search_text_color`, `search_place_color`, `search_focus_border`, `search_button_color`, `search_shadow`, `call_i_color`, `call_text_color`, `navbutton_color`, `navbutton_hover_color`, `count_bg`, `count_bg_2`, `dropdown_border`, `dropdown_shadow`, `dropdown_radius`, `dropdown_compare`, `dropdown_fav`, `dropdown_bell`, `login_dropdown_compare`, `login_dropdown_fav`, `login_dropdown_bell`, `login_dropdown_account`, `login_dropdown_address`, `login_dropdown_order`, `login_dropdown_support`, `login_dropdown_comments`, `login_dropdown_coupon`, `topheader`, `topheader_bg`, `topheader_border`, `topheader_dil`, `topheader_kur`, `topheader_a_color`, `topheader_a_color_hover`, `topheader_a_size`, `topheader_a_padding`, `topheader_a_weight`, `header_logo`, `header_mobil_logo`) VALUES
(1, '1', '0xxx xxx xx xx', '15', '0', 'ffffff', '', '3', '1', '1', '1', 'Poppins', '1', '1', '1', '1', 'ffffff', 'ebebeb', '15px', '333333', '666666', '000000', '333333', '1', 'de1c4b', '000000', '000000', 'ed5f1f', 'button-orange', 'button-orange', 'ebebeb', '1', '1', '1', '1', '1', '1', '1', '1', '1', '1', '1', '1', '1', '1', '1', 'ffffff', 'ebebeb', '1', '1', '000000', 'a6a2a2', '11', '7', '400', '66291-875-BUSinessLogo.svg', '45696-632-BUSinessLogo.svg');

-- --------------------------------------------------------

--
-- Tablo için tablo yapısı `header_menu`
--

CREATE TABLE `header_menu` (
  `id` int(11) NOT NULL,
  `baslik` varchar(222) DEFAULT NULL,
  `url_tur` varchar(1) DEFAULT NULL,
  `url` text DEFAULT NULL,
  `ust_id` int(22) DEFAULT NULL,
  `sira` int(11) DEFAULT NULL,
  `dil` varchar(22) DEFAULT NULL,
  `durum` varchar(2) DEFAULT NULL,
  `yeni_sekme` varchar(2) DEFAULT NULL,
  `menu_sablon` varchar(2) DEFAULT NULL,
  `sablon_2_icerik` text DEFAULT NULL,
  `sablon2_content_tip` varchar(2) DEFAULT NULL,
  `sablon_content_bg` varchar(22) DEFAULT NULL,
  `sablon_content_text_color` varchar(22) DEFAULT NULL,
  `sablon_content_border` varchar(22) DEFAULT NULL,
  `sablon_kat_id` varchar(22) DEFAULT NULL,
  `sablon2_urunler` varchar(222) DEFAULT NULL,
  `resim` varchar(255) DEFAULT NULL
) ENGINE=InnoDB DEFAULT CHARSET=utf8;

--
-- Tablo döküm verisi `header_menu`
--

INSERT INTO `header_menu` (`id`, `baslik`, `url_tur`, `url`, `ust_id`, `sira`, `dil`, `durum`, `yeni_sekme`, `menu_sablon`, `sablon_2_icerik`, `sablon2_content_tip`, `sablon_content_bg`, `sablon_content_text_color`, `sablon_content_border`, `sablon_kat_id`, `sablon2_urunler`, `resim`) VALUES
(4, 'DENEME KATEGORİ', '1', 'deneme-kategori/', 0, 1, 'tr', '1', '0', '1', '', '0', '000000', '000000', '000000', NULL, NULL, '');

-- --------------------------------------------------------

--
-- Tablo için tablo yapısı `header_mobil`
--

CREATE TABLE `header_mobil` (
  `id` int(11) NOT NULL,
  `baslik` varchar(222) DEFAULT NULL,
  `url_tur` varchar(1) DEFAULT NULL,
  `url_adres` text DEFAULT NULL,
  `ust_id` varchar(11) DEFAULT NULL,
  `sira` int(11) DEFAULT NULL,
  `durum` varchar(1) DEFAULT NULL,
  `dil` varchar(5) DEFAULT NULL,
  `yeni_sekme` varchar(1) DEFAULT NULL
) ENGINE=InnoDB DEFAULT CHARSET=utf8;

--
-- Tablo döküm verisi `header_mobil`
--

INSERT INTO `header_mobil` (`id`, `baslik`, `url_tur`, `url_adres`, `ust_id`, `sira`, `durum`, `dil`, `yeni_sekme`) VALUES
(1, 'Anasayfa', '2', 'anasayfa', '0', 2, '1', 'tr', '0');

-- --------------------------------------------------------

--
-- Tablo için tablo yapısı `header_sabit_buton`
--

CREATE TABLE `header_sabit_buton` (
  `id` int(11) NOT NULL,
  `baslik` varchar(222) DEFAULT NULL,
  `url_tur` varchar(1) DEFAULT NULL,
  `url` text DEFAULT NULL,
  `durum` varchar(1) DEFAULT NULL,
  `renk` varchar(33) DEFAULT NULL,
  `dil` varchar(5) DEFAULT NULL,
  `yeni_sekme` varchar(1) DEFAULT NULL
) ENGINE=InnoDB DEFAULT CHARSET=utf8;

--
-- Tablo döküm verisi `header_sabit_buton`
--

INSERT INTO `header_sabit_buton` (`id`, `baslik`, `url_tur`, `url`, `durum`, `renk`, `dil`, `yeni_sekme`) VALUES
(1, 'İndirim Kulübü', '1', 'sss/', '0', 'button-orange-out', 'tr', '0');

-- --------------------------------------------------------

--
-- Tablo için tablo yapısı `hit`
--

CREATE TABLE `hit` (
  `id` int(11) NOT NULL,
  `gun` int(11) DEFAULT 1,
  `ay` int(11) DEFAULT 1,
  `yil` int(11) DEFAULT 1,
  `simdi` int(11) DEFAULT 1,
  `sayac` int(11) DEFAULT 1,
  `ip` varchar(100) DEFAULT NULL
) ENGINE=InnoDB DEFAULT CHARSET=utf8;

-- --------------------------------------------------------

--
-- Tablo için tablo yapısı `hizmet`
--

CREATE TABLE `hizmet` (
  `id` int(11) NOT NULL,
  `baslik` varchar(222) DEFAULT NULL,
  `seo_baslik` varchar(222) DEFAULT NULL,
  `spot` text DEFAULT NULL,
  `icerik` text DEFAULT NULL,
  `gorsel` text DEFAULT NULL,
  `tags` text DEFAULT NULL,
  `meta_desc` text DEFAULT NULL,
  `sira` int(11) DEFAULT NULL,
  `anasayfa` varchar(2) DEFAULT NULL,
  `durum` varchar(2) DEFAULT NULL,
  `dil` varchar(22) DEFAULT NULL,
  `seo_url` varchar(222) DEFAULT NULL,
  `tarih` datetime DEFAULT NULL
) ENGINE=InnoDB DEFAULT CHARSET=utf8;

-- --------------------------------------------------------

--
-- Tablo için tablo yapısı `hizmet_ayar`
--

CREATE TABLE `hizmet_ayar` (
  `id` int(11) NOT NULL,
  `padding` varchar(10) NOT NULL,
  `tags` text NOT NULL,
  `meta_desc` text NOT NULL,
  `margin` varchar(22) DEFAULT NULL,
  `bg_tip` varchar(22) DEFAULT NULL,
  `bg_color` varchar(22) DEFAULT NULL,
  `bg_image` text DEFAULT NULL,
  `bg_durum` varchar(22) DEFAULT NULL,
  `bg_dark` varchar(22) DEFAULT NULL,
  `baslik_renk` varchar(22) NOT NULL,
  `spot_renk` varchar(22) NOT NULL,
  `kutu_arkaplan` varchar(22) NOT NULL,
  `kutu_yazi_renk` varchar(22) NOT NULL,
  `hizmet_limit` varchar(11) NOT NULL,
  `baslik_font` text NOT NULL,
  `kutu_font_size` varchar(22) NOT NULL,
  `kutu_space` varchar(22) NOT NULL,
  `baslik_space` varchar(22) NOT NULL,
  `button_renk` varchar(22) NOT NULL,
  `hizmetayar_border` varchar(22) DEFAULT NULL,
  `detay_bg` varchar(22) DEFAULT NULL,
  `detay_buton_bg` varchar(22) DEFAULT NULL,
  `detay_buton_text` varchar(22) DEFAULT NULL,
  `detay_buton_hover_bg` varchar(22) DEFAULT NULL,
  `detay_buton_hover_text` varchar(22) DEFAULT NULL,
  `detay_buton_border` varchar(22) DEFAULT NULL,
  `hizmet_baslik_tip` varchar(2) DEFAULT NULL,
  `hizmet_baslik_cizgi` varchar(22) DEFAULT NULL,
  `hizmet_baslik_bg` varchar(22) DEFAULT NULL,
  `detay_nav` varchar(2) DEFAULT NULL
) ENGINE=InnoDB DEFAULT CHARSET=utf8;

--
-- Tablo döküm verisi `hizmet_ayar`
--

INSERT INTO `hizmet_ayar` (`id`, `padding`, `tags`, `meta_desc`, `margin`, `bg_tip`, `bg_color`, `bg_image`, `bg_durum`, `bg_dark`, `baslik_renk`, `spot_renk`, `kutu_arkaplan`, `kutu_yazi_renk`, `hizmet_limit`, `baslik_font`, `kutu_font_size`, `kutu_space`, `baslik_space`, `button_renk`, `hizmetayar_border`, `detay_bg`, `detay_buton_bg`, `detay_buton_text`, `detay_buton_hover_bg`, `detay_buton_hover_text`, `detay_buton_border`, `hizmet_baslik_tip`, `hizmet_baslik_cizgi`, `hizmet_baslik_bg`, `detay_nav`) VALUES
(1, '30', 'etiket', 'aciklama', '0', '1', 'f8f8f8', '30408-836-6170534494584-917-services_bg.jpg', '1', '1', '121212', '785f5f', 'eb642a', '050505', '8', 'Open Sans', '24', '', '', 'button-black-out', 'c9c9c9', 'f8f8f8', 'ffffff', '000000', 'd43867', 'ffffff', 'ffffff', '1', '454545', 'f8f8f8', '1');

-- --------------------------------------------------------

--
-- Tablo için tablo yapısı `htmlsayfa`
--

CREATE TABLE `htmlsayfa` (
  `id` int(11) NOT NULL,
  `baslik` varchar(222) DEFAULT NULL,
  `icerik` text DEFAULT NULL,
  `seo_url` varchar(222) DEFAULT NULL,
  `tags` text DEFAULT NULL,
  `meta_desc` text DEFAULT NULL,
  `dil` varchar(22) DEFAULT NULL,
  `durum` varchar(2) DEFAULT NULL,
  `nav_durum` varchar(2) DEFAULT NULL,
  `sayfa_font` varchar(222) DEFAULT NULL,
  `arkaplan` varchar(22) DEFAULT NULL,
  `seo_baslik` varchar(222) DEFAULT NULL
) ENGINE=InnoDB DEFAULT CHARSET=utf8;

--
-- Tablo döküm verisi `htmlsayfa`
--

INSERT INTO `htmlsayfa` (`id`, `baslik`, `icerik`, `seo_url`, `tags`, `meta_desc`, `dil`, `durum`, `nav_durum`, `sayfa_font`, `arkaplan`, `seo_baslik`) VALUES
(2, 'Hakkımızda', '<p>Hakkımızda Alanı Y&ouml;netim Paneli &Uuml;zerinden G&uuml;ncellenebilir.</p>', 'hakkimizda', '', '', 'tr', '1', '1', 'Open Sans', 'f3f6f9', 'Hakkımızda'),
(11, 'Gizlilik ', '<p><strong><span style=\"font-size: 24px;\">Gizlilik S&ouml;zleşmesi<br /><br /></span></strong>Y&ouml;netim paneli &uuml;zerinden g&uuml;ncelleyiniz.</p>', 'gizlilik', '', '', 'tr', '1', '1', 'Open Sans', 'ffffff', 'Gizlilik '),
(13, 'İptal ve İade Şartları', '<p>Y&ouml;netim paneli &uuml;zerinden g&uuml;ncelleyiniz.</p>', 'iptal-ve-iade-sartlari', '', '', 'tr', '1', '0', 'Open Sans', 'ffffff', 'İptal ve İade Şartları');

-- --------------------------------------------------------

--
-- Tablo için tablo yapısı `htmlsayfa_sozlesmeler`
--

CREATE TABLE `htmlsayfa_sozlesmeler` (
  `id` int(11) NOT NULL,
  `baslik` varchar(222) DEFAULT NULL,
  `icerik` text DEFAULT NULL,
  `dil` varchar(22) DEFAULT NULL,
  `tur` varchar(2) DEFAULT NULL
) ENGINE=InnoDB DEFAULT CHARSET=utf8;

--
-- Tablo döküm verisi `htmlsayfa_sozlesmeler`
--

INSERT INTO `htmlsayfa_sozlesmeler` (`id`, `baslik`, `icerik`, `dil`, `tur`) VALUES
(1, 'Mesafeli Satış Sözleşmesi', '<p><span style=\"font-size: 15px;\">Bu alanı İ&ccedil;erik Y&ouml;netimi &gt; S&ouml;zleşmeler &gt; Mesafeli Satış S&ouml;zleşmesi alanından d&uuml;zenleyebilirsiniz</span></p>\n\n<p><span style=\"font-size: 15px;\">Yeni S&ouml;zleşme İ&ccedil;eriği</span></p>', 'tr', '1'),
(2, 'Üyelik Sözleşmesi', '<p>Bu alanı <strong>İ&ccedil;erik Y&ouml;netimi &gt; S&ouml;zleşmeler &gt; &Uuml;yelik S&ouml;zleşmesi</strong> alanından mevcut dilinize g&ouml;re d&uuml;zenleyebilirsiniz</p>', 'tr', '2');

-- --------------------------------------------------------

--
-- Tablo için tablo yapısı `html_modul`
--

CREATE TABLE `html_modul` (
  `id` int(11) NOT NULL,
  `baslik` varchar(222) DEFAULT NULL,
  `ustbaslik` varchar(222) DEFAULT NULL,
  `spot` text DEFAULT NULL,
  `bg_tip` varchar(2) DEFAULT NULL,
  `bg_color` varchar(22) DEFAULT NULL,
  `bg_image` varchar(222) DEFAULT NULL,
  `bg_durum` varchar(2) DEFAULT NULL,
  `bg_dark` varchar(2) DEFAULT NULL,
  `ustbaslik_renk` varchar(22) DEFAULT NULL,
  `baslik_renk` varchar(22) DEFAULT NULL,
  `spot_renk` varchar(22) DEFAULT NULL,
  `padding` varchar(22) DEFAULT NULL,
  `margin` varchar(22) DEFAULT NULL,
  `gorsel` text DEFAULT NULL,
  `area` varchar(2) DEFAULT NULL,
  `button_renk` varchar(22) DEFAULT NULL,
  `button_yazi` varchar(222) DEFAULT NULL,
  `button_size` varchar(22) DEFAULT NULL,
  `baslik_font` varchar(222) DEFAULT NULL,
  `baslik_space` varchar(222) DEFAULT NULL,
  `url` text DEFAULT NULL,
  `dil` varchar(22) DEFAULT NULL,
  `modul_border` varchar(22) DEFAULT NULL,
  `boxed` varchar(2) DEFAULT NULL,
  `yeni_sekme` varchar(2) DEFAULT NULL,
  `round` varchar(1) DEFAULT NULL
) ENGINE=InnoDB DEFAULT CHARSET=utf8;

--
-- Tablo döküm verisi `html_modul`
--

INSERT INTO `html_modul` (`id`, `baslik`, `ustbaslik`, `spot`, `bg_tip`, `bg_color`, `bg_image`, `bg_durum`, `bg_dark`, `ustbaslik_renk`, `baslik_renk`, `spot_renk`, `padding`, `margin`, `gorsel`, `area`, `button_renk`, `button_yazi`, `button_size`, `baslik_font`, `baslik_space`, `url`, `dil`, `modul_border`, `boxed`, `yeni_sekme`, `round`) VALUES
(1, 'APPLE AKILLI SAATLERDE KAÇMAZ İNDİRİMLER', 'BÜYÜK İNDİRİM', '<div class=\"rs-wuipselect-grid-header\" data-autom=\"gridHeader\">\n\n<p class=\"pd-util-expand-large-10\"><span style=\"font-size: 24px;\">Şimdiye kadarki en gelişmiş Apple Watch. Ve en g&ouml;sterişli. B&uuml;y&uuml;k indirimlerle sana uygun Apple Watch &uuml;r&uuml;n&uuml; seni bekliyor.</span></p>\n\n</div>', '0', 'cc3663', '69263-465-apps.jpg', '1', '0', 'ffffff', 'ffffff', 'ffffff', '99', '50', '57064-805-orat.png', '2', 'button-white-out', 'HEMEN SATIN AL', 'button-4x', 'Open Sans', 'lspacsmall', 'markalar', 'en', 'ffffff', '1', '0', ''),
(41, '', '', '<p></p>\n\n<p></p>', '1', 'f7f7f7', '', '1', '0', '7a6b33', '000000', '000000', '0', '0', '', '2', 'button-red-out', '', 'button-5x', 'Open Sans', '', '', 'tr', 'ffffff', '1', '1', '1'),
(43, 'Başlık', 'Üst Başlık', 'İçerik', '1', '#f8f8f8', '', '', '', '', '', '', '20', '0', '', '2', '', '', '', '', '', '', 'fr', '', '1', '', '');

-- --------------------------------------------------------

--
-- Tablo için tablo yapısı `iletisim_bilgileri`
--

CREATE TABLE `iletisim_bilgileri` (
  `id` int(11) NOT NULL,
  `ikon` varchar(222) DEFAULT NULL,
  `baslik` varchar(222) DEFAULT NULL,
  `icerik` text DEFAULT NULL,
  `adres_url` text DEFAULT NULL,
  `dil` varchar(22) DEFAULT NULL,
  `durum` varchar(2) DEFAULT NULL,
  `sira` int(11) DEFAULT NULL,
  `col_md` varchar(22) DEFAULT NULL
) ENGINE=InnoDB DEFAULT CHARSET=utf8;

--
-- Tablo döküm verisi `iletisim_bilgileri`
--

INSERT INTO `iletisim_bilgileri` (`id`, `ikon`, `baslik`, `icerik`, `adres_url`, `dil`, `durum`, `sira`, `col_md`) VALUES
(1, 'las la-headset', 'ÇAĞRI MERKEZİ', '0xxx xxx xx xx', 'tel:0xx', 'tr', '1', 2, '3'),
(2, 'fa fa-mobile', 'GSM', '0xxx xxx xx xx', 'tel:0xxx', 'tr', '1', 5, '3'),
(3, 'lab la-whatsapp', 'WHATSAPP', '0xxx xxx xx xx', 'https://wa.me/+90xxxx', 'tr', '1', 3, '3'),
(4, 'las la-tty', 'TELEFON', '0xxx xxx xx xx', 'tel:0xxx', 'tr', '1', 4, '3'),
(5, 'las la-envelope', 'GERİ BİLDİRİM', 'site@mail.com', 'mailto:site@mail.com', 'tr', '1', 6, '6'),
(6, 'las la-map-marker', 'LOKASYON', 'Adres Bilgisi', '', 'tr', '1', 7, '6');

-- --------------------------------------------------------

--
-- Tablo için tablo yapısı `indirim_ek_sepet`
--

CREATE TABLE `indirim_ek_sepet` (
  `id` int(11) NOT NULL,
  `durum` varchar(1) DEFAULT NULL,
  `tur` varchar(1) DEFAULT NULL,
  `tutar` decimal(22,4) DEFAULT NULL,
  `sepet_alt_limit` decimal(22,4) DEFAULT NULL,
  `indirim_tip` varchar(1) DEFAULT NULL
) ENGINE=InnoDB DEFAULT CHARSET=utf8;

--
-- Tablo döküm verisi `indirim_ek_sepet`
--

INSERT INTO `indirim_ek_sepet` (`id`, `durum`, `tur`, `tutar`, `sepet_alt_limit`, `indirim_tip`) VALUES
(1, '1', '1', 5.0000, 0.0000, '0');

-- --------------------------------------------------------

--
-- Tablo için tablo yapısı `indirim_ilk_siparis`
--

CREATE TABLE `indirim_ilk_siparis` (
  `id` int(11) NOT NULL,
  `durum` varchar(1) DEFAULT NULL,
  `tur` varchar(1) DEFAULT NULL,
  `tutar` decimal(22,4) DEFAULT NULL,
  `sepet_alt_limit` decimal(22,4) DEFAULT NULL
) ENGINE=InnoDB DEFAULT CHARSET=utf8;

--
-- Tablo döküm verisi `indirim_ilk_siparis`
--

INSERT INTO `indirim_ilk_siparis` (`id`, `durum`, `tur`, `tutar`, `sepet_alt_limit`) VALUES
(1, '1', '1', 5.0000, 0.0000);

-- --------------------------------------------------------

--
-- Tablo için tablo yapısı `indirim_ilk_siparis_kayit`
--

CREATE TABLE `indirim_ilk_siparis_kayit` (
  `id` int(11) NOT NULL,
  `uye_id` varchar(11) DEFAULT NULL,
  `ip_adres` varchar(22) DEFAULT NULL,
  `siparis_id` varchar(22) DEFAULT NULL,
  `onay` varchar(1) DEFAULT NULL
) ENGINE=InnoDB DEFAULT CHARSET=utf8;

--
-- Tablo döküm verisi `indirim_ilk_siparis_kayit`
--

INSERT INTO `indirim_ilk_siparis_kayit` (`id`, `uye_id`, `ip_adres`, `siparis_id`, `onay`) VALUES
(1, '11', '212.252.119.222', '922760708299', '1');

-- --------------------------------------------------------

--
-- Tablo için tablo yapısı `kargo_firma`
--

CREATE TABLE `kargo_firma` (
  `id` int(11) NOT NULL,
  `baslik` varchar(222) DEFAULT NULL,
  `gorunum` varchar(11) NOT NULL,
  `takip_url` text DEFAULT NULL,
  `gorsel` text DEFAULT NULL,
  `durum` varchar(2) DEFAULT NULL,
  `sira` int(22) DEFAULT NULL
) ENGINE=InnoDB DEFAULT CHARSET=utf8;

--
-- Tablo döküm verisi `kargo_firma`
--

INSERT INTO `kargo_firma` (`id`, `baslik`, `gorunum`, `takip_url`, `gorsel`, `durum`, `sira`) VALUES
(1, 'MNG Kargo', '1', 'http://service.mngkargo.com.tr/iactive/popup/KargoTakip/link1.asp?k=', '55461-594-Mng_Kargo-logo-3708A49380-seeklogo.com.png', '0', 4),
(2, 'UPS Kargo', '1', 'https://www.ups.com.tr/WaybillSorgu.aspx?Waybill=', '72700-987-ups.jpg', '0', 6),
(3, 'Aras Kargo', '1', 'https://kargotakip.araskargo.com.tr/yurticigonbil.aspx?Cargo_Code=', '72063-272-aras-kargo-logo_freelogovectors.net_.png', '0', 2),
(4, 'Yurtiçi Kargo', '1', 'https://www.yurticikargo.com/tr/online-servisler/gonderi-sorgula?code=', '81198-262-yurtiçi-kargo-logo-png-2.jpg', '0', 1),
(5, 'PTT Kargo', '1', 'https://gonderitakip.ptt.gov.tr/Track/Verify?q=', '81990-446-web_sitesi_alt_logolar_3-02.png', '0', 3),
(6, 'Sürat Kargo', '1', 'http://suratkargo.com.tr/KargoTakip?kargotakipno=', '16085-186-Surat_Kargo_-_PNG.png', '0', 5),
(13, 'Kurye Teslimatı', '', '', '47851-603-normal-kurye.png', '0', 7);

-- --------------------------------------------------------

--
-- Tablo için tablo yapısı `katalog`
--

CREATE TABLE `katalog` (
  `id` int(11) NOT NULL,
  `baslik` varchar(244) DEFAULT NULL,
  `url` text DEFAULT NULL,
  `dil` varchar(22) DEFAULT NULL
) ENGINE=InnoDB DEFAULT CHARSET=utf8;

-- --------------------------------------------------------

--
-- Tablo için tablo yapısı `kupon`
--

CREATE TABLE `kupon` (
  `id` int(11) NOT NULL,
  `baslik` varchar(222) DEFAULT NULL,
  `kod` varchar(222) DEFAULT NULL,
  `variables` varchar(255) NOT NULL,
  `type` varchar(255) NOT NULL,
  `tur` varchar(2) DEFAULT NULL,
  `indirim_tutar` decimal(22,4) DEFAULT NULL,
  `sepe_alt_limit` decimal(22,4) DEFAULT NULL,
  `baslangic` varchar(22) DEFAULT NULL,
  `bitis` varchar(22) DEFAULT NULL,
  `adet` int(11) DEFAULT NULL,
  `uye_id` varchar(22) DEFAULT NULL,
  `durum` varchar(2) DEFAULT NULL,
  `random` varchar(11) DEFAULT NULL,
  `eposta_durum` varchar(1) DEFAULT NULL,
  `sms_durum` varchar(1) DEFAULT NULL,
  `noti_durum` varchar(1) DEFAULT NULL
) ENGINE=InnoDB DEFAULT CHARSET=utf8;

--
-- Tablo döküm verisi `kupon`
--

INSERT INTO `kupon` (`id`, `baslik`, `kod`, `variables`, `type`, `tur`, `indirim_tutar`, `sepe_alt_limit`, `baslangic`, `bitis`, `adet`, `uye_id`, `durum`, `random`, `eposta_durum`, `sms_durum`, `noti_durum`) VALUES
(32, 'Marka 1 Tutar', 'marka1', '{\"markaid\":\"2\"}', 'marka', '2', 1.0000, 1.0000, '2023-03-01', '2023-03-31', 1, '0', '1', '23365385', NULL, NULL, NULL),
(33, 'Marka 1 Oran', 'marka1oran', '{\"markaid\":\"2\"}', 'marka', '1', 10.0000, 1.0000, '2023-03-02', '2023-03-31', 1, '0', '1', '92208366', NULL, NULL, NULL),
(34, 'Marka 2 Oran', '35B6367Q', '{\"markaid\":\"3\"}', 'marka', '1', 10.0000, 1.0000, '2023-03-05', '2023-03-31', 1, '0', '1', '85996442', NULL, NULL, NULL),
(35, 'Marka 2 Tutar', '6A9SFHI9', '{\"markaid\":\"3\"}', 'marka', '2', 1.0000, 1.0000, '2023-03-05', '2023-03-31', 1, '0', '1', '62571083', NULL, NULL, NULL),
(36, 'Kategori Evo Tutar', '8FUNB4WK', '{\"kategoriid\":\"376\"}', 'kategori', '2', 1.0000, 1.0000, '2023-03-05', '2023-03-31', 1, '0', '1', '67437725', NULL, NULL, NULL),
(37, 'Kategori EVO Oran', '5FWJ4O3P', '{\"kategoriid\":\"376\"}', 'kategori', '1', 10.0000, 1.0000, '2023-03-05', '2023-03-31', 1, '0', '1', '83420752', NULL, NULL, NULL),
(38, 'Kategori Evo2 Oran', 'SMDPHS87', '{\"kategoriid\":\"377\"}', 'kategori', '1', 10.0000, 1.0000, '2023-03-02', '2023-03-31', 1, '0', '1', '50670365', NULL, NULL, NULL),
(39, 'Kategori Evo2 Tutar', 'DR61EOST', '{\"kategoriid\":\"377\"}', 'kategori', '2', 1.0000, 1.0000, '2023-03-04', '2023-03-31', 1, '0', '1', '75462113', NULL, NULL, NULL),
(40, 'Genel oran', 'UJUZUV6T', '', 'genel', '1', 10.0000, 1.0000, '2023-03-01', '2023-03-31', 1, NULL, '1', '22257069', NULL, NULL, NULL),
(41, 'Genel Tutar', '9LOU6Q2W', '', 'genel', '2', 1.0000, 1.0000, '2023-03-04', '2023-03-31', 1, NULL, '1', '59461504', NULL, NULL, NULL),
(42, 'Üye Oran', 'PHGK3CAG', '', 'genel', '1', 10.0000, 1.0000, '2023-03-04', '2023-03-31', 1, '11', '1', '73955851', NULL, NULL, '1'),
(43, 'Üye Tutar', 'HH4RLVQU', '', 'genel', '2', 1.0000, 1.0000, '2023-03-03', '2023-03-31', 1, '12', '1', '16704568', NULL, NULL, '1');

-- --------------------------------------------------------

--
-- Tablo için tablo yapısı `loader`
--

CREATE TABLE `loader` (
  `id` int(11) NOT NULL,
  `icon` text DEFAULT NULL,
  `back_color` varchar(22) DEFAULT NULL,
  `durum` varchar(2) DEFAULT NULL,
  `delay` varchar(22) DEFAULT NULL
) ENGINE=InnoDB DEFAULT CHARSET=utf8;

--
-- Tablo döküm verisi `loader`
--

INSERT INTO `loader` (`id`, `icon`, `back_color`, `durum`, `delay`) VALUES
(1, '45867-836-comment.svg', 'd9f6ff', '0', '200');

-- --------------------------------------------------------

--
-- Tablo için tablo yapısı `lockscreen_ayar`
--

CREATE TABLE `lockscreen_ayar` (
  `id` int(1) NOT NULL DEFAULT 1,
  `ls_bg` varchar(10) DEFAULT NULL,
  `ls_color` varchar(10) DEFAULT NULL,
  `ls_bg_image` varchar(50) DEFAULT NULL,
  `ls_text_color` varchar(10) DEFAULT NULL,
  `ls_button_text_color` varchar(10) DEFAULT NULL,
  `ls_button_color` varchar(10) DEFAULT NULL
) ENGINE=InnoDB DEFAULT CHARSET=latin1;

--
-- Tablo döküm verisi `lockscreen_ayar`
--

INSERT INTO `lockscreen_ayar` (`id`, `ls_bg`, `ls_color`, `ls_bg_image`, `ls_text_color`, `ls_button_text_color`, `ls_button_color`) VALUES
(1, 'ffffff', 'ffffff', 'ls5', 'ffffff', '000000', 'ffffff');

-- --------------------------------------------------------

--
-- Tablo için tablo yapısı `login_log`
--

CREATE TABLE `login_log` (
  `id` int(11) NOT NULL,
  `ip` varchar(22) DEFAULT NULL,
  `tarih` timestamp NULL DEFAULT NULL,
  `durum` varchar(2) DEFAULT NULL,
  `admin_id` varchar(11) DEFAULT NULL
) ENGINE=InnoDB DEFAULT CHARSET=utf8;

-- --------------------------------------------------------

--
-- Tablo için tablo yapısı `mesaj`
--

CREATE TABLE `mesaj` (
  `id` int(11) NOT NULL,
  `isim` varchar(222) DEFAULT NULL,
  `eposta` varchar(222) DEFAULT NULL,
  `telno` varchar(22) DEFAULT NULL,
  `konu` varchar(222) DEFAULT NULL,
  `mesaj` text DEFAULT NULL,
  `durum` varchar(2) DEFAULT NULL,
  `tarih` datetime DEFAULT NULL
) ENGINE=InnoDB DEFAULT CHARSET=utf8;

--
-- Tablo döküm verisi `mesaj`
--

INSERT INTO `mesaj` (`id`, `isim`, `eposta`, `telno`, `konu`, `mesaj`, `durum`, `tarih`) VALUES
(16, 'dsadad', 'ddsa@asdsa.com', '213131312', 'dasdasdasd', 'dsadadada', '1', '2023-01-29 19:54:25'),
(17, 'deneme', 'dsad@asda.com', '2131312', 'aada', 'asdada', '0', '2023-01-29 21:59:57');

-- --------------------------------------------------------

--
-- Tablo için tablo yapısı `mobiltema`
--

CREATE TABLE `mobiltema` (
  `id` int(11) NOT NULL,
  `bar_area` varchar(1) DEFAULT NULL,
  `bar_bg` varchar(11) DEFAULT NULL,
  `bar_color` varchar(11) DEFAULT NULL,
  `bar_border` varchar(11) DEFAULT NULL,
  `round` varchar(1) DEFAULT NULL,
  `sabit` varchar(1) DEFAULT NULL,
  `uye_giris` varchar(1) DEFAULT NULL,
  `sepet` varchar(1) DEFAULT NULL,
  `favori` varchar(1) DEFAULT NULL,
  `sabit_bg` varchar(11) DEFAULT NULL,
  `sabit_text` varchar(11) DEFAULT NULL,
  `sabit_golge` varchar(1) DEFAULT NULL,
  `op_menu_bg` varchar(11) DEFAULT NULL,
  `op_menu_text` varchar(11) DEFAULT NULL,
  `op_menu_hover` varchar(11) DEFAULT NULL,
  `op_menu_hover_text` varchar(11) DEFAULT NULL,
  `op_menu_border` varchar(11) DEFAULT NULL,
  `ara` varchar(1) DEFAULT NULL,
  `ara_home` varchar(1) DEFAULT NULL,
  `ara_bg` varchar(11) DEFAULT NULL,
  `ara_border` varchar(11) DEFAULT NULL,
  `ara_text` varchar(11) DEFAULT NULL,
  `cagri_bg` varchar(11) DEFAULT NULL,
  `cagri_text` varchar(11) DEFAULT NULL,
  `cagri_border` varchar(11) DEFAULT NULL,
  `kapat_bg` varchar(11) DEFAULT NULL,
  `kapat_renk` varchar(11) DEFAULT NULL,
  `alt_border` varchar(11) DEFAULT NULL
) ENGINE=InnoDB DEFAULT CHARSET=utf8;

--
-- Tablo döküm verisi `mobiltema`
--

INSERT INTO `mobiltema` (`id`, `bar_area`, `bar_bg`, `bar_color`, `bar_border`, `round`, `sabit`, `uye_giris`, `sepet`, `favori`, `sabit_bg`, `sabit_text`, `sabit_golge`, `op_menu_bg`, `op_menu_text`, `op_menu_hover`, `op_menu_hover_text`, `op_menu_border`, `ara`, `ara_home`, `ara_bg`, `ara_border`, `ara_text`, `cagri_bg`, `cagri_text`, `cagri_border`, `kapat_bg`, `kapat_renk`, `alt_border`) VALUES
(1, '1', 'ffffff', '000000', 'ebebeb', '1', '1', '1', '1', '1', 'ffffff', '000000', '1', 'ffffff', '000000', 'ed5f1f', 'ffffff', 'ebebeb', '1', '1', 'f8f8f8', 'f8f8f8', '000000', 'f9f9f9', '000000', 'f9f9f9', 'ffffff', '000000', 'ebebeb');

-- --------------------------------------------------------

--
-- Tablo için tablo yapısı `moduller`
--

CREATE TABLE `moduller` (
  `id` int(11) NOT NULL,
  `baslik` varchar(222) DEFAULT NULL,
  `kod` text DEFAULT NULL,
  `sira` int(11) DEFAULT NULL,
  `durum` varchar(2) DEFAULT '1',
  `gorunum` varchar(2) NOT NULL DEFAULT '1',
  `duzenle_url` text DEFAULT NULL,
  `modul_url` text DEFAULT NULL
) ENGINE=InnoDB DEFAULT CHARSET=utf8;

--
-- Tablo döküm verisi `moduller`
--

INSERT INTO `moduller` (`id`, `baslik`, `kod`, `sira`, `durum`, `gorunum`, `duzenle_url`, `modul_url`) VALUES
(1, 'HTML Modül', 'includes/template/_modules/html_modul.php', 15, '0', '1', 'pages.php?page=showcase_html', ''),
(2, 'Hizmetler', 'includes/template/_modules/services.php', 17, '0', '1', 'pages.php?page=theme_services', 'pages.php?page=services'),
(5, 'Sayaç', 'includes/template/_modules/counters.php', 20, '0', '1', 'pages.php?page=theme_client_counter', 'pages.php?page=counters'),
(6, 'Pricing Table', 'includes/template/_modules/pricing_table.php', 16, '0', '1', 'pages.php?page=theme_pricing', 'pages.php?page=pricing_table'),
(7, 'Blog', 'includes/template/_modules/blog.php', 21, '0', '1', 'pages.php?page=theme_blogs', 'pages.php?page=blogs'),
(8, 'Tanıtım Videosu', 'includes/template/_modules/intro_video.php', 18, '0', '1', 'pages.php?page=theme_intro', 'pages.php?page=intro'),
(11, 'Foto Galeri', 'includes/template/_modules/photo_gallery.php', 19, '0', '1', 'pages.php?page=theme_gallery', 'pages.php?page=photo_gallery'),
(12, 'Müşteri Yorumları', 'includes/template/_modules/comments.php', 22, '0', '1', 'pages.php?page=theme_client_comments', 'pages.php?page=client_comments'),
(15, 'E-Bülten', 'includes/template/_modules/bulten.php', 14, '0', '1', 'pages.php?page=theme_enews', 'pages.php?page=sms_numbers'),
(16, 'Ürün Markaları', 'includes/template/_modules/markalar.php', 7, '0', '1', 'pages.php?page=theme_brand', 'pages.php?page=brands'),
(22, 'Tab Seçenekli Ürün Vitrini', 'includes/template/_modules/products.php', 8, '0', '1', 'pages.php?page=theme_showcase_tab', 'pages.php?page=showcase_tabproduct'),
(24, 'Banner + Ürün Vitrini', 'includes/template/_modules/resimli_urun_vitrin.php', 5, '0', '1', 'pages.php?page=theme_showcase_bannerproduct', 'pages.php?page=showcase_bannerproduct'),
(25, 'Ticaret Bilgi Kutuları', 'includes/template/_modules/info_box.php', 13, '0', '1', 'pages.php?page=theme_tbox', 'pages.php?page=commerce_boxes'),
(26, 'Banner Vitrin 2', 'includes/template/_modules/resimli_vitrin_2.php', 11, '0', '1', 'pages.php?page=theme_showcase_banner2', 'pages.php?page=showcase_banner2'),
(27, 'Slider', 'includes/template/_modules/slider.php', 2, '1', '1', 'pages.php?page=theme_slider', 'pages.php?page=top_slider'),
(28, 'Banner Vitrin', 'includes/template/_modules/resimli_vitrin.php', 9, '0', '1', 'pages.php?page=theme_showcase_banner1', 'pages.php?page=showcase_banner1'),
(29, 'Orta Slider', 'includes/template/_modules/slider2.php', 10, '0', '1', 'pages.php?page=theme_slider', 'pages.php?page=middle_slider'),
(30, 'Story', 'includes/template/_modules/story.php', 6, '0', '1', 'pages.php?page=theme_story', 'pages.php?page=stories'),
(31, 'Fırsatlar Vitrini', 'includes/template/_modules/firsat_vitrin.php', 12, '0', '1', 'pages.php?page=theme_showcase_countdown', 'pages.php?page=showcase_countdown'),
(32, 'Canlı Yayın Kayıtları', 'includes/template/_modules/canli_yayin_kayitlari.php', 23, '0', '1', 'pages.php?page=canli_yayin_kayitlari', 'pages.php?page=canli_yayin_kayitlari.php'),
(33, 'Ürün Değerlendirme', 'includes/template/_pages/degerlendirme.php', 4, '0', '1', 'pages.php?page=degerlendirme', 'pages.php?page=degerlendirme'),
(34, 'Modül Yükleme Alanı', 'includes/template/_pages/modulyukle.php', 1, '1', '1', 'pages.php?page=modulyukle', 'pages.php?page=modulyukle'),
(35, 'Kuponlar Alanı', 'includes/template/_pages/kuponGoster.php', 3, '0', '1', 'pages.php?page=kuponGoster', 'pages.php?page=kuponGoster');

-- --------------------------------------------------------

--
-- Tablo için tablo yapısı `modul_yorum`
--

CREATE TABLE `modul_yorum` (
  `id` int(11) NOT NULL,
  `isim` varchar(222) DEFAULT NULL,
  `eposta` varchar(222) DEFAULT NULL,
  `icerik` text DEFAULT NULL,
  `durum` varchar(22) DEFAULT NULL,
  `tarih` datetime DEFAULT NULL,
  `modul` varchar(222) DEFAULT NULL,
  `icerik_id` varchar(222) DEFAULT NULL
) ENGINE=InnoDB DEFAULT CHARSET=utf8;

-- --------------------------------------------------------

--
-- Tablo için tablo yapısı `modul_yorum_ayar`
--

CREATE TABLE `modul_yorum_ayar` (
  `id` int(11) NOT NULL,
  `blog_durum` varchar(2) DEFAULT NULL,
  `hizmet_durum` varchar(2) DEFAULT NULL,
  `yorumlimit` varchar(22) DEFAULT NULL,
  `oto_onay` varchar(2) DEFAULT NULL,
  `tumu_button_bg` varchar(222) DEFAULT NULL,
  `gonder_button_bg` varchar(222) DEFAULT NULL,
  `gorsel` text DEFAULT NULL
) ENGINE=InnoDB DEFAULT CHARSET=utf8;

--
-- Tablo döküm verisi `modul_yorum_ayar`
--

INSERT INTO `modul_yorum_ayar` (`id`, `blog_durum`, `hizmet_durum`, `yorumlimit`, `oto_onay`, `tumu_button_bg`, `gonder_button_bg`, `gorsel`) VALUES
(1, '1', '1', '3', '0', 'button-blue', 'button-black', '94899-372-Solid_black.png');

-- --------------------------------------------------------

--
-- Tablo için tablo yapısı `modul_yorum_begeni`
--

CREATE TABLE `modul_yorum_begeni` (
  `id` int(11) NOT NULL,
  `yorum_id` varchar(22) DEFAULT NULL,
  `ip_adres` varchar(222) DEFAULT NULL,
  `durum` varchar(2) DEFAULT NULL
) ENGINE=InnoDB DEFAULT CHARSET=utf8;

--
-- Tablo döküm verisi `modul_yorum_begeni`
--

INSERT INTO `modul_yorum_begeni` (`id`, `yorum_id`, `ip_adres`, `durum`) VALUES
(166, '58', '46.1.185.65', '0');

-- --------------------------------------------------------

--
-- Tablo için tablo yapısı `n11_islem`
--

CREATE TABLE `n11_islem` (
  `id` int(11) NOT NULL,
  `islem` varchar(22) DEFAULT NULL,
  `tarih` datetime DEFAULT NULL,
  `kat_id` varchar(11) DEFAULT NULL,
  `baslik` varchar(222) DEFAULT NULL,
  `gun` varchar(5) DEFAULT NULL,
  `oran` varchar(10) DEFAULT NULL,
  `yerli` varchar(1) DEFAULT NULL,
  `urun_durum` varchar(1) DEFAULT NULL,
  `sablon` varchar(222) DEFAULT NULL,
  `durum` varchar(1) DEFAULT NULL
) ENGINE=InnoDB DEFAULT CHARSET=utf8;

--
-- Tablo döküm verisi `n11_islem`
--

INSERT INTO `n11_islem` (`id`, `islem`, `tarih`, `kat_id`, `baslik`, `gun`, `oran`, `yerli`, `urun_durum`, `sablon`, `durum`) VALUES
(7, 'import', '2022-02-22 23:04:43', '327', 'AYAKKABI', '3', '10', '0', '1', 'Kargo Şablonu', '0');

-- --------------------------------------------------------

--
-- Tablo için tablo yapısı `n11_urun`
--

CREATE TABLE `n11_urun` (
  `id` int(11) NOT NULL,
  `urun_id` varchar(22) DEFAULT NULL,
  `n11_stok` varchar(11) DEFAULT NULL,
  `n11_desc` text DEFAULT NULL,
  `n11_fiyat` decimal(22,4) DEFAULT NULL,
  `n11_foto` text DEFAULT NULL
) ENGINE=InnoDB DEFAULT CHARSET=utf8;

-- --------------------------------------------------------

--
-- Tablo için tablo yapısı `navigasyon`
--

CREATE TABLE `navigasyon` (
  `id` int(11) NOT NULL,
  `baslik` varchar(222) DEFAULT NULL,
  `url_adres` text DEFAULT NULL,
  `sira` int(11) DEFAULT NULL,
  `ikon` text DEFAULT NULL,
  `dil` varchar(22) DEFAULT NULL,
  `durum` varchar(2) DEFAULT NULL,
  `ust_id` varchar(22) DEFAULT NULL,
  `url_tur` varchar(1) DEFAULT NULL
) ENGINE=InnoDB DEFAULT CHARSET=utf8;

--
-- Tablo döküm verisi `navigasyon`
--

INSERT INTO `navigasyon` (`id`, `baslik`, `url_adres`, `sira`, `ikon`, `dil`, `durum`, `ust_id`, `url_tur`) VALUES
(1, 'Sayfalar', 'sayfa', 1, 'las la-copy', 'tr', '1', '0', ''),
(2, 'Sözleşmeler', 'asdd', 2, 'las la-pencil-alt', 'tr', '1', '0', ''),
(3, 'Hakkımızda', 'sayfa/hakkimizda/', 1, 'las la-angle-double-right', 'tr', '1', '1', '1'),
(4, 'Mesafeli Satış Sözleşmesi', 'sayfa/gizlilik/', 1, 'las la-angle-double-right', 'tr', '1', '2', '1'),
(5, 'Kullanıcı Sözleşmesi', 'sayfa/gizlilik/', 2, 'las la-angle-double-right', 'tr', '1', '2', '1'),
(6, 'Üyelik Sözleşmesi', 'sayfa/gizlilik/', 3, 'las la-angle-double-right', 'tr', '1', '2', '1'),
(7, 'Müşterilerimizin Yorumları', 'musteri-yorumlari/', 2, 'las la-angle-double-right', 'tr', '1', '1', '1'),
(8, 'Sık Sorulan Sorular', 'sss/', 3, 'las la-angle-double-right', 'tr', '1', '1', '1'),
(9, 'Hesap Numaralarımız', 'hesap-numaralarimiz/', 4, 'las la-angle-double-right', 'tr', '1', '1', '1'),
(10, 'Ödeme Bildirimi', 'odeme-bildirimi/', 5, 'las la-angle-double-right', 'tr', '1', '1', '1'),
(11, 'Sipariş Takibi', 'siparis-takip/', 6, 'las la-angle-double-right', 'tr', '1', '1', '1'),
(12, 'İletişim', 'iletisim/', 7, 'las la-angle-double-right', 'tr', '1', '1', '1'),
(13, 'Bilgilendirmeler', 'asdd', 3, 'fa fa-info-circle', 'tr', '1', '0', ''),
(14, 'İptal ve İade Şartları', 'sayfa/iptal-ve-iade-sartlari/', 1, 'las la-angle-double-right', 'tr', '1', '13', '1'),
(15, 'İade Süreci', 'sayfa/iptal-ve-iade-sartlari/', 1, 'las la-angle-double-right', 'tr', '1', '13', '1'),
(16, 'Kargo Süreci', 'sayfa/iptal-ve-iade-sartlari/', 1, 'las la-angle-double-right', 'tr', '1', '13', '1');

-- --------------------------------------------------------

--
-- Tablo için tablo yapısı `odeme_ayar`
--

CREATE TABLE `odeme_ayar` (
  `id` int(11) NOT NULL,
  `siparis_iptal` varchar(2) DEFAULT NULL,
  `siparis_urun_iade` varchar(2) DEFAULT NULL,
  `normalsiparis_durum` varchar(2) DEFAULT NULL,
  `pos_tur` varchar(222) DEFAULT NULL,
  `sepet_sistemi` varchar(2) DEFAULT NULL,
  `sepet_href` varchar(2) DEFAULT NULL,
  `wp_siparis` varchar(2) DEFAULT NULL,
  `wp_no` varchar(22) DEFAULT NULL,
  `kredi_kart` varchar(2) DEFAULT NULL,
  `kredi_kart_doviz_durum` varchar(2) DEFAULT NULL,
  `kredi_kart_siparis_durum` varchar(22) DEFAULT NULL,
  `havale_eft` varchar(2) DEFAULT NULL,
  `havale_siparis_banka_button` varchar(2) DEFAULT NULL,
  `havale_odeme_bildirim` varchar(2) DEFAULT NULL,
  `havale_eft_siparis_durum` varchar(22) DEFAULT NULL,
  `havale_doviz_durum` varchar(2) DEFAULT NULL,
  `kapida_odeme_limit` decimal(22,4) DEFAULT NULL,
  `kapida_odeme_kart` varchar(2) DEFAULT NULL,
  `kapida_odeme_nakit` varchar(2) DEFAULT NULL,
  `kapida_odeme_nakit_tutar` decimal(22,4) DEFAULT NULL,
  `kapida_odeme_kart_tutar` decimal(22,4) DEFAULT NULL,
  `kapida_odeme_siparis_durum` varchar(22) DEFAULT NULL,
  `kapida_odeme_doviz_durum` varchar(2) DEFAULT NULL,
  `sepet_font` text DEFAULT NULL,
  `sepet_urunfiyat_uyari` varchar(2) DEFAULT NULL,
  `sepet_kupon` varchar(22) DEFAULT NULL,
  `sepet_page_button_bg` varchar(22) DEFAULT NULL,
  `alisveris_arkaplan` varchar(22) DEFAULT NULL,
  `sepet_kupon_button` varchar(22) DEFAULT NULL,
  `sepet_havale_goster` varchar(2) DEFAULT NULL,
  `sepet_kdv_goster` varchar(2) DEFAULT NULL,
  `kargo_sistemi` varchar(2) DEFAULT NULL,
  `kargo_sabit` varchar(2) DEFAULT NULL,
  `kargo_sabit_ucret` decimal(22,4) DEFAULT NULL,
  `kargo_limit` decimal(22,4) DEFAULT NULL,
  `kargo_limit_sepet` varchar(22) DEFAULT NULL,
  `kargo_limit_sepet_button` varchar(22) DEFAULT NULL,
  `kargo_limit_sepet_button_size` varchar(22) DEFAULT NULL,
  `kargo_limit_sepet_sayac` varchar(2) DEFAULT NULL,
  `kargo_limit_sepet_sayac_button` varchar(22) DEFAULT NULL,
  `kargo_limit_urundetay` varchar(2) DEFAULT NULL,
  `urun_stok_sinir` varchar(22) DEFAULT NULL,
  `urun_stok_dus` varchar(2) DEFAULT NULL,
  `uyesiz_alisveris` varchar(2) DEFAULT NULL,
  `faturasiz_teslimat` varchar(2) DEFAULT NULL,
  `faturasiz_tc_zorunlu` varchar(2) DEFAULT NULL,
  `teslimat_sehir` varchar(22) DEFAULT NULL,
  `ucretsiz_alisveris` varchar(2) DEFAULT NULL,
  `ucretsiz_alisveris_durum` varchar(22) DEFAULT NULL,
  `urun_karsilastirma` varchar(2) DEFAULT NULL,
  `fiyat_gosterim_uyari` varchar(2) DEFAULT NULL,
  `modal_font` varchar(222) DEFAULT NULL,
  `paytr_id` varchar(222) DEFAULT NULL,
  `paytr_key` varchar(222) DEFAULT NULL,
  `paytr_salt` varchar(222) DEFAULT NULL,
  `taksit_max_paytr` varchar(2) DEFAULT NULL,
  `paytr_tasarim` varchar(2) DEFAULT NULL,
  `paytr_test` varchar(2) DEFAULT NULL,
  `shopier_user` text DEFAULT NULL,
  `shopier_pass` text DEFAULT NULL,
  `iyzico_key` text DEFAULT NULL,
  `iyzico_secure` text DEFAULT NULL,
  `iyzico_taksit_sayi` varchar(22) DEFAULT NULL,
  `iyzico_test` varchar(1) DEFAULT NULL,
  `param_client` varchar(33) DEFAULT NULL,
  `param_user` varchar(33) DEFAULT NULL,
  `param_pass` varchar(33) DEFAULT NULL,
  `param_guid` varchar(33) DEFAULT NULL,
  `param_taksit` varchar(1) DEFAULT '1',
  `puanGoster` varchar(1) NOT NULL DEFAULT '0',
  `puan1` int(11) DEFAULT NULL,
  `puan2` int(11) NOT NULL,
  `puan3` int(11) NOT NULL,
  `puan4` int(11) NOT NULL,
  `oran1` int(11) NOT NULL,
  `oran2` int(11) NOT NULL,
  `oran3` int(11) NOT NULL,
  `oran4` int(11) NOT NULL,
  `depo_sistemi` int(1) NOT NULL DEFAULT 0,
  `puanUyeGrup` int(1) NOT NULL DEFAULT 0
) ENGINE=InnoDB DEFAULT CHARSET=utf8;

--
-- Tablo döküm verisi `odeme_ayar`
--

INSERT INTO `odeme_ayar` (`id`, `siparis_iptal`, `siparis_urun_iade`, `normalsiparis_durum`, `pos_tur`, `sepet_sistemi`, `sepet_href`, `wp_siparis`, `wp_no`, `kredi_kart`, `kredi_kart_doviz_durum`, `kredi_kart_siparis_durum`, `havale_eft`, `havale_siparis_banka_button`, `havale_odeme_bildirim`, `havale_eft_siparis_durum`, `havale_doviz_durum`, `kapida_odeme_limit`, `kapida_odeme_kart`, `kapida_odeme_nakit`, `kapida_odeme_nakit_tutar`, `kapida_odeme_kart_tutar`, `kapida_odeme_siparis_durum`, `kapida_odeme_doviz_durum`, `sepet_font`, `sepet_urunfiyat_uyari`, `sepet_kupon`, `sepet_page_button_bg`, `alisveris_arkaplan`, `sepet_kupon_button`, `sepet_havale_goster`, `sepet_kdv_goster`, `kargo_sistemi`, `kargo_sabit`, `kargo_sabit_ucret`, `kargo_limit`, `kargo_limit_sepet`, `kargo_limit_sepet_button`, `kargo_limit_sepet_button_size`, `kargo_limit_sepet_sayac`, `kargo_limit_sepet_sayac_button`, `kargo_limit_urundetay`, `urun_stok_sinir`, `urun_stok_dus`, `uyesiz_alisveris`, `faturasiz_teslimat`, `faturasiz_tc_zorunlu`, `teslimat_sehir`, `ucretsiz_alisveris`, `ucretsiz_alisveris_durum`, `urun_karsilastirma`, `fiyat_gosterim_uyari`, `modal_font`, `paytr_id`, `paytr_key`, `paytr_salt`, `taksit_max_paytr`, `paytr_tasarim`, `paytr_test`, `shopier_user`, `shopier_pass`, `iyzico_key`, `iyzico_secure`, `iyzico_taksit_sayi`, `iyzico_test`, `param_client`, `param_user`, `param_pass`, `param_guid`, `param_taksit`, `puanGoster`, `puan1`, `puan2`, `puan3`, `puan4`, `oran1`, `oran2`, `oran3`, `oran4`, `depo_sistemi`, `puanUyeGrup`) VALUES
(1, '1', '1', '1', 'paytr', '1', '1', '1', '90', '0', '1', '10', '0', '1', '1', '1', '1', 0.0000, '0', '0', 0.0000, 20.0000, '10', '0', 'Open Sans', '1', '1', 'button-red', 'f3f6f9', 'button-green', '1', '1', '1', '0', 30.0000, 1000.0000, '1', 'button-blue', 'button-2x', '1', 'button-black-out', '0', '2', '1', '1', '0', '1', '0', '1', '11', '1', '1', 'Poppins', '', '', '', '9', '2', '1', '', '', 'sandbox-', 'sandbox-', '5', '1', '', '', '', '', '0', '0', 0, 0, 0, 0, 0, 0, 0, 0, 1, 0);

-- --------------------------------------------------------

--
-- Tablo için tablo yapısı `odeme_bildirim`
--

CREATE TABLE `odeme_bildirim` (
  `id` int(11) NOT NULL,
  `banka` varchar(22) DEFAULT NULL,
  `durum` varchar(2) DEFAULT NULL,
  `gonderen` varchar(222) DEFAULT NULL,
  `siparis_no` varchar(222) DEFAULT NULL,
  `odeme_tutar` decimal(22,4) DEFAULT NULL,
  `parabirimi` varchar(22) DEFAULT NULL,
  `gonderen_not` text DEFAULT NULL,
  `tarih` timestamp NULL DEFAULT NULL,
  `sade_tarih` date DEFAULT NULL
) ENGINE=InnoDB DEFAULT CHARSET=utf8;

-- --------------------------------------------------------

--
-- Tablo için tablo yapısı `operator_not`
--

CREATE TABLE `operator_not` (
  `id` int(11) NOT NULL,
  `tarih` datetime DEFAULT NULL,
  `open` varchar(1) DEFAULT NULL,
  `icerik` text DEFAULT NULL,
  `siparis_no` varchar(22) DEFAULT NULL,
  `operator` varchar(22) DEFAULT NULL
) ENGINE=InnoDB DEFAULT CHARSET=utf8;

-- --------------------------------------------------------

--
-- Tablo için tablo yapısı `page_header`
--

CREATE TABLE `page_header` (
  `id` int(11) NOT NULL,
  `page_id` varchar(22) DEFAULT NULL,
  `page_baslik` varchar(222) DEFAULT NULL,
  `bg_tip` varchar(22) DEFAULT NULL,
  `bg_color` varchar(22) DEFAULT NULL,
  `bg_image` text DEFAULT NULL,
  `bg_durum` varchar(22) DEFAULT NULL,
  `bg_dark` varchar(22) DEFAULT NULL,
  `area` varchar(22) DEFAULT NULL,
  `font_size` varchar(22) DEFAULT NULL,
  `spot_font_size` varchar(22) DEFAULT NULL,
  `font_weight` varchar(22) DEFAULT NULL,
  `padding_top` varchar(22) DEFAULT NULL,
  `padding_bottom` varchar(22) DEFAULT NULL,
  `margin_top` varchar(22) DEFAULT NULL,
  `margin_bottom` varchar(22) DEFAULT NULL,
  `baslik_space` varchar(22) DEFAULT NULL,
  `baslik_font` text DEFAULT NULL,
  `baslik_color` varchar(22) DEFAULT NULL,
  `spot_color` varchar(22) DEFAULT NULL,
  `tip` varchar(2) DEFAULT NULL,
  `durum` varchar(2) DEFAULT '1',
  `border_top` varchar(22) DEFAULT NULL,
  `border_bottom` varchar(22) DEFAULT NULL
) ENGINE=InnoDB DEFAULT CHARSET=utf8;

--
-- Tablo döküm verisi `page_header`
--

INSERT INTO `page_header` (`id`, `page_id`, `page_baslik`, `bg_tip`, `bg_color`, `bg_image`, `bg_durum`, `bg_dark`, `area`, `font_size`, `spot_font_size`, `font_weight`, `padding_top`, `padding_bottom`, `margin_top`, `margin_bottom`, `baslik_space`, `baslik_font`, `baslik_color`, `spot_color`, `tip`, `durum`, `border_top`, `border_bottom`) VALUES
(1, 'htmlsayfa', 'HTML Sayfalar', '1', 'ffffff', '67919-497-10512-376-4132993356910-919-travel-slider-03.jpg', '1', '1', 'center', '24', '13', '600', '20', '20', '0', '0', '', 'Open Sans', '000000', 'ababab', '0', '1', 'ffffff', 'ebebeb'),
(27, 'yorum', 'Müşteri Yorumları', '0', 'f9f9f9', '46000-581-2441903.jpg', '1', '1', 'center', '48', '13', '600', '150', '150', '0', '0', '', 'Open Sans', 'ffffff', 'c9c9c9', '0', '1', 'ffffff', 'ebebeb'),
(28, 'faq', 'Sık Sorulan Sorular', '0', '333333', '6456344392534-134-1_.jpg', '0', '1', 'center', '55', '13', '500', '50', '50', '0', '0', '', 'Poppins', 'ffffff', 'cccccc', '1', '1', '00ff29', '22e5ff'),
(30, 'blog', 'Blog Yazıları', '1', 'FFFFFF', 'sub_bg.jpg', '0', '1', 'center', '30', '13', '400', '25', '25', '0', '0', '', 'Open Sans', '000000', '9C9C9C', '0', '1', 'FFF', 'ebebeb'),
(33, 'hizmet', 'Hizmetler', '1', 'd43867', '538428710898-642-1_-2.jpg', '1', '0', 'left', '28', '12', '400', '15', '15', '0', '0', '', 'Open Sans', 'ffffff', 'ffffff', '1', '1', 'd43867', 'd43867'),
(34, 'pricing', 'Paket Fiyatları', '0', 'e81857', '31594-111-66601-237-9739283967881-677-1657557.jpg', '1', '1', 'center', '24', '13', '400', '30', '30', '0', '0', '', 'Open Sans', 'ffffff', 'ffffff', '0', '1', 'ffffff', 'ffffff'),
(35, 'fotogaleri', 'Foto Galeri', '0', 'FFFFFF', '66601-237-9739283967881-677-1657557.jpg', '0', '1', 'center', '36', '13', '400', '25', '25', '0', '0', '', 'Open Sans', 'ffffff', 'cccccc', '0', '1', 'ffffff', 'ffffff'),
(36, 'iletisim', 'İletişim Sayfası', '1', 'fff', '', '0', '1', '', '20', '12', '700', '25', '25', '0', '0', '', 'Open Sans', '000000', '808080', '1', '1', 'fff', 'ebebeb'),
(37, 'video', 'Video Galeri', '0', '333333', '9739283967881-677-1657557.jpg', '1', '1', '', '35', '13', '400', '30', '30', '0', '0', '', 'Poppins', 'FFFFFF', 'CCCCCC', '1', '1', 'fff', 'fff'),
(40, 'urundetay', 'Ürün Detayları', '1', 'fff', 'cnt.jpg', '0', '1', '', '20', '13', '400', '20', '20', '0', '', '', 'Open Sans', '171717', '000000', '1', '0', 'fff', 'ebebeb'),
(41, 'cart', 'Sepet Sayfası', '1', '092b44', '96642-154-98474-644-headbg-v3_02.02.34.jpg', '0', '1', 'right', '40', '15', '400', '30', '30', '0', '0', '', 'Open Sans', 'ffffff', 'cccccc', '1', '0', 'ffffff', 'ffffff'),
(42, 'cart2', 'Teslimat Sayfası', '1', 'f8f8f8', 'cnt.jpg', '0', '1', 'center', '30', '14', '600', '30', '30', '0', '50', '', 'Open Sans', '000', '666', '1', '0', 'fff', 'ccc'),
(43, 'ordersuccess', 'Sipariş Başarılı', '1', '4DD881', 'cnt.jpg', '0', '1', 'center', '20', '13', '600', '25', '25', '0', '0', '', 'Open Sans', 'FFF', 'FFF', '1', '0', 'ccc', 'ccc'),
(44, 'payment', 'Kredi Kartı ile Ödeme', '0', '4DD881', '', '1', '1', 'center', '20', '13', '600', '25', '25', '0', '0', '', 'Open Sans', 'ffffff', 'ffffff', '1', '0', 'ffffff', 'ebebeb'),
(45, 'cat', 'Kategori Sayfaları', '0', 'fff', '', '0', '0', 'left', '24', '12', '600', '25', '25', '0', '0', '', 'Open Sans', 'ffffff', 'ffffff', '1', '0', 'ffffff', '000000'),
(46, 'bildirim', 'Bildirimler Sayfası', '1', 'f8f8f8', 'cnt.jpg', '0', '1', 'left', '20', '12', '600', '25', '25', '0', '0', '', 'Open Sans', '000', '666', '1', '1', 'fff', 'ebebeb'),
(47, 'banka', 'Banka Hesap Numaraları', '1', 'f8f8f8', 'cnt.jpg', '0', '1', 'left', '20', '12', '600', '25', '25', '0', '0', '', 'Open Sans', '000', '666', '1', '1', 'fff', 'ebebeb'),
(49, 'takip', 'Sipariş Takibi', '1', 'ffffff', '', '0', '1', 'left', '20', '12', '600', '25', '25', '0', '0', '', 'Open Sans', '000000', '666666', '1', '1', 'ffffff', 'ebebeb'),
(50, 'markalar', 'Ürün Marka Detayları', '1', 'fff', 'cnt.jpg', '0', '1', 'left', '20', '12', '600', '25', '25', '0', '0', '', 'Open Sans', '000', '666', '1', '1', 'fff', 'ebebeb'),
(51, 'arama', 'Ürün Arama Sayfası', '1', 'fff', 'cnt.jpg', '0', '1', 'left', '20', '12', '600', '25', '25', '0', '0', '', 'Open Sans', '000', '666', '1', '1', 'fff', 'ebebeb');

-- --------------------------------------------------------

--
-- Tablo için tablo yapısı `panel_ayar`
--

CREATE TABLE `panel_ayar` (
  `id` int(11) NOT NULL,
  `baslik` varchar(222) DEFAULT NULL,
  `footer_text` text DEFAULT NULL,
  `footer_bg` varchar(22) DEFAULT NULL,
  `footer_text_color` varchar(22) DEFAULT NULL,
  `panel_logo` text DEFAULT NULL,
  `fixed_header` varchar(2) DEFAULT NULL,
  `header_cache` varchar(1) DEFAULT NULL,
  `panel_bildirim` varchar(1) DEFAULT NULL,
  `header_order` varchar(1) DEFAULT NULL,
  `header_iptal` varchar(1) DEFAULT NULL,
  `header_iade` varchar(1) DEFAULT NULL,
  `header_ticket` varchar(1) DEFAULT NULL,
  `header_comment` varchar(1) DEFAULT NULL,
  `header_inbox` varchar(1) DEFAULT NULL,
  `headermenu_overlay_op` varchar(11) DEFAULT NULL,
  `shortlink` varchar(1) DEFAULT NULL,
  `dash_alert` varchar(1) DEFAULT NULL,
  `dash_ust` varchar(1) DEFAULT NULL,
  `dash_istatistik` varchar(1) DEFAULT NULL,
  `dash_siparis` varchar(1) DEFAULT NULL,
  `dash_alt` varchar(1) DEFAULT NULL,
  `bekleyen_isler_modal` varchar(1) DEFAULT NULL,
  `editor_dil` varchar(5) DEFAULT NULL,
  `panel_nav` varchar(1) DEFAULT NULL,
  `kayan_menu` varchar(1) DEFAULT '1'
) ENGINE=InnoDB DEFAULT CHARSET=utf8;

--
-- Tablo döküm verisi `panel_ayar`
--

INSERT INTO `panel_ayar` (`id`, `baslik`, `footer_text`, `footer_bg`, `footer_text_color`, `panel_logo`, `fixed_header`, `header_cache`, `panel_bildirim`, `header_order`, `header_iptal`, `header_iade`, `header_ticket`, `header_comment`, `header_inbox`, `headermenu_overlay_op`, `shortlink`, `dash_alert`, `dash_ust`, `dash_istatistik`, `dash_siparis`, `dash_alt`, `bekleyen_isler_modal`, `editor_dil`, `panel_nav`, `kayan_menu`) VALUES
(1, 'Yönetim Paneli', 'Telif Yazısı', 'ffffff', '000000', '2673-373-Dikkat_köpek_var.svg', '1', '1', '1', '1', '1', '1', '1', '1', '1', '0.6', '1', '1', '1', '1', '1', '1', '1', 'tr', '1', '1');

-- --------------------------------------------------------

--
-- Tablo için tablo yapısı `panel_bildirim`
--

CREATE TABLE `panel_bildirim` (
  `id` int(11) NOT NULL,
  `durum` varchar(1) DEFAULT NULL,
  `tarih` timestamp NULL DEFAULT NULL,
  `modul` varchar(22) DEFAULT NULL,
  `icerik_id` varchar(22) DEFAULT NULL
) ENGINE=InnoDB DEFAULT CHARSET=utf8;

--
-- Tablo döküm verisi `panel_bildirim`
--

INSERT INTO `panel_bildirim` (`id`, `durum`, `tarih`, `modul`, `icerik_id`) VALUES
(1, '0', '2023-01-10 16:14:43', 'siparis', '320480999599'),
(2, '1', '2023-01-13 16:15:23', 'urunyorum', '3458348875'),
(3, '0', '2023-01-13 18:27:08', 'urunyorum', '341854424'),
(4, '1', '2023-01-14 02:29:32', 'urunyorum', '2228154270'),
(5, '1', '2023-01-14 02:30:04', 'urunyorum', '5102605438'),
(6, '1', '2023-01-14 02:31:34', 'siparis', '704924865464'),
(7, '0', '2023-01-14 23:02:43', 'urunyorum', '3591309291'),
(8, '0', '2023-01-15 14:23:11', 'urunyorum', '4839986551'),
(9, '1', '2023-01-15 14:23:40', 'urunyorum', '8942147161'),
(10, '1', '2023-01-15 14:24:15', 'urunyorum', '8473010504'),
(11, '1', '2023-01-21 21:11:46', 'urunyorum', '7460623792'),
(12, '1', '2023-03-03 20:44:24', 'siparis', '334882359366'),
(13, '1', '2023-03-03 20:46:05', 'siparis', '126640236584'),
(14, '1', '2023-03-04 22:59:23', 'urunyorum', '7941502407'),
(15, '0', '2023-03-04 23:10:31', 'siparis', '728180198112'),
(16, '0', '2023-03-04 23:24:20', 'urunyorum', '2149876618'),
(17, '0', '2023-03-05 00:27:05', 'urunyorum', '6231448951'),
(18, '0', '2023-03-05 00:30:07', 'urunyorum', '8151221082'),
(19, '1', '2023-03-21 01:53:23', 'siparis', '922760708299');

-- --------------------------------------------------------

--
-- Tablo için tablo yapısı `panel_kisayol`
--

CREATE TABLE `panel_kisayol` (
  `id` int(11) NOT NULL,
  `baslik` varchar(222) DEFAULT NULL,
  `adres_url` text DEFAULT NULL,
  `sira` int(11) DEFAULT NULL,
  `durum` varchar(1) DEFAULT NULL,
  `dil` varchar(22) DEFAULT NULL,
  `admin_id` varchar(22) DEFAULT NULL
) ENGINE=InnoDB DEFAULT CHARSET=utf8;

--
-- Tablo döküm verisi `panel_kisayol`
--

INSERT INTO `panel_kisayol` (`id`, `baslik`, `adres_url`, `sira`, `durum`, `dil`, `admin_id`) VALUES
(11, 'Ürün Listesi', 'pages.php?page=products', 3, '1', 'tr', '10'),
(12, 'Siparişler', 'pages.php?page=orders', 2, '1', 'tr', '10'),
(13, 'Üye Listesi', 'pages.php?page=users', 1, '1', 'tr', '10');

-- --------------------------------------------------------

--
-- Tablo için tablo yapısı `panel_todo`
--

CREATE TABLE `panel_todo` (
  `id` int(11) NOT NULL,
  `baslik` text DEFAULT NULL,
  `tarih` timestamp NULL DEFAULT NULL,
  `durum` varchar(1) DEFAULT NULL,
  `admin_id` varchar(11) DEFAULT NULL,
  `do_tarih` datetime DEFAULT NULL,
  `random_id` varchar(11) DEFAULT NULL
) ENGINE=InnoDB DEFAULT CHARSET=utf8;

--
-- Tablo döküm verisi `panel_todo`
--

INSERT INTO `panel_todo` (`id`, `baslik`, `tarih`, `durum`, `admin_id`, `do_tarih`, `random_id`) VALUES
(49, 'Stok sayımı yapılacak', '2022-02-23 03:21:34', '1', '10', '2022-02-23 00:21:38', '42232559'),
(50, 'Tedarikciden ürün alınacak', '2022-02-23 03:21:58', '0', '10', '0000-00-00 00:00:00', '18365980'),
(51, 'Demo Yapılacak Listesi', '2022-03-03 00:25:00', '1', '10', '2022-03-02 21:25:30', '2160545'),
(52, 'Kargoya verilecek ürünler', '2022-03-03 00:25:21', '0', '10', '0000-00-00 00:00:00', '48792911');

-- --------------------------------------------------------

--
-- Tablo için tablo yapısı `param_taksit`
--

CREATE TABLE `param_taksit` (
  `id` int(11) NOT NULL,
  `taksit_1` decimal(22,4) DEFAULT NULL,
  `taksit_2` decimal(22,4) DEFAULT NULL,
  `taksit_3` decimal(22,4) DEFAULT NULL,
  `taksit_4` decimal(22,4) DEFAULT NULL,
  `taksit_5` decimal(22,4) DEFAULT NULL,
  `taksit_6` decimal(22,4) DEFAULT NULL,
  `taksit_7` decimal(22,4) DEFAULT NULL,
  `taksit_8` decimal(22,4) DEFAULT NULL,
  `taksit_9` decimal(22,4) DEFAULT NULL,
  `taksit_10` decimal(22,4) DEFAULT NULL,
  `taksit_11` decimal(22,4) DEFAULT NULL,
  `taksit_12` decimal(22,4) DEFAULT NULL
) ENGINE=InnoDB DEFAULT CHARSET=utf8;

--
-- Tablo döküm verisi `param_taksit`
--

INSERT INTO `param_taksit` (`id`, `taksit_1`, `taksit_2`, `taksit_3`, `taksit_4`, `taksit_5`, `taksit_6`, `taksit_7`, `taksit_8`, `taksit_9`, `taksit_10`, `taksit_11`, `taksit_12`) VALUES
(1, 0.0000, 1.2000, 2.0000, 2.8500, 2.6000, 3.0000, 3.1000, 3.3000, 3.6000, 4.0000, 999.0000, 4.8000);

-- --------------------------------------------------------

--
-- Tablo için tablo yapısı `parasut`
--

CREATE TABLE `parasut` (
  `id` int(11) NOT NULL,
  `client_id` varchar(111) DEFAULT NULL,
  `client_secret` varchar(111) DEFAULT NULL,
  `username` varchar(111) DEFAULT NULL,
  `password` varchar(111) DEFAULT NULL,
  `redirect_uri` varchar(111) DEFAULT NULL,
  `company_id` varchar(22) DEFAULT NULL,
  `durum` varchar(1) DEFAULT NULL,
  `kasa` varchar(22) DEFAULT NULL
) ENGINE=InnoDB DEFAULT CHARSET=utf8;

--
-- Tablo döküm verisi `parasut`
--

INSERT INTO `parasut` (`id`, `client_id`, `client_secret`, `username`, `password`, `redirect_uri`, `company_id`, `durum`, `kasa`) VALUES
(1, '', '', '', '', '', '', '0', ' ');

-- --------------------------------------------------------

--
-- Tablo için tablo yapısı `parasut_fatura`
--

CREATE TABLE `parasut_fatura` (
  `id` int(11) NOT NULL,
  `durum` varchar(22) DEFAULT NULL,
  `fatura_id` varchar(22) DEFAULT NULL,
  `siparis_no` varchar(22) DEFAULT NULL,
  `resmi` varchar(1) DEFAULT NULL,
  `tur` varchar(22) DEFAULT NULL,
  `tur_id` varchar(22) DEFAULT NULL,
  `musteri_id` varchar(22) DEFAULT NULL,
  `musteri_vn` varchar(22) DEFAULT NULL,
  `aciklama` text DEFAULT NULL,
  `tarih` varchar(22) DEFAULT NULL,
  `son_tarih` varchar(22) DEFAULT NULL,
  `seri_no` varchar(11) DEFAULT NULL,
  `sira_no` varchar(11) DEFAULT NULL,
  `doviz` varchar(11) DEFAULT NULL,
  `irsaliye` varchar(1) DEFAULT NULL,
  `kasa_id` varchar(11) DEFAULT NULL,
  `pdf_url` text DEFAULT NULL
) ENGINE=InnoDB DEFAULT CHARSET=utf8;

-- --------------------------------------------------------

--
-- Tablo için tablo yapısı `para_birimleri`
--

CREATE TABLE `para_birimleri` (
  `id` int(11) NOT NULL,
  `kod` varchar(22) DEFAULT NULL,
  `baslik` varchar(22) DEFAULT NULL,
  `sol_simge` varchar(22) DEFAULT NULL,
  `sag_simge` varchar(22) DEFAULT NULL,
  `simge_gosterim` varchar(2) DEFAULT NULL,
  `deger` decimal(22,4) DEFAULT NULL,
  `varsayilan` varchar(2) DEFAULT NULL,
  `durum` varchar(2) DEFAULT NULL,
  `para_format` varchar(22) DEFAULT NULL,
  `sira` int(11) DEFAULT NULL,
  `son_guncel` timestamp NULL DEFAULT NULL,
  `bozuk_para` varchar(10) DEFAULT NULL
) ENGINE=InnoDB DEFAULT CHARSET=utf8;

--
-- Tablo döküm verisi `para_birimleri`
--

INSERT INTO `para_birimleri` (`id`, `kod`, `baslik`, `sol_simge`, `sag_simge`, `simge_gosterim`, `deger`, `varsayilan`, `durum`, `para_format`, `sira`, `son_guncel`, `bozuk_para`) VALUES
(1, 'TRY', 'Türk Lirası', '₺', '₺', '3', 1.0000, '1', '1', '2', 1, '2022-06-14 05:02:07', 'Kr'),
(2, 'USD', 'Dolar', '$', '$', '2', 18.9247, '0', '0', '2', 2, '2023-03-08 00:53:54', '$'),
(3, 'EUR', 'Euro', '€', 'EUR', '0', 20.1508, '0', '0', '2', 3, '2023-03-01 14:37:51', ''),
(6, 'GBP', 'İngiliz Sterlini', '£', 'GBP', '2', 22.8721, '0', '0', '2', 4, '2023-03-01 14:37:51', '');

-- --------------------------------------------------------

--
-- Tablo için tablo yapısı `pazaryeri`
--

CREATE TABLE `pazaryeri` (
  `id` int(11) NOT NULL,
  `n11_durum` varchar(1) DEFAULT NULL,
  `n11_api` varchar(222) DEFAULT NULL,
  `n11_secret` varchar(222) DEFAULT NULL,
  `n11_sablon` varchar(222) DEFAULT NULL,
  `n11_aciklama` text DEFAULT NULL,
  `hb_durum` varchar(1) DEFAULT NULL,
  `hb_user` varchar(111) DEFAULT NULL,
  `hb_pass` varchar(111) DEFAULT NULL,
  `hb_merchant` varchar(111) DEFAULT NULL,
  `hb_garanti` varchar(11) DEFAULT NULL,
  `ty_durum` varchar(1) DEFAULT NULL,
  `ty_bayi` varchar(33) DEFAULT NULL,
  `ty_api` varchar(222) DEFAULT NULL,
  `ty_secret` varchar(222) DEFAULT NULL,
  `ty_kargo` varchar(33) DEFAULT NULL,
  `ty_taksit` varchar(11) DEFAULT NULL
) ENGINE=InnoDB DEFAULT CHARSET=utf8;

--
-- Tablo döküm verisi `pazaryeri`
--

INSERT INTO `pazaryeri` (`id`, `n11_durum`, `n11_api`, `n11_secret`, `n11_sablon`, `n11_aciklama`, `hb_durum`, `hb_user`, `hb_pass`, `hb_merchant`, `hb_garanti`, `ty_durum`, `ty_bayi`, `ty_api`, `ty_secret`, `ty_kargo`, `ty_taksit`) VALUES
(1, '0', '', '', '', '<p>Bu &Uuml;r&uuml;n Wise Soft N11 Entegrasyonu ile Girilmiştir.</p>\n\n<div id=\"gtx-trans\" style=\"position: absolute; left: 132px; top: 36px;\">\n\n<div class=\"gtx-trans-icon\">&nbsp;</div>\n\n</div>', '0', 'phptema_dev', '!OGcNUVNRNItWt', '', '', '0', '', '', '', '1', '0');

-- --------------------------------------------------------

--
-- Tablo için tablo yapısı `popup`
--

CREATE TABLE `popup` (
  `id` int(11) NOT NULL,
  `durum` varchar(2) DEFAULT NULL,
  `tur` varchar(2) DEFAULT NULL,
  `gorsel` text DEFAULT NULL,
  `embed` text DEFAULT NULL,
  `ip_durum` varchar(22) DEFAULT NULL,
  `delay` varchar(22) DEFAULT NULL,
  `url` text DEFAULT NULL,
  `url_target` varchar(2) DEFAULT NULL,
  `padding` varchar(22) DEFAULT NULL,
  `tarih_durum` varchar(2) DEFAULT NULL,
  `tarih` date DEFAULT NULL,
  `gerisayimbaslik` varchar(255) DEFAULT NULL,
  `backgroundcolor` varchar(255) DEFAULT NULL
) ENGINE=InnoDB DEFAULT CHARSET=utf8;

--
-- Tablo döküm verisi `popup`
--

INSERT INTO `popup` (`id`, `durum`, `tur`, `gorsel`, `embed`, `ip_durum`, `delay`, `url`, `url_target`, `padding`, `tarih_durum`, `tarih`, `gerisayimbaslik`, `backgroundcolor`) VALUES
(1, '0', '1', '', '', 'no', '0', 'https://wisesoft.com.tr', '1', '0', '0', '2023-02-16', 'Kalan Süre', '#000000');

-- --------------------------------------------------------

--
-- Tablo için tablo yapısı `pricing`
--

CREATE TABLE `pricing` (
  `id` int(11) NOT NULL,
  `baslik` varchar(222) DEFAULT NULL,
  `baslik_kat` varchar(222) DEFAULT NULL,
  `url_button` varchar(222) DEFAULT NULL,
  `fiyat` decimal(22,4) DEFAULT NULL,
  `dil` varchar(22) DEFAULT NULL,
  `durum` varchar(2) DEFAULT NULL,
  `tavsiye` varchar(2) DEFAULT NULL,
  `tavsiye_renk` varchar(22) DEFAULT NULL,
  `tavsiye_yazi_renk` varchar(22) DEFAULT NULL,
  `sira` int(11) DEFAULT NULL,
  `odeme_sure` varchar(222) DEFAULT NULL,
  `kutu_arkaplan` varchar(22) DEFAULT NULL,
  `kutu_baslik_renk` varchar(222) DEFAULT NULL,
  `kutu_price_bg` varchar(222) DEFAULT NULL,
  `kutu_price_yazi_renk` varchar(22) DEFAULT NULL,
  `urun_id` varchar(33) DEFAULT NULL,
  `url_tur` varchar(2) DEFAULT NULL,
  `url_adres` text DEFAULT NULL,
  `url_yazi` varchar(222) DEFAULT NULL,
  `kat_id` varchar(11) DEFAULT NULL
) ENGINE=InnoDB DEFAULT CHARSET=utf8;

-- --------------------------------------------------------

--
-- Tablo için tablo yapısı `pricing_ayar`
--

CREATE TABLE `pricing_ayar` (
  `id` int(11) NOT NULL,
  `padding` varchar(22) DEFAULT NULL,
  `baslik_renk` varchar(22) DEFAULT NULL,
  `spot_renk` varchar(22) DEFAULT NULL,
  `tags` text DEFAULT NULL,
  `meta_desc` text DEFAULT NULL,
  `margin` varchar(22) DEFAULT NULL,
  `tablo_limit` varchar(22) DEFAULT NULL,
  `bg_tip` varchar(22) DEFAULT NULL,
  `bg_color` varchar(22) DEFAULT NULL,
  `bg_image` text DEFAULT NULL,
  `bg_durum` varchar(22) DEFAULT NULL,
  `bg_dark` varchar(22) DEFAULT NULL,
  `baslik_font` varchar(222) DEFAULT NULL,
  `baslik_space` varchar(22) DEFAULT NULL,
  `pricingayar_border` varchar(22) DEFAULT NULL,
  `pricing_basliktip` varchar(2) DEFAULT NULL,
  `pricing_baslik_cizgi` varchar(22) DEFAULT NULL,
  `pricing_baslik_bg` varchar(22) DEFAULT NULL,
  `detay_bg` varchar(22) DEFAULT NULL,
  `tab_bg` varchar(22) DEFAULT NULL,
  `tab_text` varchar(22) DEFAULT NULL,
  `tab_act_bg` varchar(22) DEFAULT NULL,
  `tab_act_text` varchar(22) DEFAULT NULL,
  `tab_font_size` varchar(22) DEFAULT NULL,
  `tab_shadow` varchar(1) DEFAULT NULL,
  `tab_radius` varchar(11) DEFAULT NULL
) ENGINE=InnoDB DEFAULT CHARSET=utf8;

--
-- Tablo döküm verisi `pricing_ayar`
--

INSERT INTO `pricing_ayar` (`id`, `padding`, `baslik_renk`, `spot_renk`, `tags`, `meta_desc`, `margin`, `tablo_limit`, `bg_tip`, `bg_color`, `bg_image`, `bg_durum`, `bg_dark`, `baslik_font`, `baslik_space`, `pricingayar_border`, `pricing_basliktip`, `pricing_baslik_cizgi`, `pricing_baslik_bg`, `detay_bg`, `tab_bg`, `tab_text`, `tab_act_bg`, `tab_act_text`, `tab_font_size`, `tab_shadow`, `tab_radius`) VALUES
(1, '20', '000000', '8a8a8a', '1,2', '2', '0', '6', '1', 'f3f6f9', '', '1', '1', 'Roboto Condensed', '', 'ebebeb', '1', 'dddddd', 'f3f6f9', 'f3f6f9', 'd63766', 'ffffff', 'ffffff', '000000', '18', '0', '100');

-- --------------------------------------------------------

--
-- Tablo için tablo yapısı `pricing_kat`
--

CREATE TABLE `pricing_kat` (
  `id` int(11) NOT NULL,
  `baslik` varchar(222) DEFAULT NULL,
  `dil` varchar(5) DEFAULT NULL,
  `sira` int(11) DEFAULT NULL,
  `tab_durum` varchar(1) DEFAULT NULL,
  `durum` varchar(1) DEFAULT NULL,
  `meta_desc` text DEFAULT NULL,
  `tags` text DEFAULT NULL,
  `seo_url` varchar(222) DEFAULT NULL,
  `seo_baslik` varchar(222) DEFAULT NULL
) ENGINE=InnoDB DEFAULT CHARSET=utf8;

-- --------------------------------------------------------

--
-- Tablo için tablo yapısı `pricing_ozellik`
--

CREATE TABLE `pricing_ozellik` (
  `id` int(11) NOT NULL,
  `baslik` text DEFAULT NULL,
  `spot` text DEFAULT NULL,
  `pr_id` varchar(22) DEFAULT NULL,
  `sira` int(11) DEFAULT NULL,
  `dil` varchar(22) DEFAULT NULL,
  `bg_renk` varchar(22) DEFAULT NULL,
  `yazi_renk` varchar(22) DEFAULT NULL
) ENGINE=InnoDB DEFAULT CHARSET=utf8;

-- --------------------------------------------------------

--
-- Tablo için tablo yapısı `print_tema`
--

CREATE TABLE `print_tema` (
  `id` int(11) NOT NULL,
  `kod` text DEFAULT NULL,
  `arkaplan` text DEFAULT NULL,
  `width` varchar(8) DEFAULT NULL,
  `height` varchar(8) DEFAULT NULL,
  `modul` varchar(22) DEFAULT NULL,
  `baslik` varchar(222) DEFAULT NULL,
  `varsayilan` varchar(1) DEFAULT NULL,
  `kod_duz` text DEFAULT NULL
) ENGINE=InnoDB DEFAULT CHARSET=utf8;

--
-- Tablo döküm verisi `print_tema`
--

INSERT INTO `print_tema` (`id`, `kod`, `arkaplan`, `width`, `height`, `modul`, `baslik`, `varsayilan`, `kod_duz`) VALUES
(8, '[{&quot;name&quot;:&quot;OrderNumber&quot;,&quot;description&quot;:&quot;{OrderNumber}&quot;,&quot;left&quot;:0,&quot;top&quot;:0,&quot;width&quot;:35,&quot;height&quot;:7,&quot;fontFamily&quot;:&quot;&quot;Open Sans&quot;&quot;,&quot;fontSize&quot;:11,&quot;fontWeight&quot;:&quot;normal&quot;,&quot;fontStyle&quot;:&quot;normal&quot;,&quot;textAlign&quot;:&quot;left&quot;,&quot;transform&quot;:&quot;rotate(0deg)&quot;},{&quot;name&quot;:&quot;OrderNumberBarcode&quot;,&quot;description&quot;:&quot;{OrderNumberBarcode}&quot;,&quot;left&quot;:147,&quot;top&quot;:0,&quot;width&quot;:55,&quot;height&quot;:7,&quot;fontFamily&quot;:&quot;&quot;Open Sans&quot;&quot;,&quot;fontSize&quot;:11,&quot;fontWeight&quot;:&quot;normal&quot;,&quot;fontStyle&quot;:&quot;normal&quot;,&quot;textAlign&quot;:&quot;right&quot;,&quot;transform&quot;:&quot;rotate(0deg)&quot;},{&quot;name&quot;:&quot;OrderDate&quot;,&quot;description&quot;:&quot;{OrderDate}&quot;,&quot;left&quot;:0,&quot;top&quot;:7,&quot;width&quot;:40,&quot;height&quot;:7,&quot;fontFamily&quot;:&quot;&quot;Open Sans&quot;&quot;,&quot;fontSize&quot;:11,&quot;fontWeight&quot;:&quot;normal&quot;,&quot;fontStyle&quot;:&quot;normal&quot;,&quot;textAlign&quot;:&quot;left&quot;,&quot;transform&quot;:&quot;rotate(0deg)&quot;},{&quot;name&quot;:&quot;OrderTotal&quot;,&quot;description&quot;:&quot;{OrderTotal}&quot;,&quot;left&quot;:162,&quot;top&quot;:213,&quot;width&quot;:40,&quot;height&quot;:7,&quot;fontFamily&quot;:&quot;&quot;Open Sans&quot;&quot;,&quot;fontSize&quot;:11,&quot;fontWeight&quot;:&quot;normal&quot;,&quot;fontStyle&quot;:&quot;normal&quot;,&quot;textAlign&quot;:&quot;right&quot;,&quot;transform&quot;:&quot;rotate(0deg)&quot;},{&quot;name&quot;:&quot;text-item&quot;,&quot;description&quot;:&quot;Şirket Adı&quot;,&quot;left&quot;:39,&quot;top&quot;:89,&quot;width&quot;:50,&quot;height&quot;:10,&quot;fontFamily&quot;:&quot;&quot;Open Sans&quot;&quot;,&quot;fontSize&quot;:12,&quot;fontWeight&quot;:&quot;normal&quot;,&quot;fontStyle&quot;:&quot;normal&quot;,&quot;textAlign&quot;:&quot;left&quot;,&quot;transform&quot;:&quot;rotate(0deg)&quot;},{&quot;name&quot;:&quot;BillingName&quot;,&quot;description&quot;:&quot;{BillingName}&quot;,&quot;left&quot;:135,&quot;top&quot;:111,&quot;width&quot;:40,&quot;height&quot;:7,&quot;fontFamily&quot;:&quot;&quot;Open Sans&quot;&quot;,&quot;fontSize&quot;:11,&quot;fontWeight&quot;:&quot;normal&quot;,&quot;fontStyle&quot;:&quot;normal&quot;,&quot;textAlign&quot;:&quot;left&quot;,&quot;transform&quot;:&quot;rotate(0deg)&quot;},{&quot;name&quot;:&quot;ProductName&quot;,&quot;description&quot;:&quot;{ProductName}&quot;,&quot;left&quot;:12,&quot;top&quot;:153,&quot;width&quot;:93,&quot;height&quot;:39,&quot;fontFamily&quot;:&quot;&quot;Open Sans&quot;&quot;,&quot;fontSize&quot;:11,&quot;fontWeight&quot;:&quot;normal&quot;,&quot;fontStyle&quot;:&quot;normal&quot;,&quot;textAlign&quot;:&quot;left&quot;,&quot;transform&quot;:&quot;rotate(0deg)&quot;},{&quot;name&quot;:&quot;ProductQuantity&quot;,&quot;description&quot;:&quot;{ProductQuantity}&quot;,&quot;left&quot;:123,&quot;top&quot;:153,&quot;width&quot;:17,&quot;height&quot;:38,&quot;fontFamily&quot;:&quot;&quot;Open Sans&quot;&quot;,&quot;fontSize&quot;:10,&quot;fontWeight&quot;:&quot;normal&quot;,&quot;fontStyle&quot;:&quot;normal&quot;,&quot;textAlign&quot;:&quot;center&quot;,&quot;transform&quot;:&quot;rotate(0deg)&quot;},{&quot;name&quot;:&quot;OrderStatus&quot;,&quot;description&quot;:&quot;{OrderStatus}&quot;,&quot;left&quot;:0,&quot;top&quot;:14,&quot;width&quot;:38,&quot;height&quot;:6,&quot;fontFamily&quot;:&quot;&quot;Open Sans&quot;&quot;,&quot;fontSize&quot;:11,&quot;fontWeight&quot;:&quot;normal&quot;,&quot;fontStyle&quot;:&quot;normal&quot;,&quot;textAlign&quot;:&quot;left&quot;,&quot;transform&quot;:&quot;rotate(0deg)&quot;},{&quot;name&quot;:&quot;ProductCountAmount&quot;,&quot;description&quot;:&quot;{ProductCountAmount}&quot;,&quot;left&quot;:158,&quot;top&quot;:153,&quot;width&quot;:20,&quot;height&quot;:38,&quot;fontFamily&quot;:&quot;&quot;Open Sans&quot;&quot;,&quot;fontSize&quot;:10,&quot;fontWeight&quot;:&quot;normal&quot;,&quot;fontStyle&quot;:&quot;normal&quot;,&quot;textAlign&quot;:&quot;left&quot;,&quot;transform&quot;:&quot;rotate(0deg)&quot;},{&quot;name&quot;:&quot;ProductTotalAmount&quot;,&quot;description&quot;:&quot;{ProductTotalAmount}&quot;,&quot;left&quot;:177,&quot;top&quot;:153,&quot;width&quot;:23,&quot;height&quot;:44,&quot;fontFamily&quot;:&quot;&quot;Open Sans&quot;&quot;,&quot;fontSize&quot;:10,&quot;fontWeight&quot;:&quot;normal&quot;,&quot;fontStyle&quot;:&quot;normal&quot;,&quot;textAlign&quot;:&quot;left&quot;,&quot;transform&quot;:&quot;rotate(0deg)&quot;},{&quot;name&quot;:&quot;ProductVat&quot;,&quot;description&quot;:&quot;{ProductVat}&quot;,&quot;left&quot;:104,&quot;top&quot;:153,&quot;width&quot;:18,&quot;height&quot;:35,&quot;fontFamily&quot;:&quot;&quot;Open Sans&quot;&quot;,&quot;fontSize&quot;:10,&quot;fontWeight&quot;:&quot;normal&quot;,&quot;fontStyle&quot;:&quot;normal&quot;,&quot;textAlign&quot;:&quot;left&quot;,&quot;transform&quot;:&quot;rotate(0deg)&quot;},{&quot;name&quot;:&quot;TextOrderTotal&quot;,&quot;description&quot;:&quot;{TextOrderTotal}&quot;,&quot;left&quot;:147,&quot;top&quot;:202,&quot;width&quot;:55,&quot;height&quot;:7,&quot;fontFamily&quot;:&quot;&quot;Open Sans&quot;&quot;,&quot;fontSize&quot;:11,&quot;fontWeight&quot;:&quot;normal&quot;,&quot;fontStyle&quot;:&quot;normal&quot;,&quot;textAlign&quot;:&quot;right&quot;,&quot;transform&quot;:&quot;rotate(0deg)&quot;}]', '', '210', '300', 'invoice', 'Sipariş Faturaları', '1', '[{\"name\":\"OrderNumber\",\"description\":\"{OrderNumber}\",\"left\":0,\"top\":0,\"width\":35,\"height\":7,\"fontFamily\":\"\\\"Open Sans\\\"\",\"fontSize\":11,\"fontWeight\":\"normal\",\"fontStyle\":\"normal\",\"textAlign\":\"left\",\"transform\":\"rotate(0deg)\"},{\"name\":\"OrderNumberBarcode\",\"description\":\"{OrderNumberBarcode}\",\"left\":147,\"top\":0,\"width\":55,\"height\":7,\"fontFamily\":\"\\\"Open Sans\\\"\",\"fontSize\":11,\"fontWeight\":\"normal\",\"fontStyle\":\"normal\",\"textAlign\":\"right\",\"transform\":\"rotate(0deg)\"},{\"name\":\"OrderDate\",\"description\":\"{OrderDate}\",\"left\":0,\"top\":7,\"width\":40,\"height\":7,\"fontFamily\":\"\\\"Open Sans\\\"\",\"fontSize\":11,\"fontWeight\":\"normal\",\"fontStyle\":\"normal\",\"textAlign\":\"left\",\"transform\":\"rotate(0deg)\"},{\"name\":\"OrderTotal\",\"description\":\"{OrderTotal}\",\"left\":162,\"top\":213,\"width\":40,\"height\":7,\"fontFamily\":\"\\\"Open Sans\\\"\",\"fontSize\":11,\"fontWeight\":\"normal\",\"fontStyle\":\"normal\",\"textAlign\":\"right\",\"transform\":\"rotate(0deg)\"},{\"name\":\"text-item\",\"description\":\"Şirket Adı\",\"left\":39,\"top\":89,\"width\":50,\"height\":10,\"fontFamily\":\"\\\"Open Sans\\\"\",\"fontSize\":12,\"fontWeight\":\"normal\",\"fontStyle\":\"normal\",\"textAlign\":\"left\",\"transform\":\"rotate(0deg)\"},{\"name\":\"BillingName\",\"description\":\"{BillingName}\",\"left\":135,\"top\":111,\"width\":40,\"height\":7,\"fontFamily\":\"\\\"Open Sans\\\"\",\"fontSize\":11,\"fontWeight\":\"normal\",\"fontStyle\":\"normal\",\"textAlign\":\"left\",\"transform\":\"rotate(0deg)\"},{\"name\":\"ProductName\",\"description\":\"{ProductName}\",\"left\":12,\"top\":153,\"width\":93,\"height\":39,\"fontFamily\":\"\\\"Open Sans\\\"\",\"fontSize\":11,\"fontWeight\":\"normal\",\"fontStyle\":\"normal\",\"textAlign\":\"left\",\"transform\":\"rotate(0deg)\"},{\"name\":\"ProductQuantity\",\"description\":\"{ProductQuantity}\",\"left\":123,\"top\":153,\"width\":17,\"height\":38,\"fontFamily\":\"\\\"Open Sans\\\"\",\"fontSize\":10,\"fontWeight\":\"normal\",\"fontStyle\":\"normal\",\"textAlign\":\"center\",\"transform\":\"rotate(0deg)\"},{\"name\":\"OrderStatus\",\"description\":\"{OrderStatus}\",\"left\":0,\"top\":14,\"width\":38,\"height\":6,\"fontFamily\":\"\\\"Open Sans\\\"\",\"fontSize\":11,\"fontWeight\":\"normal\",\"fontStyle\":\"normal\",\"textAlign\":\"left\",\"transform\":\"rotate(0deg)\"},{\"name\":\"ProductCountAmount\",\"description\":\"{ProductCountAmount}\",\"left\":158,\"top\":153,\"width\":20,\"height\":38,\"fontFamily\":\"\\\"Open Sans\\\"\",\"fontSize\":10,\"fontWeight\":\"normal\",\"fontStyle\":\"normal\",\"textAlign\":\"left\",\"transform\":\"rotate(0deg)\"},{\"name\":\"ProductTotalAmount\",\"description\":\"{ProductTotalAmount}\",\"left\":177,\"top\":153,\"width\":23,\"height\":44,\"fontFamily\":\"\\\"Open Sans\\\"\",\"fontSize\":10,\"fontWeight\":\"normal\",\"fontStyle\":\"normal\",\"textAlign\":\"left\",\"transform\":\"rotate(0deg)\"},{\"name\":\"ProductVat\",\"description\":\"{ProductVat}\",\"left\":104,\"top\":153,\"width\":18,\"height\":35,\"fontFamily\":\"\\\"Open Sans\\\"\",\"fontSize\":10,\"fontWeight\":\"normal\",\"fontStyle\":\"normal\",\"textAlign\":\"left\",\"transform\":\"rotate(0deg)\"},{\"name\":\"TextOrderTotal\",\"description\":\"{TextOrderTotal}\",\"left\":147,\"top\":202,\"width\":55,\"height\":7,\"fontFamily\":\"\\\"Open Sans\\\"\",\"fontSize\":11,\"fontWeight\":\"normal\",\"fontStyle\":\"normal\",\"textAlign\":\"right\",\"transform\":\"rotate(0deg)\"}]');

-- --------------------------------------------------------

--
-- Tablo için tablo yapısı `sayac`
--

CREATE TABLE `sayac` (
  `id` int(1) NOT NULL,
  `baslik` varchar(222) DEFAULT NULL,
  `count` varchar(22) DEFAULT NULL,
  `icon` varchar(222) DEFAULT NULL,
  `plus` varchar(2) DEFAULT NULL,
  `sira` int(11) DEFAULT NULL,
  `dil` varchar(22) DEFAULT NULL,
  `durum` varchar(2) DEFAULT NULL
) ENGINE=InnoDB DEFAULT CHARSET=utf8;

--
-- Tablo döküm verisi `sayac`
--

INSERT INTO `sayac` (`id`, `baslik`, `count`, `icon`, `plus`, `sira`, `dil`, `durum`) VALUES
(1, 'MUTLU MÜŞTERİ', '1000', '', '1', 1, 'tr', '1'),
(2, 'ÇALIŞAN SAYISI', '50', '', '0', 2, 'tr', '1'),
(3, 'ŞUBE SAYISI', '12', '', '0', 3, 'tr', '1'),
(4, 'OLUMLU GERİDÖNÜŞ', '16000', '', '1', 4, 'tr', '1');

-- --------------------------------------------------------

--
-- Tablo için tablo yapısı `sayac_ayar`
--

CREATE TABLE `sayac_ayar` (
  `id` int(11) NOT NULL,
  `padding` varchar(22) DEFAULT NULL,
  `margin` varchar(22) DEFAULT NULL,
  `bg_tip` varchar(22) DEFAULT NULL,
  `bg_color` varchar(22) DEFAULT NULL,
  `bg_image` text DEFAULT NULL,
  `bg_durum` varchar(22) DEFAULT NULL,
  `bg_dark` varchar(2) DEFAULT NULL,
  `yazi_renk` varchar(22) DEFAULT NULL,
  `border` varchar(9) DEFAULT NULL,
  `yazi_font` varchar(222) DEFAULT NULL,
  `yazi_space` varchar(222) DEFAULT NULL,
  `sayacayar_border` varchar(22) DEFAULT NULL
) ENGINE=InnoDB DEFAULT CHARSET=utf8;

--
-- Tablo döküm verisi `sayac_ayar`
--

INSERT INTO `sayac_ayar` (`id`, `padding`, `margin`, `bg_tip`, `bg_color`, `bg_image`, `bg_durum`, `bg_dark`, `yazi_renk`, `border`, `yazi_font`, `yazi_space`, `sayacayar_border`) VALUES
(1, '50', '0', '1', 'ffffff', '7522-809-5939746391414-237-counter_bg.jpg', '1', '0', '000000', '1', 'Roboto Condensed', 'lspacsmall_2', 'ffffff');

-- --------------------------------------------------------

--
-- Tablo için tablo yapısı `sepet`
--

CREATE TABLE `sepet` (
  `id` int(11) NOT NULL,
  `urun_id` varchar(22) DEFAULT NULL,
  `uye_id` varchar(22) DEFAULT NULL,
  `uye_ozel_fiyat` varchar(2) DEFAULT NULL,
  `fiyat_eski` decimal(22,4) DEFAULT NULL,
  `fiyat` decimal(22,4) DEFAULT NULL,
  `fiyat_2` decimal(22,4) DEFAULT NULL,
  `fiyat_3` decimal(22,4) DEFAULT NULL,
  `havale_fiyat` decimal(22,4) DEFAULT NULL,
  `ek_fiyat` decimal(22,4) DEFAULT NULL,
  `ek_fiyat_tekil` decimal(22,4) DEFAULT NULL,
  `varyant` varchar(22) DEFAULT NULL,
  `varyant_stok_durum` varchar(2) DEFAULT NULL,
  `kdv_durum` varchar(2) DEFAULT NULL,
  `kdvsiz_fiyat` decimal(22,4) DEFAULT NULL,
  `kdv_tutar` decimal(22,4) DEFAULT NULL,
  `havale_kdvsiz_fiyat` decimal(22,4) DEFAULT NULL,
  `havale_kdv_tutar` decimal(22,4) DEFAULT NULL,
  `kargo_tutar` decimal(22,4) DEFAULT NULL,
  `ip` varchar(222) DEFAULT NULL,
  `adet` varchar(22) DEFAULT NULL,
  `taksit` varchar(2) DEFAULT NULL,
  `sepetno` varchar(22) DEFAULT NULL,
  `sepet_durum` varchar(22) DEFAULT NULL,
  `fiyat_durum` varchar(2) DEFAULT NULL,
  `kargo_tipi` varchar(2) DEFAULT NULL,
  `fiyat_4` decimal(22,4) DEFAULT NULL,
  `fiyat_5` decimal(22,4) DEFAULT NULL
) ENGINE=InnoDB DEFAULT CHARSET=utf8;

--
-- Tablo döküm verisi `sepet`
--

INSERT INTO `sepet` (`id`, `urun_id`, `uye_id`, `uye_ozel_fiyat`, `fiyat_eski`, `fiyat`, `fiyat_2`, `fiyat_3`, `havale_fiyat`, `ek_fiyat`, `ek_fiyat_tekil`, `varyant`, `varyant_stok_durum`, `kdv_durum`, `kdvsiz_fiyat`, `kdv_tutar`, `havale_kdvsiz_fiyat`, `havale_kdv_tutar`, `kargo_tutar`, `ip`, `adet`, `taksit`, `sepetno`, `sepet_durum`, `fiyat_durum`, `kargo_tipi`, `fiyat_4`, `fiyat_5`) VALUES
(28, '691', '11', '0', 11.0000, 11.0000, 0.0000, 0.0000, 11.0000, 0.0000, 0.0000, '0', '0', '0', 11.0000, 0.0000, 11.0000, 0.0000, 0.0000, '212.252.118.38', '3', '1', '89415155', '1', '0', '0', 0.0000, 0.0000),
(29, '691', NULL, '0', 1.0000, 1.0000, 0.0000, 0.0000, 11.0000, 0.0000, 0.0000, '0', '0', '0', 1.0000, 0.0000, 1.0000, 0.0000, 0.0000, '176.43.11.132', '1', '1', '15406777', '1', '0', '0', 0.0000, 0.0000),
(32, '691', '11', '0', 1.0000, 1.0000, 0.0000, 0.0000, 11.0000, 0.0000, 0.0000, '0', '0', '0', 1.0000, 0.0000, 1.0000, 0.0000, 0.0000, '212.252.119.222', '1', '1', '84119766', '1', '0', '0', 0.0000, 0.0000);

-- --------------------------------------------------------

--
-- Tablo için tablo yapısı `sepet_kupon`
--

CREATE TABLE `sepet_kupon` (
  `id` int(11) NOT NULL,
  `uye_id` varchar(22) DEFAULT NULL,
  `kupon_id` int(11) DEFAULT NULL,
  `ip` varchar(222) DEFAULT NULL,
  `siparis_id` varchar(22) DEFAULT NULL,
  `durum` varchar(2) DEFAULT NULL,
  `kullanim` varchar(2) DEFAULT NULL,
  `random_id` varchar(22) DEFAULT NULL
) ENGINE=InnoDB DEFAULT CHARSET=utf8;

-- --------------------------------------------------------

--
-- Tablo için tablo yapısı `siparisler`
--

CREATE TABLE `siparisler` (
  `id` int(11) NOT NULL,
  `onay` varchar(2) DEFAULT NULL,
  `uye_id` varchar(11) DEFAULT NULL,
  `siparis_no` varchar(22) DEFAULT NULL,
  `siparis_tarih` timestamp NULL DEFAULT NULL,
  `sade_tarih` date DEFAULT NULL,
  `siparis_durum` varchar(2) DEFAULT NULL,
  `odeme_tur` varchar(22) DEFAULT NULL,
  `ara_tutar` decimal(22,4) DEFAULT NULL,
  `kdv_tutar` decimal(22,4) DEFAULT NULL,
  `kargo_tutar` decimal(22,4) DEFAULT NULL,
  `indirim_tutar` decimal(22,4) DEFAULT NULL,
  `toplam_tutar` decimal(22,4) DEFAULT NULL,
  `toplam_tutar_taksit` decimal(22,4) DEFAULT NULL,
  `taksit_sayisi` varchar(11) DEFAULT NULL,
  `havale_aratutar` decimal(22,4) DEFAULT NULL,
  `havale_kdvtutar` decimal(22,4) DEFAULT NULL,
  `havale_kargotutar` decimal(22,4) DEFAULT NULL,
  `havale_toplamtutar` decimal(22,4) DEFAULT NULL,
  `banka_bildirim_durum` varchar(2) DEFAULT NULL,
  `kapida_odeme_bedeli` decimal(22,4) DEFAULT NULL,
  `siparis_notu` text DEFAULT NULL,
  `isim` varchar(222) DEFAULT NULL,
  `soyisim` varchar(222) DEFAULT NULL,
  `tc_no` varchar(22) DEFAULT NULL,
  `alan_kodu` varchar(22) DEFAULT NULL,
  `telefon` varchar(22) DEFAULT NULL,
  `telefon_gosterim` varchar(222) DEFAULT NULL,
  `eposta` varchar(222) DEFAULT NULL,
  `ulke` varchar(222) DEFAULT NULL,
  `sehir` varchar(222) DEFAULT NULL,
  `ilce` varchar(222) DEFAULT NULL,
  `postakodu` varchar(22) DEFAULT NULL,
  `adresbilgisi` text DEFAULT NULL,
  `adres_fatura_farkli` varchar(2) DEFAULT NULL,
  `fatura_turu` varchar(22) DEFAULT NULL,
  `fatura_isim` varchar(222) DEFAULT NULL,
  `fatura_soyisim` varchar(222) DEFAULT NULL,
  `fatura_tc` varchar(22) DEFAULT NULL,
  `fatura_firma_unvan` varchar(222) DEFAULT NULL,
  `fatura_vergi_dairesi` varchar(222) DEFAULT NULL,
  `fatura_vergi_no` varchar(222) DEFAULT NULL,
  `fatura_ulke` varchar(222) DEFAULT NULL,
  `fatura_sehir` varchar(222) DEFAULT NULL,
  `fatura_ilce` varchar(222) DEFAULT NULL,
  `fatura_postakodu` varchar(222) DEFAULT NULL,
  `fatura_adresi` text DEFAULT NULL,
  `ipadres` varchar(222) DEFAULT NULL,
  `parabirimi` varchar(22) DEFAULT NULL,
  `doviz_durum` varchar(2) DEFAULT NULL,
  `odeme_kuru` decimal(22,4) DEFAULT NULL,
  `kargo_limit_durum` varchar(22) DEFAULT NULL,
  `havale_kargo_limit_durum` varchar(22) DEFAULT NULL,
  `sabit_kargo` varchar(2) DEFAULT NULL,
  `taksit_durum` varchar(2) DEFAULT NULL,
  `iptal_aksiyon` varchar(2) DEFAULT NULL,
  `iptal` varchar(2) DEFAULT NULL,
  `kargo_sekli` varchar(2) DEFAULT NULL,
  `kargo_firma` varchar(22) DEFAULT NULL,
  `kargo_takip` varchar(222) DEFAULT NULL,
  `yeni` varchar(1) DEFAULT NULL,
  `sanal_pos` varchar(22) DEFAULT NULL,
  `device` varchar(22) DEFAULT NULL,
  `stok_alindi` varchar(1) DEFAULT NULL,
  `sepette_ek_indirim` decimal(22,4) DEFAULT NULL,
  `ilk_siparis_indirim` decimal(22,4) DEFAULT NULL,
  `grup_indirim` decimal(22,4) DEFAULT NULL,
  `shopier_id` varchar(22) DEFAULT NULL,
  `shopier_siparis_no` varchar(11) DEFAULT NULL,
  `parasut_kargo_id` varchar(22) DEFAULT NULL,
  `parasut_id` varchar(22) DEFAULT NULL,
  `parasut_esitle` varchar(1) DEFAULT NULL,
  `kazanilan_puan` int(11) NOT NULL DEFAULT 0,
  `satan_depo` int(10) DEFAULT NULL,
  `bildirim_sesi` int(1) DEFAULT 1
) ENGINE=InnoDB DEFAULT CHARSET=utf8;

--
-- Tablo döküm verisi `siparisler`
--

INSERT INTO `siparisler` (`id`, `onay`, `uye_id`, `siparis_no`, `siparis_tarih`, `sade_tarih`, `siparis_durum`, `odeme_tur`, `ara_tutar`, `kdv_tutar`, `kargo_tutar`, `indirim_tutar`, `toplam_tutar`, `toplam_tutar_taksit`, `taksit_sayisi`, `havale_aratutar`, `havale_kdvtutar`, `havale_kargotutar`, `havale_toplamtutar`, `banka_bildirim_durum`, `kapida_odeme_bedeli`, `siparis_notu`, `isim`, `soyisim`, `tc_no`, `alan_kodu`, `telefon`, `telefon_gosterim`, `eposta`, `ulke`, `sehir`, `ilce`, `postakodu`, `adresbilgisi`, `adres_fatura_farkli`, `fatura_turu`, `fatura_isim`, `fatura_soyisim`, `fatura_tc`, `fatura_firma_unvan`, `fatura_vergi_dairesi`, `fatura_vergi_no`, `fatura_ulke`, `fatura_sehir`, `fatura_ilce`, `fatura_postakodu`, `fatura_adresi`, `ipadres`, `parabirimi`, `doviz_durum`, `odeme_kuru`, `kargo_limit_durum`, `havale_kargo_limit_durum`, `sabit_kargo`, `taksit_durum`, `iptal_aksiyon`, `iptal`, `kargo_sekli`, `kargo_firma`, `kargo_takip`, `yeni`, `sanal_pos`, `device`, `stok_alindi`, `sepette_ek_indirim`, `ilk_siparis_indirim`, `grup_indirim`, `shopier_id`, `shopier_siparis_no`, `parasut_kargo_id`, `parasut_id`, `parasut_esitle`, `kazanilan_puan`, `satan_depo`, `bildirim_sesi`) VALUES
(18, '1', '11', '320480999599', '2023-01-10 16:14:43', '2023-01-10', '1', '2', 0.0000, 0.0000, 0.0000, 0.0000, 0.0000, 0.0000, '', 4.2373, 0.7627, 0.0000, 5.0000, '0', 0.0000, '', 'Aaa', 'Aaa', '', '', '4444444444', '(444) 444-4444', 'aa@aa.com', 'TUR', 'İzmir', 'Karabağlar', '22222', 'Aaaaaa', '1', '1', 'Aaa', 'Aaa', '1111111111', '', '', '', 'TUR', 'İzmir', 'Karabağlar', '11111', 'Aaaaaaa', '212.252.119.47', 'TRY', '0', 1.0000, '', '0', '0', '', '1', '0', '', '', '', '0', '', 'desktop', '', 0.0000, 0.0000, 0.0000, '', '', '', '', '', 0, 0, 0),
(19, '1', '11', '704924865464', '2023-01-14 02:31:34', '2023-01-14', '1', '2', 0.0000, 0.0000, 0.0000, 0.0000, 0.0000, 0.0000, '', 617.7966, 111.2034, 0.0000, 729.0000, '0', 0.0000, '', 'Aaa', 'Aaa', '', '', '4444444444', '(444) 444-4444', 'aa@aa.com', 'TUR', 'İzmir', 'Karabağlar', '22222', 'Aaaaaa', '1', '1', 'Aaa', 'Aaa', '1111111111', '', '', '', 'TUR', 'İzmir', 'Karabağlar', '11111', 'Aaaaaaa', '212.252.117.253', 'TRY', '0', 1.0000, '', '0', '0', '', '1', '0', '', '', '', '0', '', 'desktop', '', 0.0000, 0.0000, 0.0000, '', '', '', '', '', 0, 0, 0),
(20, '1', '11', '334882359366', '2023-03-03 20:44:24', '2023-03-03', '1', '2', NULL, NULL, NULL, 0.0000, NULL, NULL, NULL, 754.2373, 135.7627, 0.0000, 890.0000, '0', NULL, NULL, 'Aaa', 'Aaa', NULL, '', '4444444444', '(444) 444-4444', 'aa@aa.com', 'TUR', 'İzmir', 'Karabağlar', '22222', 'Aaaaaa', '1', '1', 'Aaa', 'Aaa', '1111111111', '', '', '', 'TUR', 'İzmir', 'Karabağlar', '11111', 'Aaaaaaa', '212.252.118.38', 'TRY', '0', 1.0000, NULL, '0', '0', NULL, '1', '0', NULL, NULL, NULL, '0', NULL, 'desktop', NULL, 0.0000, 0.0000, 0.0000, NULL, NULL, NULL, NULL, NULL, 0, 1, 0),
(21, '1', '11', '126640236584', '2023-03-03 20:46:05', '2023-03-03', '1', '2', NULL, NULL, NULL, 0.0000, NULL, NULL, NULL, 754.2373, 135.7627, 0.0000, 890.0000, '0', NULL, NULL, 'Aaa', 'Aaa', NULL, '', '4444444444', '(444) 444-4444', 'aa@aa.com', 'TUR', 'İzmir', 'Karabağlar', '22222', 'Aaaaaa', '1', '1', 'Aaa', 'Aaa', '1111111111', '', '', '', 'TUR', 'İzmir', 'Karabağlar', '11111', 'Aaaaaaa', '212.252.118.38', 'TRY', '0', 1.0000, NULL, '0', '0', NULL, '1', '0', NULL, NULL, NULL, '0', NULL, 'desktop', NULL, 0.0000, 0.0000, 0.0000, NULL, NULL, NULL, NULL, NULL, 0, 1, 0),
(22, '1', '12', '728180198112', '2023-03-04 23:10:31', '2023-03-05', '1', '2', NULL, NULL, NULL, 0.0000, NULL, NULL, NULL, 22.0000, 0.0000, 0.0000, 22.0000, '0', NULL, NULL, 'dsada', 'dasas', NULL, '', '4342323131', '(434) 232-3131', 'dsad@sdaa.com', 'TUR', 'Burdur', 'Karamanlı', '31231', 'dsadasdasdasda', '1', '1', 'dasdadasdas', 'sada', '12312312312312', NULL, NULL, NULL, 'TUR', 'Adana', 'Aladağ', '23112', 'dsadada', '212.252.118.38', 'TRY', '0', 1.0000, NULL, '0', '0', NULL, '1', '0', NULL, NULL, NULL, '0', NULL, 'desktop', NULL, 0.0000, 0.0000, 0.0000, NULL, NULL, NULL, NULL, NULL, 0, NULL, 0),
(23, '1', '11', '922760708299', '2023-03-21 01:53:23', '2023-03-21', '1', '2', NULL, NULL, NULL, 0.0000, NULL, NULL, NULL, 1.0000, 0.0000, 0.0000, 0.9000, '0', NULL, NULL, 'Aaa', 'Aaa', NULL, '', '4444444444', '(444) 444-4444', 'aa@aa.com', 'TUR', 'İzmir', 'Karabağlar', '22222', 'Aaaaaa', '1', '1', 'Aaa', 'Aaa', '1111111111', '', '', '', 'TUR', 'İzmir', 'Karabağlar', '11111', 'Aaaaaaa', '212.252.119.222', 'TRY', '0', 1.0000, NULL, '0', '0', NULL, '1', '0', NULL, NULL, NULL, '1', NULL, 'desktop', NULL, 0.0500, 0.0500, 0.0000, NULL, NULL, NULL, NULL, NULL, 0, 2, 1),
(24, '0', '11', '927187398350', '2023-03-21 02:01:54', '2023-03-21', '10', '1', 1.0000, 0.0000, 0.0000, 0.0000, 0.9500, NULL, NULL, NULL, NULL, NULL, NULL, NULL, NULL, NULL, 'Aaa', 'Aaa', NULL, '', '4444444444', '(444) 444-4444', 'aa@aa.com', 'TUR', 'İzmir', 'Karabağlar', '22222', 'Aaaaaa', '1', '1', 'Aaa', 'Aaa', '1111111111', '', '', '', 'TUR', 'İzmir', 'Karabağlar', '11111', 'Aaaaaaa', '212.252.119.222', 'TRY', '0', 1.0000, '0', NULL, '0', '1', '1', '0', NULL, NULL, NULL, NULL, 'Shopier', 'desktop', NULL, 0.0500, 0.0000, 0.0000, '1679364114', NULL, NULL, NULL, NULL, 0, 2, 1),
(25, '0', '11', '620144956596', '2023-03-21 02:02:11', '2023-03-21', '10', '1', 1.0000, 0.0000, 0.0000, 0.0000, 0.9500, NULL, NULL, NULL, NULL, NULL, NULL, NULL, NULL, NULL, 'Aaa', 'Aaa', NULL, '', '4444444444', '(444) 444-4444', 'aa@aa.com', 'TUR', 'İzmir', 'Karabağlar', '22222', 'Aaaaaa', '1', '1', 'Aaa', 'Aaa', '1111111111', '', '', '', 'TUR', 'İzmir', 'Karabağlar', '11111', 'Aaaaaaa', '212.252.119.222', 'TRY', '0', 1.0000, '0', NULL, '0', '1', '1', '0', NULL, NULL, NULL, NULL, 'PayTR', 'desktop', NULL, 0.0500, 0.0000, 0.0000, NULL, NULL, NULL, NULL, NULL, 0, 2, 1),
(26, '0', '11', '326156542735', '2023-03-21 02:19:30', '2023-03-21', '10', '1', 1.0000, 0.0000, 0.0000, 0.0000, 0.9500, NULL, NULL, NULL, NULL, NULL, NULL, NULL, NULL, NULL, 'Aaa', 'Aaa', NULL, '', '4444444444', '(444) 444-4444', 'aa@aa.com', 'TUR', 'İzmir', 'Karabağlar', '22222', 'Aaaaaa', '1', '1', 'Aaa', 'Aaa', '1111111111', '', '', '', 'TUR', 'İzmir', 'Karabağlar', '11111', 'Aaaaaaa', '212.252.119.222', 'TRY', '0', 1.0000, '0', NULL, '0', '1', '1', '0', NULL, NULL, NULL, NULL, 'PayTR', 'desktop', NULL, 0.0500, 0.0000, 0.0000, NULL, NULL, NULL, NULL, NULL, 0, 2, 1);

-- --------------------------------------------------------

--
-- Tablo için tablo yapısı `siparis_durumlar`
--

CREATE TABLE `siparis_durumlar` (
  `id` int(11) NOT NULL,
  `baslik` varchar(222) DEFAULT NULL,
  `sira` int(11) DEFAULT NULL,
  `ikon` text DEFAULT NULL,
  `renk` varchar(222) DEFAULT NULL,
  `durum` varchar(22) DEFAULT NULL,
  `bstrp_bg` varchar(22) DEFAULT NULL
) ENGINE=InnoDB DEFAULT CHARSET=utf8;

--
-- Tablo döküm verisi `siparis_durumlar`
--

INSERT INTO `siparis_durumlar` (`id`, `baslik`, `sira`, `ikon`, `renk`, `durum`, `bstrp_bg`) VALUES
(1, 'Ödeme Bekleniyor', 2, 'fa-refresh', 'button-orange-out', '1', 'btn-primary'),
(2, 'Sipariş Hazırlanıyor', 6, 'fa-refresh', 'button-orange-out', '1', 'btn-pink'),
(10, 'Yeni Sipariş', 1, 'fa-arrow-circle-o-up', 'button-gold-out', '1', 'btn-warning'),
(11, 'Ürünler Tedarik Ediliyor', 5, 'fa-history', 'button-blue', '1', 'btn-secondary'),
(12, 'Sipariş Onaylandı', 4, 'fa-check-circle', 'button-green', '1', 'btn-success'),
(13, 'Ürünler Kargoya Verildi', 7, 'fa-truck', 'button-blue-out', '1', 'btn-warning'),
(15, 'Ödeme Onaylandı', 3, 'fa-money', 'button-yellow', '1', 'btn-light');

-- --------------------------------------------------------

--
-- Tablo için tablo yapısı `siparis_fatura`
--

CREATE TABLE `siparis_fatura` (
  `id` int(11) NOT NULL,
  `siparis_no` varchar(22) DEFAULT NULL,
  `fatura_url` text DEFAULT NULL
) ENGINE=InnoDB DEFAULT CHARSET=utf8;

-- --------------------------------------------------------

--
-- Tablo için tablo yapısı `siparis_iptal`
--

CREATE TABLE `siparis_iptal` (
  `id` int(11) NOT NULL,
  `siparis_no` varchar(22) DEFAULT NULL,
  `tarih` varchar(22) DEFAULT NULL,
  `durum` varchar(2) DEFAULT NULL,
  `uye_id` varchar(22) DEFAULT NULL,
  `talep_no` varchar(22) DEFAULT NULL,
  `yeni` varchar(1) DEFAULT NULL
) ENGINE=InnoDB DEFAULT CHARSET=utf8;

-- --------------------------------------------------------

--
-- Tablo için tablo yapısı `siparis_kargo`
--

CREATE TABLE `siparis_kargo` (
  `id` int(11) NOT NULL,
  `siparis_id` varchar(22) DEFAULT NULL,
  `siparis_urun_id` varchar(22) DEFAULT NULL,
  `kargo_firma` varchar(22) DEFAULT NULL,
  `kargo_takip` varchar(222) DEFAULT NULL
) ENGINE=InnoDB DEFAULT CHARSET=utf8;

-- --------------------------------------------------------

--
-- Tablo için tablo yapısı `siparis_normal`
--

CREATE TABLE `siparis_normal` (
  `id` int(11) NOT NULL,
  `isim` varchar(222) DEFAULT NULL,
  `soyisim` varchar(222) DEFAULT NULL,
  `eposta` varchar(222) DEFAULT NULL,
  `telefon` varchar(222) DEFAULT NULL,
  `sehir` varchar(222) DEFAULT NULL,
  `ulke` varchar(222) DEFAULT NULL,
  `postakodu` varchar(222) DEFAULT NULL,
  `adres` text DEFAULT NULL,
  `siparis_no` varchar(22) DEFAULT NULL,
  `tarih` timestamp NULL DEFAULT NULL,
  `sade_tarih` date DEFAULT NULL,
  `urun_id` varchar(22) DEFAULT NULL,
  `uye_id` varchar(22) DEFAULT NULL,
  `siparis_not` text DEFAULT NULL,
  `durum` varchar(2) DEFAULT NULL,
  `kargo_ver` varchar(1) DEFAULT NULL,
  `kargo_firma` varchar(22) DEFAULT NULL,
  `kargo_takip` varchar(222) DEFAULT NULL,
  `yeni` varchar(1) DEFAULT NULL
) ENGINE=InnoDB DEFAULT CHARSET=utf8;

-- --------------------------------------------------------

--
-- Tablo için tablo yapısı `siparis_teklif`
--

CREATE TABLE `siparis_teklif` (
  `id` int(11) NOT NULL,
  `isim` varchar(222) DEFAULT NULL,
  `soyisim` varchar(222) DEFAULT NULL,
  `eposta` varchar(222) DEFAULT NULL,
  `telefon` varchar(22) DEFAULT NULL,
  `urun_adet` int(22) DEFAULT NULL,
  `teklif_no` varchar(22) DEFAULT NULL,
  `urun_id` varchar(22) DEFAULT NULL,
  `tarih` timestamp NULL DEFAULT NULL,
  `uye_id` varchar(22) DEFAULT NULL,
  `teklif_not` text DEFAULT NULL,
  `durum` varchar(2) DEFAULT NULL,
  `teklif_icerik` text DEFAULT NULL,
  `yeni` varchar(1) DEFAULT NULL
) ENGINE=InnoDB DEFAULT CHARSET=utf8;

-- --------------------------------------------------------

--
-- Tablo için tablo yapısı `siparis_urunler`
--

CREATE TABLE `siparis_urunler` (
  `id` int(11) NOT NULL,
  `urun_id` varchar(22) DEFAULT NULL,
  `kdvsiz_tutar` decimal(22,4) DEFAULT NULL,
  `kdv_tutar` decimal(22,4) DEFAULT NULL,
  `kargo_tutar` decimal(22,4) DEFAULT NULL,
  `kargo_tipi` varchar(2) DEFAULT NULL,
  `ek_fiyat` decimal(22,4) DEFAULT NULL,
  `varyantlar` varchar(22) DEFAULT NULL,
  `havale_kdvsiz_tutar` decimal(22,4) DEFAULT NULL,
  `havale_kdv_tutar` decimal(22,4) DEFAULT NULL,
  `urun_baslik` varchar(222) DEFAULT NULL,
  `adet` varchar(22) DEFAULT NULL,
  `siparis_id` varchar(22) DEFAULT NULL,
  `stok_kodu` varchar(222) DEFAULT NULL,
  `varyant_stok_durum` varchar(2) DEFAULT NULL,
  `ozel_fiyat_uye` varchar(2) DEFAULT NULL,
  `durum` varchar(22) DEFAULT NULL,
  `iade_aksiyon` varchar(2) DEFAULT NULL,
  `stok_alindi` varchar(1) DEFAULT NULL,
  `sepet_id` varchar(22) DEFAULT NULL,
  `parasut_id` varchar(22) DEFAULT NULL
) ENGINE=InnoDB DEFAULT CHARSET=utf8;

--
-- Tablo döküm verisi `siparis_urunler`
--

INSERT INTO `siparis_urunler` (`id`, `urun_id`, `kdvsiz_tutar`, `kdv_tutar`, `kargo_tutar`, `kargo_tipi`, `ek_fiyat`, `varyantlar`, `havale_kdvsiz_tutar`, `havale_kdv_tutar`, `urun_baslik`, `adet`, `siparis_id`, `stok_kodu`, `varyant_stok_durum`, `ozel_fiyat_uye`, `durum`, `iade_aksiyon`, `stok_alindi`, `sepet_id`, `parasut_id`) VALUES
(6, '585', 500.0000, 0.0000, 0.0000, '0', 0.0000, '9,10,', 0.0000, 0.0000, 'General Mobile GM 20 Pro 128 GB (General Mobile Garantili)', '3', '394383783112', '33', '1', '1', '0', '1', '', '68812643', ''),
(7, '585', 500.0000, 0.0000, 0.0000, '0', 0.0000, '9,11,', 0.0000, 0.0000, 'General Mobile GM 20 Pro 128 GB (General Mobile Garantili)', '1', '394383783112', '', '0', '1', '0', '1', '', '57663230', ''),
(20, '611', 0.0000, 0.0000, 20.0000, '0', 0.0000, '18,19,', 145.5000, 26.1900, 'Demo Ürün ( Wise Butik )', '1', '680825814627', '583EKAO', '0', '1', '0', '1', '', '13210401', ''),
(26, '684', 0.0000, 0.0000, 0.0000, '0', 0.0000, '0', 4.2373, 0.7627, 'Casio Edifice ECB-20DC-1ADF Kol Saati', '1', '320480999599', 'ECB-20DC-1ADF', '0', '0', '0', '1', '', '91590992', ''),
(27, '669', 0.0000, 0.0000, 0.0000, '0', 0.0000, '0', 617.7966, 111.2034, 'Casio STANDART AE-1000W-4AVDF Kol Saati', '1', '704924865464', 'AE-1000W-4AVDF', '0', '0', '0', '1', '', '5922375', ''),
(28, '669', NULL, NULL, 0.0000, '0', 0.0000, '14,15,17,', 754.2373, 135.7627, 'Casio STANDART AE-1000W-4AVDF Kol Saati', '1', '334882359366', 'AE-1000W-4AVDF', '0', '0', '0', '1', NULL, '60453939', NULL),
(29, '669', NULL, NULL, 0.0000, '0', 0.0000, '14,15,17,', 754.2373, 135.7627, 'Casio STANDART AE-1000W-4AVDF Kol Saati', '1', '126640236584', 'AE-1000W-4AVDF', '0', '0', '0', '1', NULL, '80543878', NULL),
(30, '691', NULL, NULL, 0.0000, '0', 0.0000, '0', 11.0000, 0.0000, 'Denem Ürün', '2', '728180198112', 'K1T4BHM', '0', '0', '0', '1', NULL, '15663311', NULL),
(31, '691', NULL, NULL, 0.0000, '0', 0.0000, '0', 1.0000, 0.0000, 'Denem Ürün', '1', '922760708299', 'K1T4BHM', '0', '0', '0', '1', NULL, '37839600', NULL),
(32, '691', 1.0000, 0.0000, 0.0000, '0', 0.0000, '0', NULL, NULL, 'Denem Ürün', '1', '927187398350', NULL, '0', '0', '0', '1', NULL, '84119766', NULL),
(33, '691', 1.0000, 0.0000, 0.0000, '0', 0.0000, '0', NULL, NULL, 'Denem Ürün', '1', '620144956596', NULL, '0', '0', '0', '1', NULL, '84119766', NULL),
(34, '691', 1.0000, 0.0000, 0.0000, '0', 0.0000, '0', NULL, NULL, 'Denem Ürün', '1', '326156542735', NULL, '0', '0', '0', '1', NULL, '84119766', NULL);

-- --------------------------------------------------------

--
-- Tablo için tablo yapısı `siparis_urunler_iade`
--

CREATE TABLE `siparis_urunler_iade` (
  `id` int(11) NOT NULL,
  `urun_id` varchar(222) DEFAULT NULL,
  `siparis_no` varchar(222) DEFAULT NULL,
  `tarih` varchar(22) DEFAULT NULL,
  `durum` varchar(2) DEFAULT NULL,
  `uye_id` varchar(22) DEFAULT NULL,
  `sebep` text DEFAULT NULL,
  `talep_no` varchar(22) DEFAULT NULL,
  `yeni` varchar(1) DEFAULT NULL,
  `durum_kargo` varchar(1) DEFAULT NULL,
  `adres` text DEFAULT NULL,
  `kargo_firma` varchar(22) DEFAULT NULL,
  `kargo_takip` varchar(22) DEFAULT NULL,
  `para_iade` varchar(1) DEFAULT NULL,
  `kargo_idler` varchar(222) DEFAULT NULL,
  `iade_olumsuz_sebep` text DEFAULT NULL,
  `iade_tutar` decimal(22,4) DEFAULT NULL,
  `iban_iste` varchar(1) DEFAULT NULL,
  `iban` varchar(55) DEFAULT NULL,
  `iban_isim` varchar(55) DEFAULT NULL
) ENGINE=InnoDB DEFAULT CHARSET=utf8;

-- --------------------------------------------------------

--
-- Tablo için tablo yapısı `siparis_varyant`
--

CREATE TABLE `siparis_varyant` (
  `id` int(11) NOT NULL,
  `siparis_id` varchar(22) DEFAULT NULL,
  `urun_id` varchar(22) DEFAULT NULL,
  `varyant_adi` varchar(222) DEFAULT NULL,
  `ekbilgi_id` varchar(22) DEFAULT NULL,
  `ek_fiyat` decimal(22,4) DEFAULT NULL,
  `grup_adi` varchar(222) DEFAULT NULL,
  `tur` varchar(2) DEFAULT NULL,
  `sepet_id` varchar(22) DEFAULT NULL
) ENGINE=InnoDB DEFAULT CHARSET=utf8;

--
-- Tablo döküm verisi `siparis_varyant`
--

INSERT INTO `siparis_varyant` (`id`, `siparis_id`, `urun_id`, `varyant_adi`, `ekbilgi_id`, `ek_fiyat`, `grup_adi`, `tur`, `sepet_id`) VALUES
(6, '394383783112', '585', 'Ölçü Belirleyin', '', 0.0000, 'Siparişini Özelleştir', '2', '68812643'),
(7, '394383783112', '585', 'Kırmızı', '', 0.0000, 'Renk', '1', '68812643'),
(8, '394383783112', '585', 'Ölçü Belirleyin', '', 0.0000, 'Siparişini Özelleştir', '2', '57663230'),
(9, '394383783112', '585', 'Siyah', '', 0.0000, 'Renk', '1', '57663230'),
(36, '680825814627', '611', 'YOK', '', 0.0000, 'TEST', '1', '13210401'),
(37, '680825814627', '611', 'YOK', '', 0.0000, 'TEST 2', '3', '13210401'),
(38, '334882359366', '669', 'Selectbox2', NULL, 0.0000, 'Selectbox', '1', '60453939'),
(39, '334882359366', '669', 'Text Area', '3', 0.0000, 'Text Area', '2', '60453939'),
(40, '334882359366', '669', 'Kırmızı', NULL, 0.0000, 'Renk', '3', '60453939'),
(41, '126640236584', '669', 'Selectbox2', NULL, 0.0000, 'Selectbox', '1', '80543878'),
(42, '126640236584', '669', 'Text Area', '4', 0.0000, 'Text Area', '2', '80543878'),
(43, '126640236584', '669', 'Kırmızı', NULL, 0.0000, 'Renk', '3', '80543878');

-- --------------------------------------------------------

--
-- Tablo için tablo yapısı `sitemap_link`
--

CREATE TABLE `sitemap_link` (
  `id` int(11) NOT NULL,
  `adres` text DEFAULT NULL,
  `sira` int(11) DEFAULT NULL
) ENGINE=InnoDB DEFAULT CHARSET=utf8;

-- --------------------------------------------------------

--
-- Tablo için tablo yapısı `slider`
--

CREATE TABLE `slider` (
  `id` int(11) NOT NULL,
  `baslik` varchar(222) DEFAULT NULL,
  `spot` text DEFAULT NULL,
  `url` text DEFAULT NULL,
  `text_status` varchar(2) DEFAULT NULL,
  `baslik_animation` varchar(22) DEFAULT NULL,
  `spot_animation` varchar(22) DEFAULT NULL,
  `button_animation` varchar(22) DEFAULT NULL,
  `dark_bg` varchar(2) DEFAULT NULL,
  `area` varchar(11) DEFAULT NULL,
  `gorsel` text DEFAULT NULL,
  `gorsel_mobil` varchar(222) DEFAULT NULL,
  `button_text` varchar(22) DEFAULT NULL,
  `button_bg` varchar(22) DEFAULT NULL,
  `button_radius` varchar(222) DEFAULT NULL,
  `button_size` varchar(22) DEFAULT NULL,
  `text_bg` varchar(22) DEFAULT NULL,
  `dil` varchar(22) DEFAULT NULL,
  `sira` int(11) DEFAULT NULL,
  `durum` varchar(2) DEFAULT NULL,
  `yeni_sekme` varchar(2) DEFAULT NULL,
  `full_a` varchar(2) DEFAULT NULL,
  `full_a_url` text DEFAULT NULL,
  `device` varchar(11) DEFAULT 'desktop'
) ENGINE=InnoDB DEFAULT CHARSET=utf8;

-- --------------------------------------------------------

--
-- Tablo için tablo yapısı `slider2`
--

CREATE TABLE `slider2` (
  `id` int(11) NOT NULL,
  `baslik` varchar(222) DEFAULT NULL,
  `gorsel` text DEFAULT NULL,
  `gorsel_mobil` text DEFAULT NULL,
  `link_url` text DEFAULT NULL,
  `sira` int(11) DEFAULT NULL,
  `durum` varchar(2) DEFAULT NULL,
  `dil` varchar(22) DEFAULT NULL,
  `yeni_sekme` varchar(2) DEFAULT NULL
) ENGINE=InnoDB DEFAULT CHARSET=utf8;

--
-- Tablo döküm verisi `slider2`
--

INSERT INTO `slider2` (`id`, `baslik`, `gorsel`, `gorsel_mobil`, `link_url`, `sira`, `durum`, `dil`, `yeni_sekme`) VALUES
(8, '2', 'slider_slayt7584999418630.jpg', 'slider_mobilslayt68613997032931.jpg', '', 2, '1', 'tr', '0');

-- --------------------------------------------------------

--
-- Tablo için tablo yapısı `slider2_ayar`
--

CREATE TABLE `slider2_ayar` (
  `id` int(11) NOT NULL,
  `height` varchar(22) DEFAULT NULL,
  `mobil_height` varchar(22) DEFAULT NULL,
  `tablet_height` varchar(22) DEFAULT NULL,
  `padding` varchar(22) DEFAULT NULL,
  `arkaplan` varchar(22) DEFAULT NULL,
  `border_color` varchar(22) DEFAULT NULL,
  `margin` varchar(22) DEFAULT NULL,
  `radius` varchar(22) DEFAULT NULL
) ENGINE=InnoDB DEFAULT CHARSET=utf8;

--
-- Tablo döküm verisi `slider2_ayar`
--

INSERT INTO `slider2_ayar` (`id`, `height`, `mobil_height`, `tablet_height`, `padding`, `arkaplan`, `border_color`, `margin`, `radius`) VALUES
(1, '380', '190', '150', '25', 'ffffff', 'ffffff', '0', '10');

-- --------------------------------------------------------

--
-- Tablo için tablo yapısı `slider_ayar`
--

CREATE TABLE `slider_ayar` (
  `id` int(11) NOT NULL,
  `height` varchar(22) DEFAULT NULL,
  `mobil_height` varchar(22) DEFAULT NULL,
  `tablet_height` varchar(22) DEFAULT NULL,
  `baslik_font` varchar(222) DEFAULT NULL,
  `spot_font` varchar(222) DEFAULT NULL,
  `baslik_size` varchar(222) DEFAULT NULL,
  `mobil_baslik_size` varchar(222) DEFAULT NULL,
  `spot_size` varchar(222) DEFAULT NULL,
  `mobil_spot_size` varchar(222) DEFAULT NULL,
  `baslik_weight` varchar(22) DEFAULT NULL,
  `spot_weight` varchar(222) DEFAULT NULL,
  `dots_renk` varchar(22) DEFAULT NULL,
  `slider_width` varchar(2) DEFAULT NULL,
  `margin` varchar(22) DEFAULT NULL,
  `arkaplan` varchar(22) DEFAULT NULL,
  `round` varchar(1) DEFAULT NULL
) ENGINE=InnoDB DEFAULT CHARSET=utf8;

--
-- Tablo döküm verisi `slider_ayar`
--

INSERT INTO `slider_ayar` (`id`, `height`, `mobil_height`, `tablet_height`, `baslik_font`, `spot_font`, `baslik_size`, `mobil_baslik_size`, `spot_size`, `mobil_spot_size`, `baslik_weight`, `spot_weight`, `dots_renk`, `slider_width`, `margin`, `arkaplan`, `round`) VALUES
(1, '425', '200', '400', 'Poppins', 'Poppins', '42', '28', '24', '15', '800', '400', '000000', '1', '0', 'ffffff', '1');

-- --------------------------------------------------------

--
-- Tablo için tablo yapısı `sms`
--

CREATE TABLE `sms` (
  `id` int(11) NOT NULL,
  `durum` varchar(2) DEFAULT NULL,
  `sms_firma` varchar(22) DEFAULT NULL,
  `bildirim_numara` varchar(22) DEFAULT NULL,
  `iletimerkezi_user` varchar(222) DEFAULT NULL,
  `iletimerkezi_pass` varchar(222) DEFAULT NULL,
  `iletimerkezi_baslik` varchar(222) DEFAULT NULL,
  `netgsm_user` varchar(222) DEFAULT NULL,
  `netgsm_pass` varchar(222) DEFAULT NULL,
  `netgsm_baslik` varchar(222) DEFAULT NULL,
  `sms_odeme_site` varchar(1) DEFAULT NULL,
  `sms_odeme_user` varchar(1) DEFAULT NULL,
  `sms_siparisiptal_site` varchar(1) DEFAULT NULL,
  `sms_siparisiptal_user` varchar(1) DEFAULT NULL,
  `sms_uruniade_site` varchar(1) DEFAULT NULL,
  `sms_uruniade_user` varchar(1) DEFAULT NULL,
  `sms_ticket_site` varchar(1) DEFAULT NULL,
  `sms_ticket_user` varchar(1) DEFAULT NULL,
  `sms_siparis_site` varchar(1) DEFAULT NULL,
  `sms_siparis_user` varchar(1) DEFAULT NULL,
  `sms_normalsiparis_site` varchar(1) DEFAULT NULL,
  `sms_normalsiparis_user` varchar(1) DEFAULT NULL,
  `sms_teklif_site` varchar(1) DEFAULT NULL,
  `sms_teklif_user` varchar(1) DEFAULT NULL
) ENGINE=InnoDB DEFAULT CHARSET=utf8;

--
-- Tablo döküm verisi `sms`
--

INSERT INTO `sms` (`id`, `durum`, `sms_firma`, `bildirim_numara`, `iletimerkezi_user`, `iletimerkezi_pass`, `iletimerkezi_baslik`, `netgsm_user`, `netgsm_pass`, `netgsm_baslik`, `sms_odeme_site`, `sms_odeme_user`, `sms_siparisiptal_site`, `sms_siparisiptal_user`, `sms_uruniade_site`, `sms_uruniade_user`, `sms_ticket_site`, `sms_ticket_user`, `sms_siparis_site`, `sms_siparis_user`, `sms_normalsiparis_site`, `sms_normalsiparis_user`, `sms_teklif_site`, `sms_teklif_user`) VALUES
(1, '1', 'netgsm', '', '', '', '', '', '', '', '0', '0', '0', '0', '0', '0', '0', '0', '1', '1', '0', '0', '0', '0');

-- --------------------------------------------------------

--
-- Tablo için tablo yapısı `sms_numaralar`
--

CREATE TABLE `sms_numaralar` (
  `id` int(11) NOT NULL,
  `gsm` varchar(222) DEFAULT NULL,
  `isim` varchar(222) DEFAULT NULL,
  `xml_id` varchar(11) DEFAULT NULL
) ENGINE=InnoDB DEFAULT CHARSET=utf8;

-- --------------------------------------------------------

--
-- Tablo için tablo yapısı `sosyal`
--

CREATE TABLE `sosyal` (
  `id` int(11) NOT NULL,
  `baslik` varchar(222) DEFAULT NULL,
  `url` text DEFAULT NULL,
  `icon` varchar(222) DEFAULT NULL,
  `sira` int(11) DEFAULT NULL,
  `footer` varchar(22) DEFAULT NULL,
  `bakim` varchar(1) DEFAULT NULL
) ENGINE=InnoDB DEFAULT CHARSET=utf8;

--
-- Tablo döküm verisi `sosyal`
--

INSERT INTO `sosyal` (`id`, `baslik`, `url`, `icon`, `sira`, `footer`, `bakim`) VALUES
(1, 'Facebook', '#', 'fa-facebook', 2, '1', '1'),
(2, 'Twitter', '#', 'fa-twitter', 1, '1', '1'),
(3, 'instagram', '#', 'fa-instagram', 3, '1', '1'),
(4, 'Linkedin', '#', 'fa-linkedin', 4, '', ''),
(7, 'YouTube', '#', 'fa-youtube-play', 5, '1', '1');

-- --------------------------------------------------------

--
-- Tablo için tablo yapısı `sss`
--

CREATE TABLE `sss` (
  `id` int(11) NOT NULL,
  `soru` varchar(300) DEFAULT NULL,
  `cevap` text DEFAULT NULL,
  `gorsel` text DEFAULT NULL,
  `sira` int(11) DEFAULT NULL,
  `dil` varchar(22) DEFAULT NULL,
  `durum` varchar(2) DEFAULT NULL
) ENGINE=InnoDB DEFAULT CHARSET=utf8;

-- --------------------------------------------------------

--
-- Tablo için tablo yapısı `sss_ayar`
--

CREATE TABLE `sss_ayar` (
  `id` int(11) NOT NULL,
  `tags` text DEFAULT NULL,
  `meta_desc` text DEFAULT NULL,
  `baslik_font` varchar(222) DEFAULT NULL,
  `first_open` varchar(2) DEFAULT NULL,
  `detay_bg` varchar(22) DEFAULT NULL,
  `nav_durum` varchar(2) DEFAULT NULL
) ENGINE=InnoDB DEFAULT CHARSET=utf8;

--
-- Tablo döküm verisi `sss_ayar`
--

INSERT INTO `sss_ayar` (`id`, `tags`, `meta_desc`, `baslik_font`, `first_open`, `detay_bg`, `nav_durum`) VALUES
(1, 'tag,ss', 'metass', 'Open Sans', '1', 'f3f6f9', '1');

-- --------------------------------------------------------

--
-- Tablo için tablo yapısı `story`
--

CREATE TABLE `story` (
  `id` int(11) NOT NULL,
  `baslik` varchar(222) DEFAULT NULL,
  `gorsel` text DEFAULT NULL,
  `grup_id` varchar(22) DEFAULT NULL,
  `url_adres` text DEFAULT NULL,
  `saniye` varchar(2) DEFAULT NULL,
  `url_baslik` varchar(222) DEFAULT NULL,
  `durum` varchar(1) DEFAULT NULL,
  `sira` int(5) DEFAULT NULL
) ENGINE=InnoDB DEFAULT CHARSET=utf8;

-- --------------------------------------------------------

--
-- Tablo için tablo yapısı `story_ayar`
--

CREATE TABLE `story_ayar` (
  `id` int(11) NOT NULL,
  `arkaplan` varchar(22) DEFAULT NULL,
  `padding` varchar(22) DEFAULT NULL,
  `margin` varchar(22) DEFAULT NULL,
  `border_color` varchar(22) DEFAULT NULL,
  `font_select` text DEFAULT NULL,
  `renk` varchar(22) DEFAULT NULL,
  `scroll_bg` varchar(22) DEFAULT NULL,
  `scroll_pasif` varchar(22) DEFAULT NULL,
  `tur` varchar(1) DEFAULT NULL,
  `story_border` varchar(11) DEFAULT NULL,
  `story_target` varchar(1) DEFAULT NULL
) ENGINE=InnoDB DEFAULT CHARSET=utf8;

--
-- Tablo döküm verisi `story_ayar`
--

INSERT INTO `story_ayar` (`id`, `arkaplan`, `padding`, `margin`, `border_color`, `font_select`, `renk`, `scroll_bg`, `scroll_pasif`, `tur`, `story_border`, `story_target`) VALUES
(1, 'ffffff', '20', '0', 'ffffff', 'Open Sans', '000000', 'f8f8f8', 'f8f8f8', '1', 'ffffff', '0');

-- --------------------------------------------------------

--
-- Tablo için tablo yapısı `story_grup`
--

CREATE TABLE `story_grup` (
  `id` int(11) NOT NULL,
  `baslik` varchar(222) DEFAULT NULL,
  `dil` varchar(22) DEFAULT NULL,
  `sira` int(11) DEFAULT NULL,
  `gorsel` text DEFAULT NULL,
  `grup_id` varchar(22) DEFAULT NULL,
  `durum` varchar(2) DEFAULT NULL,
  `url_adres` text DEFAULT NULL
) ENGINE=InnoDB DEFAULT CHARSET=utf8;

-- --------------------------------------------------------

--
-- Tablo için tablo yapısı `taksit_kart`
--

CREATE TABLE `taksit_kart` (
  `id` int(11) NOT NULL,
  `baslik` varchar(22) DEFAULT NULL,
  `gorsel` text DEFAULT NULL,
  `sira` int(2) DEFAULT NULL,
  `durum` varchar(2) DEFAULT NULL
) ENGINE=InnoDB DEFAULT CHARSET=utf8;

--
-- Tablo döküm verisi `taksit_kart`
--

INSERT INTO `taksit_kart` (`id`, `baslik`, `gorsel`, `sira`, `durum`) VALUES
(1, 'Bonus', 'bonus.png', 4, '1'),
(2, 'Axess', 'axess.png', 2, '1'),
(3, 'Maximum', 'maximum.png', 1, '1'),
(4, 'World', 'world.png', 3, '1');

-- --------------------------------------------------------

--
-- Tablo için tablo yapısı `taksit_kart_ay`
--

CREATE TABLE `taksit_kart_ay` (
  `id` int(11) NOT NULL,
  `kart_id` varchar(22) DEFAULT NULL,
  `ay` varchar(22) DEFAULT NULL,
  `vade_oran` varchar(22) DEFAULT NULL,
  `sira` int(22) DEFAULT NULL,
  `durum` varchar(22) DEFAULT NULL
) ENGINE=InnoDB DEFAULT CHARSET=utf8;

--
-- Tablo döküm verisi `taksit_kart_ay`
--

INSERT INTO `taksit_kart_ay` (`id`, `kart_id`, `ay`, `vade_oran`, `sira`, `durum`) VALUES
(1, '1', '2', '2', 1, '1'),
(2, '1', '3', '3.5', 2, '1'),
(4, '1', '6', '2', 3, '1'),
(5, '1', '9', '3.5', 4, '1'),
(7, '2', '2', '1', 1, '1'),
(8, '2', '3', '1.5', 2, '1'),
(9, '2', '6', '2', 3, '1'),
(10, '2', '9', '2.5', 4, '1'),
(11, '2', '12', '3', 5, '1'),
(12, '3', '2', '2', 1, '1'),
(13, '3', '3', '3.5', 2, '1'),
(14, '3', '6', '2', 3, '1'),
(15, '3', '9', '3.5', 4, '1'),
(16, '3', '12', '5', 5, '1'),
(17, '4', '2', '2', 1, '1'),
(18, '4', '3', '3.5', 2, '1'),
(19, '4', '6', '2', 3, '1'),
(20, '4', '9', '3.5', 4, '1'),
(21, '4', '12', '5', 5, '1');

-- --------------------------------------------------------

--
-- Tablo için tablo yapısı `tanitim_video`
--

CREATE TABLE `tanitim_video` (
  `id` int(11) NOT NULL,
  `margin` varchar(222) DEFAULT NULL,
  `padding` varchar(222) DEFAULT NULL,
  `video_kod` text DEFAULT NULL,
  `baslik_renk` varchar(22) DEFAULT NULL,
  `spot_renk` varchar(22) DEFAULT NULL,
  `bg_tip` varchar(22) DEFAULT NULL,
  `bg_color` varchar(22) DEFAULT NULL,
  `bg_image` text DEFAULT NULL,
  `bg_durum` varchar(22) DEFAULT NULL,
  `bg_dark` varchar(22) DEFAULT NULL,
  `baslik_font` varchar(222) DEFAULT NULL,
  `baslik_space` varchar(22) DEFAULT NULL,
  `logo` varchar(222) DEFAULT NULL,
  `button_renk` varchar(22) DEFAULT NULL,
  `button_hover_renk` varchar(22) DEFAULT NULL,
  `button_ani_renk` varchar(22) DEFAULT NULL,
  `button_play_renk` varchar(22) DEFAULT NULL
) ENGINE=InnoDB DEFAULT CHARSET=utf8;

--
-- Tablo döküm verisi `tanitim_video`
--

INSERT INTO `tanitim_video` (`id`, `margin`, `padding`, `video_kod`, `baslik_renk`, `spot_renk`, `bg_tip`, `bg_color`, `bg_image`, `bg_durum`, `bg_dark`, `baslik_font`, `baslik_space`, `logo`, `button_renk`, `button_hover_renk`, `button_ani_renk`, `button_play_renk`) VALUES
(1, '0', '125', 'tQSZKPS9Xrg', '000000', '8b8b8b', '1', 'ffffff', '', '1', '1', 'Roboto Condensed', 'lspacsmall', '69871-781-BUSinessLogo.svg', 'fa183d', 'da0528', 'ba1f24', 'ffffff');

-- --------------------------------------------------------

--
-- Tablo için tablo yapısı `tanitim_video_icerik`
--

CREATE TABLE `tanitim_video_icerik` (
  `id` int(11) NOT NULL,
  `baslik` varchar(222) DEFAULT NULL,
  `ustbaslik` varchar(222) DEFAULT NULL,
  `video_kod` varchar(222) DEFAULT NULL,
  `dil` varchar(4) DEFAULT NULL
) ENGINE=InnoDB DEFAULT CHARSET=utf8;

--
-- Tablo döküm verisi `tanitim_video_icerik`
--

INSERT INTO `tanitim_video_icerik` (`id`, `baslik`, `ustbaslik`, `video_kod`, `dil`) VALUES
(1, 'TANITIM VİDEOMUZU İZLEYİNS', 'PHPTEMA SHOP E-TİCARETS', 'tQSZKPS9XrgS', 'en'),
(7, 'aaaa ', ' aaaa', 'zVyu9OiBzbY', 'tr');

-- --------------------------------------------------------

--
-- Tablo için tablo yapısı `ticaret_bilgi`
--

CREATE TABLE `ticaret_bilgi` (
  `id` int(11) NOT NULL,
  `baslik` varchar(222) DEFAULT NULL,
  `spot` varchar(222) DEFAULT NULL,
  `icon` varchar(222) DEFAULT NULL,
  `sira` int(11) DEFAULT NULL,
  `dil` varchar(22) DEFAULT NULL
) ENGINE=InnoDB DEFAULT CHARSET=utf8;

--
-- Tablo döküm verisi `ticaret_bilgi`
--

INSERT INTO `ticaret_bilgi` (`id`, `baslik`, `spot`, `icon`, `sira`, `dil`) VALUES
(1, 'Canlı Destek', '%100 Müşteri Memnuniyeti', 'las la-life-ring', 2, 'tr'),
(2, 'Hızlı Kargo', 'Siparişinizin Ardından Anında Kargo', 'las la-truck', 1, 'tr'),
(3, 'Güvenli Ödeme', '256 Bit SSL Şifreleme', 'las la-lock', 3, 'tr'),
(4, 'Ücretsiz İade', 'Anında Ücretsiz İade', 'las la-recycle', 4, 'tr');

-- --------------------------------------------------------

--
-- Tablo için tablo yapısı `tkutu_ayar`
--

CREATE TABLE `tkutu_ayar` (
  `id` int(11) NOT NULL,
  `tkutu_font` varchar(222) DEFAULT NULL,
  `tkutu_ana_arkaplan` varchar(22) DEFAULT NULL,
  `tkutu_arkaplan` varchar(22) DEFAULT NULL,
  `tkutu_border` varchar(22) DEFAULT NULL,
  `tkutu_baslik_renk` varchar(22) DEFAULT NULL,
  `tkutu_icon_renk` varchar(22) DEFAULT NULL,
  `tkutu_spot_renk` varchar(22) DEFAULT NULL,
  `tkutu_footer` varchar(2) DEFAULT NULL,
  `tkutu_main_border` varchar(22) DEFAULT NULL
) ENGINE=InnoDB DEFAULT CHARSET=utf8;

--
-- Tablo döküm verisi `tkutu_ayar`
--

INSERT INTO `tkutu_ayar` (`id`, `tkutu_font`, `tkutu_ana_arkaplan`, `tkutu_arkaplan`, `tkutu_border`, `tkutu_baslik_renk`, `tkutu_icon_renk`, `tkutu_spot_renk`, `tkutu_footer`, `tkutu_main_border`) VALUES
(1, 'Open Sans', 'ffffff', 'ffffff', 'ebebeb', '666666', 'ed5f1f', '000000', '0', 'ffffff');

-- --------------------------------------------------------

--
-- Tablo için tablo yapısı `trendyol_siparis`
--

CREATE TABLE `trendyol_siparis` (
  `id` int(11) NOT NULL,
  `siparis_no` varchar(22) DEFAULT NULL,
  `teslimat_isim` varchar(60) DEFAULT NULL,
  `teslimat_adres` text DEFAULT NULL,
  `ara_toplam` decimal(22,4) DEFAULT NULL,
  `indirim` decimal(22,4) DEFAULT NULL,
  `toplam` decimal(22,4) DEFAULT NULL,
  `fatura_isim` varchar(60) DEFAULT NULL,
  `fatura_adres` text DEFAULT NULL,
  `musteri_isim` varchar(150) DEFAULT NULL,
  `musteri_eposta` varchar(100) DEFAULT NULL,
  `musteri_tc` varchar(22) DEFAULT NULL,
  `siparis_tarih` varchar(30) DEFAULT NULL,
  `siparis_sade_tarih` varchar(30) DEFAULT NULL,
  `siparis_durum` varchar(60) DEFAULT NULL,
  `kargo_adi` varchar(222) DEFAULT NULL,
  `kargo_takip_url` text DEFAULT NULL
) ENGINE=InnoDB DEFAULT CHARSET=utf8;

-- --------------------------------------------------------

--
-- Tablo için tablo yapısı `trendyol_siparis_urun`
--

CREATE TABLE `trendyol_siparis_urun` (
  `id` int(11) NOT NULL,
  `baslik` text DEFAULT NULL,
  `fiyat` decimal(22,4) DEFAULT NULL,
  `indirim` decimal(22,4) DEFAULT NULL,
  `toplam` decimal(22,4) DEFAULT NULL,
  `adet` varchar(11) DEFAULT NULL,
  `sku` varchar(33) DEFAULT NULL,
  `siparis_no` varchar(22) DEFAULT NULL
) ENGINE=InnoDB DEFAULT CHARSET=utf8;

-- --------------------------------------------------------

--
-- Tablo için tablo yapısı `trendyol_urun_bilgi`
--

CREATE TABLE `trendyol_urun_bilgi` (
  `id` int(11) NOT NULL,
  `urun_id` varchar(11) DEFAULT NULL,
  `ty_kat` varchar(22) DEFAULT NULL,
  `ty_ozellik` text DEFAULT NULL,
  `ty_marka` text DEFAULT NULL,
  `ty_marka_adi` varchar(222) DEFAULT NULL,
  `ty_kat_adi` text DEFAULT NULL,
  `ty_kuyruk` varchar(1) DEFAULT NULL,
  `ty_aktarim` varchar(1) DEFAULT NULL,
  `ty_izin` varchar(1) DEFAULT NULL,
  `ty_tarih` datetime DEFAULT NULL,
  `ty_log` text DEFAULT NULL,
  `ty_kod` varchar(22) DEFAULT NULL,
  `ty_stok` varchar(11) DEFAULT NULL,
  `ty_fiyat` decimal(22,4) DEFAULT NULL
) ENGINE=InnoDB DEFAULT CHARSET=utf8;

--
-- Tablo döküm verisi `trendyol_urun_bilgi`
--

INSERT INTO `trendyol_urun_bilgi` (`id`, `urun_id`, `ty_kat`, `ty_ozellik`, `ty_marka`, `ty_marka_adi`, `ty_kat_adi`, `ty_kuyruk`, `ty_aktarim`, `ty_izin`, `ty_tarih`, `ty_log`, `ty_kod`, `ty_stok`, `ty_fiyat`) VALUES
(1, '585', '0', '0', '0', '', '', '', '', '1', '0000-00-00 00:00:00', '', '', '', 0.0000);

-- --------------------------------------------------------

--
-- Tablo için tablo yapısı `ulkeler`
--

CREATE TABLE `ulkeler` (
  `id` int(11) NOT NULL,
  `baslik` varchar(222) DEFAULT NULL,
  `sira` int(11) DEFAULT NULL,
  `3_iso` varchar(3) DEFAULT NULL,
  `dil` varchar(22) DEFAULT NULL,
  `durum` varchar(2) DEFAULT NULL
) ENGINE=InnoDB DEFAULT CHARSET=utf8;

--
-- Tablo döküm verisi `ulkeler`
--

INSERT INTO `ulkeler` (`id`, `baslik`, `sira`, `3_iso`, `dil`, `durum`) VALUES
(1, 'Türkiye', 1, 'TUR', 'tr', '1');

-- --------------------------------------------------------

--
-- Tablo için tablo yapısı `updates`
--

CREATE TABLE `updates` (
  `id` int(11) NOT NULL DEFAULT 0,
  `version` varchar(255) NOT NULL
) ENGINE=InnoDB DEFAULT CHARSET=utf8;

--
-- Tablo döküm verisi `updates`
--

INSERT INTO `updates` (`id`, `version`) VALUES
(0, '7.0');

-- --------------------------------------------------------

--
-- Tablo için tablo yapısı `urun`
--

CREATE TABLE `urun` (
  `id` int(11) NOT NULL,
  `dil` varchar(22) DEFAULT NULL,
  `yeni` varchar(2) DEFAULT NULL,
  `siparis_islem` varchar(2) DEFAULT NULL,
  `gorunmez` varchar(1) DEFAULT NULL,
  `durum` varchar(2) DEFAULT NULL,
  `tarih` datetime DEFAULT NULL,
  `sade_tarih` date DEFAULT NULL,
  `baslik` varchar(222) DEFAULT NULL,
  `seo_baslik` varchar(222) DEFAULT NULL,
  `urun_kod` varchar(22) DEFAULT NULL,
  `stok` int(11) DEFAULT NULL,
  `barkod` varchar(22) DEFAULT NULL,
  `spot` text DEFAULT NULL,
  `ek_aciklama1` varchar(150) DEFAULT NULL,
  `ek_aciklama2` text DEFAULT NULL,
  `icerik` text DEFAULT NULL,
  `gorsel` text DEFAULT NULL,
  `watermark_gorsel` text NOT NULL,
  `marka` varchar(22) DEFAULT NULL,
  `marka_sira` int(11) DEFAULT NULL,
  `tags` text DEFAULT NULL,
  `meta_desc` text DEFAULT NULL,
  `kat_id` text DEFAULT NULL,
  `iliskili_kat` varchar(22) DEFAULT NULL,
  `fiyat_goster` varchar(2) DEFAULT NULL,
  `alis_fiyat` decimal(22,4) DEFAULT NULL,
  `fiyat` decimal(22,4) DEFAULT NULL,
  `fiyat_tip2` decimal(22,4) DEFAULT NULL,
  `fiyat_tip3` decimal(22,4) DEFAULT NULL,
  `indirim` varchar(2) DEFAULT NULL,
  `eski_fiyat` decimal(22,4) DEFAULT NULL,
  `havale_indirim_tur` varchar(2) DEFAULT NULL,
  `havale_indirim_tutar` decimal(22,4) DEFAULT NULL,
  `kdv` varchar(2) DEFAULT NULL,
  `kdv_oran` varchar(11) DEFAULT NULL,
  `kargo` varchar(2) DEFAULT NULL,
  `kargo_desi` varchar(5) DEFAULT NULL,
  `kargo_tipi` varchar(2) DEFAULT NULL,
  `kargo_ucret` decimal(22,4) DEFAULT NULL,
  `kargo_sure` varchar(222) DEFAULT NULL,
  `hizli_kargo` varchar(2) DEFAULT NULL,
  `kargo_firma` varchar(22) DEFAULT NULL,
  `yorum_durum` varchar(11) DEFAULT NULL,
  `star_rate` varchar(11) DEFAULT NULL,
  `hit` int(22) DEFAULT 0,
  `ek_tabs` text DEFAULT NULL,
  `ek_tabs_baslik` varchar(222) DEFAULT NULL,
  `embed` text DEFAULT NULL,
  `firsat` varchar(2) DEFAULT NULL,
  `katalog` varchar(22) DEFAULT NULL,
  `taksit` varchar(2) DEFAULT NULL,
  `anasayfa` varchar(2) DEFAULT NULL,
  `encoksatan` varchar(11) NOT NULL DEFAULT '0',
  `firsaturunu` varchar(11) NOT NULL DEFAULT '0',
  `yildiz` varchar(11) NOT NULL DEFAULT '0',
  `ozellikler` text DEFAULT NULL,
  `ozellik_tab_durum` varchar(2) DEFAULT NULL,
  `seo_url` text DEFAULT NULL,
  `yeni_sekme` varchar(2) DEFAULT NULL,
  `editor_secim` varchar(2) DEFAULT NULL,
  `satis_adet` varchar(22) DEFAULT NULL,
  `ekleyen` varchar(222) DEFAULT NULL,
  `xml_id` varchar(11) DEFAULT '0',
  `xml_product_id` varchar(30) DEFAULT '0',
  `n11_kat_id` varchar(15) DEFAULT '0',
  `n11_ozellik` text DEFAULT NULL,
  `n11_kat_isim` text DEFAULT NULL,
  `n11_kod` varchar(20) DEFAULT '0',
  `n11_aktarim` varchar(1) DEFAULT NULL,
  `n11_kuyruk` varchar(1) DEFAULT NULL,
  `n11_izin` varchar(1) DEFAULT '0',
  `n11_log` text DEFAULT NULL,
  `n11_tarih` datetime DEFAULT NULL,
  `pazaryeri_adi` varchar(222) DEFAULT NULL,
  `puan` int(11) NOT NULL DEFAULT 0,
  `urun_kapagi` varchar(1) NOT NULL DEFAULT '0',
  `video` text DEFAULT NULL,
  `beden_tablosu` varchar(1) NOT NULL DEFAULT '0',
  `kullanilabilir_stok` int(11) DEFAULT NULL,
  `fiyat_tip4` decimal(22,4) DEFAULT NULL,
  `fiyat_tip5` decimal(22,4) DEFAULT NULL
) ENGINE=InnoDB DEFAULT CHARSET=utf8;

--
-- Tablo döküm verisi `urun`
--

INSERT INTO `urun` (`id`, `dil`, `yeni`, `siparis_islem`, `gorunmez`, `durum`, `tarih`, `sade_tarih`, `baslik`, `seo_baslik`, `urun_kod`, `stok`, `barkod`, `spot`, `ek_aciklama1`, `ek_aciklama2`, `icerik`, `gorsel`, `watermark_gorsel`, `marka`, `marka_sira`, `tags`, `meta_desc`, `kat_id`, `iliskili_kat`, `fiyat_goster`, `alis_fiyat`, `fiyat`, `fiyat_tip2`, `fiyat_tip3`, `indirim`, `eski_fiyat`, `havale_indirim_tur`, `havale_indirim_tutar`, `kdv`, `kdv_oran`, `kargo`, `kargo_desi`, `kargo_tipi`, `kargo_ucret`, `kargo_sure`, `hizli_kargo`, `kargo_firma`, `yorum_durum`, `star_rate`, `hit`, `ek_tabs`, `ek_tabs_baslik`, `embed`, `firsat`, `katalog`, `taksit`, `anasayfa`, `encoksatan`, `firsaturunu`, `yildiz`, `ozellikler`, `ozellik_tab_durum`, `seo_url`, `yeni_sekme`, `editor_secim`, `satis_adet`, `ekleyen`, `xml_id`, `xml_product_id`, `n11_kat_id`, `n11_ozellik`, `n11_kat_isim`, `n11_kod`, `n11_aktarim`, `n11_kuyruk`, `n11_izin`, `n11_log`, `n11_tarih`, `pazaryeri_adi`, `puan`, `urun_kapagi`, `video`, `beden_tablosu`, `kullanilabilir_stok`, `fiyat_tip4`, `fiyat_tip5`) VALUES
(669, 'tr', '1', '0', '0', '1', '2023-01-09 19:17:17', '2023-01-09', 'Casio STANDART AE-1000W-4AVDF Kol Saati', 'Casio STANDART AE-1000W-4AVDF Kol Saati', 'AE-1000W-4AVDF', 3, '123456', 'Spot Açıklama\r\n', 'Kısa Bilgi Açıklaması', 'Kutu Açıklama', '<p>Detaylı A&ccedil;ıklama</p>', 'product_watermark_product_wslogo4544707838646721472133242977.png', 'watermark_product_watermark_product_wslogo4544707838646721472133242977.png', '0', NULL, '', '', '368,', '368', '1', 0.0000, 729.0000, 0.0000, 0.0000, '', 0.0000, '', 0.0000, '2', '18', '0', '', '0', 0.0000, '', '', '', '1', '4', 8664, '', '', '', NULL, '', '1', '1', '1', '', '1', '', '', 'casio-standart-ae-1000w-4avdf-kol-saati', '', NULL, '3', 'wisesoft', '11', '1070', '0', '', '', '0', '', '', '0', '', '0000-00-00 00:00:00', '', 0, '1', 'product_video_3.mp4', '1', 3, 0.0000, 0.0000),
(691, 'tr', '1', '0', '0', '1', '2023-03-04 01:26:30', '2023-03-04', 'Denem Ürün', 'Denem Ürün', 'K1T4BHM', 89, '', NULL, NULL, NULL, NULL, 'product_aa7816f3-395f-43b0-a9fc-0b806f923a6a5751602592485.png', 'watermark_product_aa7816f3-395f-43b0-a9fc-0b806f923a6a5751602592485.png', '2', 1, NULL, NULL, '367,376,', '376', '1', 0.0000, 11.0000, 0.0000, 0.0000, NULL, 0.0000, NULL, 0.0000, '0', NULL, NULL, NULL, NULL, 0.0000, NULL, NULL, NULL, '0', '4', 236, NULL, NULL, NULL, '1', NULL, '1', '1', '1', '1', '2', NULL, NULL, 'denem-urun', NULL, '1', '3', 'wisesoft', '0', '0', '0', NULL, NULL, '0', NULL, NULL, '0', NULL, NULL, NULL, 0, '0', NULL, '1', 86, 0.0000, 0.0000),
(692, 'us', NULL, NULL, '0', '1', '2023-03-07 21:28:34', '2023-03-07', 'sdada', 'sdada', '2e1321', 22, NULL, NULL, NULL, NULL, NULL, 'product_aa7816f3-395f-43b0-a9fc-0b806f923a6a4330142511364.png', 'watermark_product_aa7816f3-395f-43b0-a9fc-0b806f923a6a4330142511364.png', NULL, NULL, NULL, NULL, NULL, NULL, '1', 0.0000, 32.0000, 0.0000, 0.0000, NULL, 0.0000, NULL, 0.0000, '0', NULL, NULL, NULL, NULL, 0.0000, NULL, NULL, NULL, NULL, NULL, 2, NULL, NULL, NULL, NULL, NULL, NULL, NULL, '0', '0', '0', NULL, NULL, 'sdada', NULL, NULL, NULL, 'wisesoft', '0', '0', '0', NULL, NULL, '0', NULL, NULL, '0', NULL, NULL, NULL, 0, '0', NULL, '0', 0, 0.0000, 0.0000);

-- --------------------------------------------------------

--
-- Tablo için tablo yapısı `urundetay_benzer_urun`
--

CREATE TABLE `urundetay_benzer_urun` (
  `id` int(211) NOT NULL,
  `urun_id` varchar(22) DEFAULT NULL,
  `detay_id` varchar(22) DEFAULT NULL,
  `sira` int(11) DEFAULT NULL
) ENGINE=InnoDB DEFAULT CHARSET=utf8;

-- --------------------------------------------------------

--
-- Tablo için tablo yapısı `urun_cat`
--

CREATE TABLE `urun_cat` (
  `id` int(11) NOT NULL,
  `baslik` varchar(222) DEFAULT NULL,
  `baslik_seo` varchar(222) DEFAULT NULL,
  `spot` text DEFAULT NULL,
  `dil` varchar(22) DEFAULT NULL,
  `tags` text DEFAULT NULL,
  `meta_desc` text DEFAULT NULL,
  `ust_id` varchar(22) DEFAULT NULL,
  `sira` int(11) DEFAULT NULL,
  `durum` varchar(2) DEFAULT NULL,
  `seo_url` text DEFAULT NULL,
  `marka_filtre` varchar(2) DEFAULT NULL,
  `ozellik_filtre` varchar(2) DEFAULT NULL,
  `fiyat_filtre` varchar(2) DEFAULT NULL,
  `n11_kat_id` varchar(15) DEFAULT '0',
  `n11_kat_isim` text DEFAULT NULL,
  `n11_ozellik` text DEFAULT NULL,
  `ty_kat_adi` text DEFAULT NULL,
  `ty_marka` text DEFAULT NULL,
  `ty_marka_adi` varchar(222) DEFAULT NULL,
  `ty_ozellik` text DEFAULT '0',
  `ty_kat` varchar(222) DEFAULT '0',
  `hb_sync` varchar(1) DEFAULT NULL,
  `hb_kat_isim` varchar(222) DEFAULT NULL,
  `hb_kat_id` varchar(11) DEFAULT '0',
  `hb_ozellik` text DEFAULT '0'
) ENGINE=InnoDB DEFAULT CHARSET=utf8;

--
-- Tablo döküm verisi `urun_cat`
--

INSERT INTO `urun_cat` (`id`, `baslik`, `baslik_seo`, `spot`, `dil`, `tags`, `meta_desc`, `ust_id`, `sira`, `durum`, `seo_url`, `marka_filtre`, `ozellik_filtre`, `fiyat_filtre`, `n11_kat_id`, `n11_kat_isim`, `n11_ozellik`, `ty_kat_adi`, `ty_marka`, `ty_marka_adi`, `ty_ozellik`, `ty_kat`, `hb_sync`, `hb_kat_isim`, `hb_kat_id`, `hb_ozellik`) VALUES
(404, 'DENEME KATEGORİ', 'DENEME KATEGORİ', '', 'tr', '', '', '0', 1, '1', 'deneme-kategori', '1', '1', '1', '0', NULL, NULL, NULL, NULL, NULL, '0', '0', NULL, NULL, '0', '0');

-- --------------------------------------------------------

--
-- Tablo için tablo yapısı `urun_cat_ayar`
--

CREATE TABLE `urun_cat_ayar` (
  `id` int(11) NOT NULL,
  `detay_arkaplan` varchar(22) DEFAULT NULL,
  `detay_font` text DEFAULT NULL,
  `baslik_yer` varchar(2) DEFAULT NULL,
  `baslik_color` varchar(22) DEFAULT NULL,
  `aciklama_durum` varchar(2) DEFAULT NULL,
  `spot_color` varchar(22) DEFAULT NULL,
  `cat_href_color` varchar(22) DEFAULT NULL,
  `siralama_secim` varchar(2) DEFAULT NULL,
  `sirala_harf` varchar(2) DEFAULT NULL,
  `sirala_artan` varchar(2) DEFAULT NULL,
  `sirala_azalan` varchar(2) DEFAULT NULL,
  `sirala_yeni` varchar(2) DEFAULT NULL,
  `sirala_populer` varchar(2) DEFAULT NULL,
  `sol_nav_tip` varchar(2) DEFAULT NULL,
  `sol_nav_bg` varchar(22) DEFAULT NULL,
  `sol_nav_border` varchar(22) DEFAULT NULL,
  `sol_nav_head_color` varchar(22) DEFAULT NULL,
  `sol_nav_text_color` varchar(22) DEFAULT NULL,
  `sol_nav_ayirac` varchar(22) DEFAULT NULL,
  `sol_nav_scroll` varchar(22) DEFAULT NULL,
  `sol_nav_scroll_alt` varchar(22) DEFAULT NULL,
  `checkbox_border` varchar(22) DEFAULT NULL,
  `checkbox_bg` varchar(22) DEFAULT NULL,
  `filtre_bedavakargo` varchar(2) DEFAULT NULL,
  `filtre_yeniler` varchar(2) DEFAULT NULL,
  `filtre_firsatlar` varchar(2) DEFAULT NULL,
  `filtre_indirimler` varchar(2) DEFAULT NULL,
  `filtre_taksitler` varchar(2) DEFAULT NULL,
  `filtre_hizlikargo` varchar(2) DEFAULT NULL,
  `filtre_stok` varchar(2) DEFAULT NULL,
  `filtre_editor` varchar(2) DEFAULT NULL,
  `urun_box_gorunum_tur` varchar(2) DEFAULT NULL,
  `alt_kat_tip` varchar(2) DEFAULT NULL,
  `altkat_padding` varchar(222) DEFAULT NULL,
  `altkat_box_bg` varchar(22) DEFAULT NULL,
  `altkat_box_bg_hover` varchar(22) DEFAULT NULL,
  `altkat_box_border` varchar(22) DEFAULT NULL,
  `altkat_box_text` varchar(22) DEFAULT NULL,
  `altkat_box_text_hover` varchar(22) DEFAULT NULL,
  `altkat_openbox_border` varchar(22) DEFAULT NULL,
  `altkat_openbox_shadow` varchar(22) DEFAULT NULL,
  `urun_liste_limit` varchar(22) DEFAULT NULL,
  `sayfalama_hiza` varchar(2) DEFAULT NULL,
  `fiyat_range_bg` varchar(22) DEFAULT NULL,
  `fiyat_range_ball` varchar(22) DEFAULT NULL,
  `fiyat_range_price_bg` varchar(22) DEFAULT NULL,
  `fiyat_range_price_border` varchar(22) DEFAULT NULL,
  `fiyat_range_price_text` varchar(22) DEFAULT NULL,
  `fiyat_range_button` varchar(222) DEFAULT NULL,
  `secili_filtre_button` varchar(222) DEFAULT NULL,
  `tumfiltre_kaldir_button` varchar(222) DEFAULT NULL
) ENGINE=InnoDB DEFAULT CHARSET=utf8;

--
-- Tablo döküm verisi `urun_cat_ayar`
--

INSERT INTO `urun_cat_ayar` (`id`, `detay_arkaplan`, `detay_font`, `baslik_yer`, `baslik_color`, `aciklama_durum`, `spot_color`, `cat_href_color`, `siralama_secim`, `sirala_harf`, `sirala_artan`, `sirala_azalan`, `sirala_yeni`, `sirala_populer`, `sol_nav_tip`, `sol_nav_bg`, `sol_nav_border`, `sol_nav_head_color`, `sol_nav_text_color`, `sol_nav_ayirac`, `sol_nav_scroll`, `sol_nav_scroll_alt`, `checkbox_border`, `checkbox_bg`, `filtre_bedavakargo`, `filtre_yeniler`, `filtre_firsatlar`, `filtre_indirimler`, `filtre_taksitler`, `filtre_hizlikargo`, `filtre_stok`, `filtre_editor`, `urun_box_gorunum_tur`, `alt_kat_tip`, `altkat_padding`, `altkat_box_bg`, `altkat_box_bg_hover`, `altkat_box_border`, `altkat_box_text`, `altkat_box_text_hover`, `altkat_openbox_border`, `altkat_openbox_shadow`, `urun_liste_limit`, `sayfalama_hiza`, `fiyat_range_bg`, `fiyat_range_ball`, `fiyat_range_price_bg`, `fiyat_range_price_border`, `fiyat_range_price_text`, `fiyat_range_button`, `secili_filtre_button`, `tumfiltre_kaldir_button`) VALUES
(1, 'ffffff', 'Open Sans', '2', '000000', '1', '999999', '000000', '1', '1', '1', '1', '1', '1', '2', 'ffffff', 'ebebeb', '000000', '000000', '000000', 'cccccc', 'f8f8f8', '000000', '000000', '1', '1', '1', '1', '1', '1', '1', '1', '1', '2', '6px 20px', 'ffffff', 'ed5f1f', 'ebebeb', '333333', 'ffffff', 'ffffff', '1', '12', '0', 'ebebeb', 'ed5f1f', 'ffffff', 'ebebeb', '000000', 'button-orange-out', 'button-orange-out', 'button-orange-out');

-- --------------------------------------------------------

--
-- Tablo için tablo yapısı `urun_detay`
--

CREATE TABLE `urun_detay` (
  `id` int(11) NOT NULL,
  `urundetay_aktif_tab` varchar(22) DEFAULT NULL,
  `urundetay_aktif_tab_yazi` varchar(22) DEFAULT NULL,
  `detay_font` varchar(222) DEFAULT NULL,
  `detay_bg` text DEFAULT NULL,
  `detay_sepet_button` varchar(222) DEFAULT NULL,
  `detay_marka_goster` varchar(2) DEFAULT NULL,
  `detay_marka_tip` varchar(2) DEFAULT NULL,
  `detay_stok_goster` varchar(2) DEFAULT NULL,
  `detay_urunkod_goster` varchar(2) DEFAULT NULL,
  `detay_fiyatkazanc` varchar(2) DEFAULT NULL,
  `detay_havale_info` varchar(2) DEFAULT NULL,
  `detay_infobox_border` varchar(22) DEFAULT NULL,
  `detay_more_comment_button` varchar(222) DEFAULT NULL,
  `detay_yorum_oval_bg` varchar(222) DEFAULT NULL,
  `detay_yorumyap_button` varchar(222) DEFAULT NULL,
  `urun_yorum_onay` varchar(2) DEFAULT NULL,
  `star_rate` varchar(1) DEFAULT NULL,
  `sosyal_ikon` varchar(2) DEFAULT NULL,
  `galeri_tema` varchar(1) DEFAULT NULL,
  `galeri_thumb` varchar(1) DEFAULT NULL
) ENGINE=InnoDB DEFAULT CHARSET=utf8;

--
-- Tablo döküm verisi `urun_detay`
--

INSERT INTO `urun_detay` (`id`, `urundetay_aktif_tab`, `urundetay_aktif_tab_yazi`, `detay_font`, `detay_bg`, `detay_sepet_button`, `detay_marka_goster`, `detay_marka_tip`, `detay_stok_goster`, `detay_urunkod_goster`, `detay_fiyatkazanc`, `detay_havale_info`, `detay_infobox_border`, `detay_more_comment_button`, `detay_yorum_oval_bg`, `detay_yorumyap_button`, `urun_yorum_onay`, `star_rate`, `sosyal_ikon`, `galeri_tema`, `galeri_thumb`) VALUES
(1, 'ff6c19', 'ffffff', 'Open Sans', 'f3f6f9', 'button-blue', '1', '0', '1', '1', '1', '1', 'ebebeb', 'button-blue', 'button-yellow-out', 'button-black', '0', '1', '1', '3', '5');

-- --------------------------------------------------------

--
-- Tablo için tablo yapısı `urun_export`
--

CREATE TABLE `urun_export` (
  `id` int(11) NOT NULL,
  `baslik` varchar(222) DEFAULT NULL,
  `tur` varchar(22) DEFAULT NULL,
  `kategoriler` text DEFAULT NULL,
  `dil` varchar(11) DEFAULT NULL,
  `output_key` varchar(22) DEFAULT NULL,
  `parabirimi` varchar(5) DEFAULT NULL,
  `kar` varchar(10) DEFAULT NULL,
  `ipler` text DEFAULT NULL,
  `limit_start` varchar(11) DEFAULT NULL,
  `limit_end` varchar(11) DEFAULT NULL,
  `tarih` date DEFAULT NULL,
  `saat` time DEFAULT NULL,
  `ok_id` varchar(1) DEFAULT NULL,
  `ok_baslik` varchar(1) DEFAULT NULL,
  `ok_gorsel` varchar(1) DEFAULT NULL,
  `ok_stok` varchar(1) DEFAULT NULL,
  `ok_stokkod` varchar(1) DEFAULT NULL,
  `ok_barkod` varchar(1) DEFAULT NULL,
  `ok_fiyat` varchar(1) DEFAULT NULL,
  `ok_eskifiyat` varchar(1) DEFAULT NULL,
  `ok_ozelfiyat` varchar(1) DEFAULT NULL,
  `ok_alisfiyat` varchar(1) DEFAULT NULL,
  `ok_kargodesi` varchar(1) DEFAULT NULL,
  `ok_kargotutar` varchar(1) DEFAULT NULL,
  `ok_parabirimi` varchar(1) DEFAULT NULL,
  `ok_kat` varchar(1) DEFAULT NULL,
  `ok_marka` varchar(1) DEFAULT NULL,
  `ok_aciklama` varchar(1) DEFAULT NULL,
  `ok_varyant` varchar(1) DEFAULT NULL,
  `dosya_tur` varchar(11) DEFAULT NULL,
  `n11_sablon` varchar(222) DEFAULT NULL
) ENGINE=InnoDB DEFAULT CHARSET=utf8;

-- --------------------------------------------------------

--
-- Tablo için tablo yapısı `urun_favori`
--

CREATE TABLE `urun_favori` (
  `id` int(11) NOT NULL,
  `uye_id` varchar(22) DEFAULT NULL,
  `urun_id` varchar(22) DEFAULT NULL
) ENGINE=InnoDB DEFAULT CHARSET=utf8;

--
-- Tablo döküm verisi `urun_favori`
--

INSERT INTO `urun_favori` (`id`, `uye_id`, `urun_id`) VALUES
(8, '11', ''),
(9, '11', ''),
(10, '11', ''),
(11, '11', ''),
(12, '11', ''),
(13, '11', ''),
(14, '11', ''),
(15, '11', ''),
(16, '11', ''),
(17, '11', ''),
(18, '11', ''),
(19, '11', ''),
(20, '11', ''),
(21, '11', ''),
(22, '11', '');

-- --------------------------------------------------------

--
-- Tablo için tablo yapısı `urun_galeri`
--

CREATE TABLE `urun_galeri` (
  `id` int(11) NOT NULL,
  `gorsel` text DEFAULT NULL,
  `gorsel_filigran` text NOT NULL,
  `urun_id` varchar(22) DEFAULT NULL,
  `sira` int(11) DEFAULT NULL
) ENGINE=InnoDB DEFAULT CHARSET=utf8;

--
-- Tablo döküm verisi `urun_galeri`
--

INSERT INTO `urun_galeri` (`id`, `gorsel`, `gorsel_filigran`, `urun_id`, `sira`) VALUES
(313, '15652-870-2023-02-28_03.08.54.jpg', 'watermark_15652-870-2023-02-28_03.08.54.jpg', '669', 2),
(319, '47889-76-watermark_product_wslogo45447078386467.png', 'watermark_47889-76-watermark_product_wslogo45447078386467.png', '669', 1),
(325, '96518-403-watermark_product_wslogo45447078386467.png', 'watermark_96518-403-watermark_product_wslogo45447078386467.png', '691', NULL),
(326, '47825-941-watermark_product_wslogo45447078386467.png', 'watermark_47825-941-watermark_product_wslogo45447078386467.png', '691', NULL);

-- --------------------------------------------------------

--
-- Tablo için tablo yapısı `urun_import`
--

CREATE TABLE `urun_import` (
  `id` int(11) NOT NULL,
  `baslik` varchar(222) DEFAULT NULL,
  `dosya` text DEFAULT NULL,
  `tarih` datetime DEFAULT NULL,
  `durum` varchar(1) DEFAULT NULL,
  `upload_tip` varchar(1) DEFAULT NULL,
  `dosya_url` text DEFAULT NULL,
  `kaydet` varchar(1) DEFAULT NULL,
  `e_ana` varchar(55) DEFAULT NULL,
  `e_id` varchar(55) DEFAULT NULL,
  `e_baslik` varchar(55) DEFAULT NULL,
  `e_stok` varchar(55) DEFAULT NULL,
  `e_fiyat` varchar(55) DEFAULT NULL,
  `e_kat` varchar(55) DEFAULT NULL,
  `e_marka` varchar(55) DEFAULT NULL,
  `e_foto` varchar(55) DEFAULT NULL,
  `e_barkod` varchar(55) DEFAULT NULL,
  `e_kod` varchar(55) DEFAULT NULL,
  `e_spot` varchar(55) DEFAULT NULL
) ENGINE=InnoDB DEFAULT CHARSET=utf8;

--
-- Tablo döküm verisi `urun_import`
--

INSERT INTO `urun_import` (`id`, `baslik`, `dosya`, `tarih`, `durum`, `upload_tip`, `dosya_url`, `kaydet`, `e_ana`, `e_id`, `e_baslik`, `e_stok`, `e_fiyat`, `e_kat`, `e_marka`, `e_foto`, `e_barkod`, `e_kod`, `e_spot`) VALUES
(11, 'Site Yedek Yüklemesi', '507545671017988.xml', '2023-01-09 19:15:20', '1', '2', 'https://tascicity.com/output/xml/206067645459/?limit_start=0&limit_end=900', '1', 'Product', 'ProductID', 'ProductName', 'Stock', 'Price', 'CategoryName', 'Brand', 'Photo', 'Barcode', 'StockCode', 'ProductDescription');

-- --------------------------------------------------------

--
-- Tablo için tablo yapısı `urun_kutu`
--

CREATE TABLE `urun_kutu` (
  `id` int(11) NOT NULL,
  `kutu_arkaplan` varchar(22) DEFAULT NULL,
  `kutu_shadow` varchar(2) DEFAULT NULL,
  `kutu_radius` varchar(5) DEFAULT NULL,
  `kutu_border_renk` varchar(22) DEFAULT NULL,
  `kutu_kargo_renk` varchar(22) DEFAULT NULL,
  `kutu_yazi_renk` varchar(22) DEFAULT NULL,
  `kutu_fiyat_renk` varchar(22) DEFAULT NULL,
  `kutu_eskifiyat_renk` varchar(22) DEFAULT NULL,
  `kutu_marka_goster` varchar(22) DEFAULT NULL,
  `kutu_marka_renk` varchar(22) DEFAULT NULL,
  `kutu_aksiyon_tip` varchar(2) DEFAULT NULL,
  `kutu_sepet_button` varchar(22) DEFAULT NULL,
  `kutu_fav_button` varchar(22) DEFAULT NULL,
  `kutu_compare_button` varchar(22) DEFAULT NULL,
  `kutu_kargo_goster` varchar(2) DEFAULT NULL,
  `kutu_indirim_goster` varchar(2) DEFAULT NULL,
  `kutu_yeni_ribbon` varchar(22) DEFAULT NULL,
  `kutu_grupfiyat_button` varchar(22) DEFAULT NULL,
  `kutu_ozelfiyat_bg` varchar(22) DEFAULT NULL,
  `kutu_ozelfiyat_text` varchar(22) DEFAULT NULL,
  `kutu_star_rate` varchar(22) DEFAULT NULL,
  `star_color` varchar(22) DEFAULT NULL,
  `star_pasif_color` varchar(22) DEFAULT NULL,
  `border_width` varchar(4) DEFAULT NULL,
  `resim_w` varchar(11) DEFAULT NULL,
  `resim_h` varchar(11) DEFAULT NULL,
  `resim_big_w` varchar(11) DEFAULT NULL,
  `resim_big_h` varchar(11) DEFAULT NULL
) ENGINE=InnoDB DEFAULT CHARSET=utf8;

--
-- Tablo döküm verisi `urun_kutu`
--

INSERT INTO `urun_kutu` (`id`, `kutu_arkaplan`, `kutu_shadow`, `kutu_radius`, `kutu_border_renk`, `kutu_kargo_renk`, `kutu_yazi_renk`, `kutu_fiyat_renk`, `kutu_eskifiyat_renk`, `kutu_marka_goster`, `kutu_marka_renk`, `kutu_aksiyon_tip`, `kutu_sepet_button`, `kutu_fav_button`, `kutu_compare_button`, `kutu_kargo_goster`, `kutu_indirim_goster`, `kutu_yeni_ribbon`, `kutu_grupfiyat_button`, `kutu_ozelfiyat_bg`, `kutu_ozelfiyat_text`, `kutu_star_rate`, `star_color`, `star_pasif_color`, `border_width`, `resim_w`, `resim_h`, `resim_big_w`, `resim_big_h`) VALUES
(1, 'ffffff', '1', '5px', 'ebebeb', '000000', '000000', '000000', 'b0b0b0', '1', '000000', '1', '1', '1', '1', '1', '1', '1', 'button-green', '333333', 'ffffff', '1', 'ed5f1f', 'cccccc', '1px', '655', '880', '655', '880');

-- --------------------------------------------------------

--
-- Tablo için tablo yapısı `urun_marka`
--

CREATE TABLE `urun_marka` (
  `id` int(11) NOT NULL,
  `baslik` varchar(222) DEFAULT NULL,
  `baslik_seo` varchar(222) DEFAULT NULL,
  `seo_url` text DEFAULT NULL,
  `gorsel` varchar(222) DEFAULT NULL,
  `gorsel_anasayfa` varchar(222) DEFAULT NULL,
  `spot` text DEFAULT NULL,
  `sira` int(11) DEFAULT NULL,
  `durum` varchar(2) DEFAULT NULL,
  `anasayfa` varchar(2) DEFAULT NULL,
  `tags` text DEFAULT NULL,
  `meta_desc` text DEFAULT NULL
) ENGINE=InnoDB DEFAULT CHARSET=utf8;

--
-- Tablo döküm verisi `urun_marka`
--

INSERT INTO `urun_marka` (`id`, `baslik`, `baslik_seo`, `seo_url`, `gorsel`, `gorsel_anasayfa`, `spot`, `sira`, `durum`, `anasayfa`, `tags`, `meta_desc`) VALUES
(2, 'Marka 1', 'Marka 1', 'marka-1', 'brand_watermark_product_wslogo4544707838646763912615755188.png', 'brand_home_watermark_product_wslogo4544707838646763912615755188.png', '', 1, '1', '0', '', ''),
(3, 'Marka 2', 'Marka 2', 'marka-2', 'brand_watermark_product_wslogo4544707838646730757070275964.png', 'brand_home_watermark_product_wslogo4544707838646730757070275964.png', '', 1, '1', '0', '', '');

-- --------------------------------------------------------

--
-- Tablo için tablo yapısı `urun_marka_ayar`
--

CREATE TABLE `urun_marka_ayar` (
  `id` int(11) NOT NULL,
  `padding` varchar(22) DEFAULT NULL,
  `marka_limit` varchar(22) DEFAULT NULL,
  `margin` varchar(22) DEFAULT NULL,
  `bg_tip` varchar(22) DEFAULT NULL,
  `bg_color` varchar(22) DEFAULT NULL,
  `bg_image` text DEFAULT NULL,
  `bg_durum` varchar(22) DEFAULT NULL,
  `bg_dark` varchar(22) DEFAULT NULL,
  `border_color_home` varchar(22) DEFAULT NULL,
  `modul_border` varchar(22) DEFAULT NULL,
  `yeni_sekme` varchar(2) DEFAULT NULL,
  `box_bg_home` varchar(22) DEFAULT NULL,
  `box_bg` varchar(22) DEFAULT NULL,
  `tooltip` varchar(2) DEFAULT NULL,
  `detay_bg` varchar(22) DEFAULT NULL,
  `detay_font` text DEFAULT NULL,
  `meta_desc` text DEFAULT NULL,
  `tags` text DEFAULT NULL,
  `round` varchar(1) DEFAULT NULL
) ENGINE=InnoDB DEFAULT CHARSET=utf8;

--
-- Tablo döküm verisi `urun_marka_ayar`
--

INSERT INTO `urun_marka_ayar` (`id`, `padding`, `marka_limit`, `margin`, `bg_tip`, `bg_color`, `bg_image`, `bg_durum`, `bg_dark`, `border_color_home`, `modul_border`, `yeni_sekme`, `box_bg_home`, `box_bg`, `tooltip`, `detay_bg`, `detay_font`, `meta_desc`, `tags`, `round`) VALUES
(1, '20', '20', '0', '1', 'f9f9f9', '', '0', '0', 'ebebeb', 'ebebeb', '0', 'ffffff', 'ccc', '1', 'ffffff', 'Poppins', 'Detaylı Açıklama\n\n', 'Marka,Ayar', '1');

-- --------------------------------------------------------

--
-- Tablo için tablo yapısı `urun_ozellik`
--

CREATE TABLE `urun_ozellik` (
  `id` int(11) NOT NULL,
  `baslik` varchar(222) DEFAULT NULL,
  `grup_id` varchar(22) DEFAULT NULL,
  `sira` int(11) DEFAULT NULL
) ENGINE=InnoDB DEFAULT CHARSET=utf8;

-- --------------------------------------------------------

--
-- Tablo için tablo yapısı `urun_ozellik_grup`
--

CREATE TABLE `urun_ozellik_grup` (
  `id` int(11) NOT NULL,
  `baslik` varchar(222) DEFAULT NULL,
  `durum` varchar(2) DEFAULT NULL,
  `sira` int(211) DEFAULT NULL
) ENGINE=InnoDB DEFAULT CHARSET=utf8;

-- --------------------------------------------------------

--
-- Tablo için tablo yapısı `urun_varyant`
--

CREATE TABLE `urun_varyant` (
  `id` int(11) NOT NULL,
  `baslik` varchar(222) DEFAULT NULL,
  `dil` varchar(22) DEFAULT NULL,
  `durum` varchar(2) DEFAULT NULL,
  `sira` int(11) DEFAULT NULL
) ENGINE=InnoDB DEFAULT CHARSET=utf8;

--
-- Tablo döküm verisi `urun_varyant`
--

INSERT INTO `urun_varyant` (`id`, `baslik`, `dil`, `durum`, `sira`) VALUES
(1, 'Renk', 'tr', '1', 1),
(3, 'Tarih', 'tr', '1', 1),
(4, 'Text Area', 'tr', '1', 1),
(5, 'Selectbox', 'tr', '1', 1);

-- --------------------------------------------------------

--
-- Tablo için tablo yapısı `urun_varyant_ekler`
--

CREATE TABLE `urun_varyant_ekler` (
  `id` int(11) NOT NULL,
  `urun_id` varchar(22) DEFAULT NULL,
  `ip_adres` varchar(222) DEFAULT NULL,
  `detay_ozellik_id` varchar(22) DEFAULT NULL,
  `icerik` text DEFAULT NULL,
  `sepet_id` varchar(22) DEFAULT NULL
) ENGINE=InnoDB DEFAULT CHARSET=utf8;

--
-- Tablo döküm verisi `urun_varyant_ekler`
--

INSERT INTO `urun_varyant_ekler` (`id`, `urun_id`, `ip_adres`, `detay_ozellik_id`, `icerik`, `sepet_id`) VALUES
(3, '669', '212.252.118.38', '15', 'jlk', '60453939'),
(4, '669', '212.252.118.38', '15', 'dsada', '80543878'),
(5, '669', '212.252.118.38', '15', 'jlk', '54198286'),
(6, '669', '212.252.118.38', '15', 'jlk', '40168294'),
(7, '669', '212.252.118.38', '15', 'dfsa', '6629745'),
(8, '669', '212.252.118.38', '15', 'l', '22240555'),
(9, '669', '212.252.118.38', '15', 'jlk', '58655658');

-- --------------------------------------------------------

--
-- Tablo için tablo yapısı `urun_varyant_ozellik`
--

CREATE TABLE `urun_varyant_ozellik` (
  `id` int(11) NOT NULL,
  `baslik` varchar(222) DEFAULT NULL,
  `var_id` varchar(22) DEFAULT NULL
) ENGINE=InnoDB DEFAULT CHARSET=utf8;

--
-- Tablo döküm verisi `urun_varyant_ozellik`
--

INSERT INTO `urun_varyant_ozellik` (`id`, `baslik`, `var_id`) VALUES
(1, 'Kırmızı', '1'),
(2, 'Mavi', '1'),
(3, 'Siyah', '1'),
(4, 'Beyaz', '1'),
(9, '2023', '3'),
(10, 'Text Area', '4'),
(11, 'Selectbox2', '5'),
(12, 'Selectbox', '5');

-- --------------------------------------------------------

--
-- Tablo için tablo yapısı `urun_yorum`
--

CREATE TABLE `urun_yorum` (
  `id` int(11) NOT NULL,
  `urun_id` varchar(222) DEFAULT NULL,
  `baslik` varchar(222) DEFAULT NULL,
  `isim` varchar(222) DEFAULT NULL,
  `soyisim` varchar(222) DEFAULT NULL,
  `yildiz` varchar(2) DEFAULT NULL,
  `yorum` text DEFAULT NULL,
  `gizli` varchar(2) DEFAULT NULL,
  `tarih` timestamp NULL DEFAULT NULL,
  `onay` varchar(2) DEFAULT NULL,
  `uye_id` varchar(22) DEFAULT NULL,
  `rand_id` varchar(22) DEFAULT NULL
) ENGINE=InnoDB DEFAULT CHARSET=utf8;

--
-- Tablo döküm verisi `urun_yorum`
--

INSERT INTO `urun_yorum` (`id`, `urun_id`, `baslik`, `isim`, `soyisim`, `yildiz`, `yorum`, `gizli`, `tarih`, `onay`, `uye_id`, `rand_id`) VALUES
(11, '669', 'dsada', 'Evren', 'Erkan', '1', 'dasdasd', '0', '2023-01-14 23:02:43', '1', '11', '79586647'),
(12, '669', 'assasa', 'Evren', 'Erkan', '5', 'sasas', '0', '2023-01-15 14:23:11', '0', '11', '92709697'),
(13, '669', 'sa21', 'Evren', 'Erkan', '3', 'sasa', '0', '2023-01-15 14:23:40', '1', '11', '47353552'),
(14, '669', 'sasas', 'Evren', 'Erkan', '5', 'asasaa', '0', '2023-01-15 14:24:15', '1', '11', '64166264'),
(15, '669', 'pppppp', 'Evren', 'Erkan', '5', 'pppp', '0', '2023-01-21 21:11:46', '1', '11', '44509049'),
(16, '669', 'dsadsada', 'Evren', 'Erkan', '4', 'dsadadas', '0', '2023-03-04 22:59:23', '0', '11', '287492'),
(17, '691', 'ddasds', 'kıvanç', 'erkan', '3', 'dsada', '0', '2023-03-04 23:24:20', '1', '12', '88167691'),
(18, '669', 'Deneme', 'Evren', 'Erkan', '5', 'dedenene', '0', '2023-03-05 00:27:05', '1', '11', '17432729'),
(19, '669', 'sadasdsa', 'Evren', 'Erkan', '1', 'dasdasdsada', '0', '2023-03-05 00:30:07', '0', '11', '10203427');

-- --------------------------------------------------------

--
-- Tablo için tablo yapısı `uyeler`
--

CREATE TABLE `uyeler` (
  `id` int(11) NOT NULL,
  `isim` varchar(255) DEFAULT NULL,
  `soyisim` varchar(255) DEFAULT NULL,
  `telefon` varchar(255) DEFAULT NULL,
  `eposta` varchar(255) DEFAULT NULL,
  `uye_tip` varchar(2) DEFAULT NULL,
  `firma_unvan` varchar(222) DEFAULT NULL,
  `tc_no` varchar(22) DEFAULT NULL,
  `vergi_dairesi` varchar(222) DEFAULT NULL,
  `vergi_no` varchar(222) DEFAULT NULL,
  `uyesifre` varchar(255) DEFAULT NULL,
  `ip` varchar(255) DEFAULT NULL,
  `tarih` timestamp NULL DEFAULT NULL,
  `tarih_ymd` date DEFAULT NULL,
  `uye_grup` varchar(22) DEFAULT NULL,
  `uye_grup_sure_durum` varchar(1) DEFAULT NULL,
  `uye_grup_sure` date DEFAULT NULL,
  `uye_grup_sure_2` date DEFAULT NULL,
  `son_giris` varchar(222) DEFAULT NULL,
  `sms_ekle` varchar(2) DEFAULT NULL,
  `eposta_ekle` varchar(2) DEFAULT NULL,
  `onay` varchar(1) DEFAULT NULL,
  `destek` varchar(1) DEFAULT NULL,
  `destek_sure` date DEFAULT NULL,
  `destek_sure_2` date DEFAULT NULL,
  `eposta_durum` varchar(1) DEFAULT NULL,
  `sms_durum` varchar(1) DEFAULT NULL,
  `toplam_puan` int(11) NOT NULL DEFAULT 0,
  `sohbet_ban` int(1) NOT NULL DEFAULT 0
) ENGINE=InnoDB DEFAULT CHARSET=utf8;

--
-- Tablo döküm verisi `uyeler`
--

INSERT INTO `uyeler` (`id`, `isim`, `soyisim`, `telefon`, `eposta`, `uye_tip`, `firma_unvan`, `tc_no`, `vergi_dairesi`, `vergi_no`, `uyesifre`, `ip`, `tarih`, `tarih_ymd`, `uye_grup`, `uye_grup_sure_durum`, `uye_grup_sure`, `uye_grup_sure_2`, `son_giris`, `sms_ekle`, `eposta_ekle`, `onay`, `destek`, `destek_sure`, `destek_sure_2`, `eposta_durum`, `sms_durum`, `toplam_puan`, `sohbet_ban`) VALUES
(11, 'Evren', 'Erkan', '34343434', 'As@as.com', '2', 'Wise Soft', '', 'Ege V.D', '27223836216', '29608c609c083a15a93e044c17575ec4', '176.42.153.199', '2023-01-04 17:51:39', '2023-01-04', '0', '', '0000-00-00', '0000-00-00', '2023-03-16 7:45:25', '1', '1', '1', '1', '0000-00-00', '0000-00-00', '', '', 50, 0),
(12, 'kıvanç', 'erkan', '05555599922', 'marlbro35@gmail.com', '1', '', '', '', '', '29608c609c083a15a93e044c17575ec4', '212.252.117.253', '2023-01-24 16:25:19', '2023-01-24', '0', '', '0000-00-00', '0000-00-00', '2023-03-05 5:02:21', '1', '1', '1', '1', '0000-00-00', '0000-00-00', '', '', 0, 0);

-- --------------------------------------------------------

--
-- Tablo için tablo yapısı `uyeler_adres`
--

CREATE TABLE `uyeler_adres` (
  `id` int(11) NOT NULL,
  `baslik` varchar(255) DEFAULT NULL,
  `uye_id` varchar(11) DEFAULT NULL,
  `adres_id` varchar(22) DEFAULT NULL,
  `isim` varchar(222) DEFAULT NULL,
  `soyisim` varchar(222) DEFAULT NULL,
  `tc_no` varchar(22) DEFAULT NULL,
  `alan_kodu` varchar(22) DEFAULT NULL,
  `telefon` varchar(22) DEFAULT NULL,
  `eposta` varchar(222) DEFAULT NULL,
  `ulke` varchar(222) DEFAULT NULL,
  `sehir` varchar(222) DEFAULT NULL,
  `ilce` varchar(222) DEFAULT NULL,
  `postakodu` varchar(22) DEFAULT NULL,
  `adresbilgisi` text DEFAULT NULL,
  `fatura_turu` varchar(22) DEFAULT NULL,
  `fatura_isim` varchar(222) DEFAULT NULL,
  `fatura_soyisim` varchar(222) DEFAULT NULL,
  `fatura_tc` varchar(22) DEFAULT NULL,
  `fatura_firma_unvan` varchar(222) DEFAULT NULL,
  `fatura_vergi_dairesi` varchar(222) DEFAULT NULL,
  `fatura_vergi_no` varchar(222) DEFAULT NULL,
  `fatura_ulke` varchar(222) DEFAULT NULL,
  `fatura_sehir` varchar(222) DEFAULT NULL,
  `fatura_ilce` varchar(222) DEFAULT NULL,
  `fatura_postakodu` varchar(22) DEFAULT NULL,
  `fatura_adresi` text DEFAULT NULL,
  `secili` varchar(2) DEFAULT NULL
) ENGINE=InnoDB DEFAULT CHARSET=utf8 ROW_FORMAT=DYNAMIC;

--
-- Tablo döküm verisi `uyeler_adres`
--

INSERT INTO `uyeler_adres` (`id`, `baslik`, `uye_id`, `adres_id`, `isim`, `soyisim`, `tc_no`, `alan_kodu`, `telefon`, `eposta`, `ulke`, `sehir`, `ilce`, `postakodu`, `adresbilgisi`, `fatura_turu`, `fatura_isim`, `fatura_soyisim`, `fatura_tc`, `fatura_firma_unvan`, `fatura_vergi_dairesi`, `fatura_vergi_no`, `fatura_ulke`, `fatura_sehir`, `fatura_ilce`, `fatura_postakodu`, `fatura_adresi`, `secili`) VALUES
(32, 'Aaa', '11', '358443113967', 'Aaa', 'Aaa', '', '', '(444) 444-4444', 'aa@aa.com', 'TUR', 'İzmir', 'Karabağlar', '22222', 'Aaaaaa', '1', 'Aaa', 'Aaa', '1111111111', '', '', '', 'TUR', 'İzmir', 'Karabağlar', '11111', 'Aaaaaaa', '1'),
(33, 'sadasdasdasad', '12', '608145580120', 'dsada', 'dasas', NULL, '', '(434) 232-3131', 'dsad@sdaa.com', 'TUR', 'Burdur', 'Karamanlı', '31231', 'dsadasdasdasda', '1', 'dasdadasdas', 'sada', '12312312312312', NULL, NULL, NULL, 'TUR', 'Adana', 'Aladağ', '23112', 'dsadada', '1');

-- --------------------------------------------------------

--
-- Tablo için tablo yapısı `uyeler_ayar`
--

CREATE TABLE `uyeler_ayar` (
  `id` int(11) NOT NULL,
  `durum` varchar(2) DEFAULT NULL,
  `adres_alani` varchar(2) DEFAULT NULL,
  `destek_alani` varchar(2) DEFAULT NULL,
  `destek_siparis_mecbur` varchar(1) DEFAULT NULL,
  `siparisler_alani` varchar(2) DEFAULT NULL,
  `yorumlar_alani` varchar(11) DEFAULT NULL,
  `favori_alani` varchar(2) DEFAULT NULL,
  `kupon_alani` varchar(2) DEFAULT NULL,
  `iptal_alani` varchar(2) DEFAULT NULL,
  `basit_form` varchar(2) DEFAULT NULL,
  `uye_tip_zorunlu` varchar(2) DEFAULT NULL,
  `detay_bg` mediumtext DEFAULT NULL,
  `font_select` varchar(222) DEFAULT NULL,
  `sms_ekle` varchar(2) DEFAULT NULL,
  `eposta_ekle` varchar(2) DEFAULT NULL,
  `altsayfa_bg` varchar(22) DEFAULT NULL,
  `yeni_uyelik` varchar(1) DEFAULT NULL,
  `oto_onay` varchar(1) DEFAULT NULL
) ENGINE=InnoDB DEFAULT CHARSET=utf8;

--
-- Tablo döküm verisi `uyeler_ayar`
--

INSERT INTO `uyeler_ayar` (`id`, `durum`, `adres_alani`, `destek_alani`, `destek_siparis_mecbur`, `siparisler_alani`, `yorumlar_alani`, `favori_alani`, `kupon_alani`, `iptal_alani`, `basit_form`, `uye_tip_zorunlu`, `detay_bg`, `font_select`, `sms_ekle`, `eposta_ekle`, `altsayfa_bg`, `yeni_uyelik`, `oto_onay`) VALUES
(1, '1', '1', NULL, '1', '1', '0', '1', '1', '1', '0', '', 'e9e9e9', 'Open Sans', '1', '1', 'f9f9f9', '0', '1');

-- --------------------------------------------------------

--
-- Tablo için tablo yapısı `uyeler_grup`
--

CREATE TABLE `uyeler_grup` (
  `id` int(11) NOT NULL,
  `baslik` varchar(222) DEFAULT NULL,
  `fiyat_tip` varchar(2) DEFAULT NULL,
  `ozel_indirim` varchar(1) DEFAULT NULL,
  `indirim_oran` decimal(22,4) DEFAULT NULL,
  `indirim_miktar` varchar(255) DEFAULT NULL
) ENGINE=InnoDB DEFAULT CHARSET=utf8;

--
-- Tablo döküm verisi `uyeler_grup`
--

INSERT INTO `uyeler_grup` (`id`, `baslik`, `fiyat_tip`, `ozel_indirim`, `indirim_oran`, `indirim_miktar`) VALUES
(2, 'Bayi', '2', '2', 10.0000, '10'),
(6, 'Şirket', '1', '1', 5.0000, '5'),
(10, 'Fiyat Tip 4', '3', '3', 15000.0000, '15'),
(11, 'Fiyat Tip 5', '4', '4', 20000.0000, '20'),
(12, 'Fiyat Tip 4', '3', '3', 15000.0000, '15'),
(13, 'Fiyat Tip 5', '4', '4', 20000.0000, '20');

-- --------------------------------------------------------

--
-- Tablo için tablo yapısı `uyeler_log`
--

CREATE TABLE `uyeler_log` (
  `id` int(11) NOT NULL,
  `tarih` timestamp NULL DEFAULT NULL,
  `islem` varchar(2) DEFAULT NULL,
  `ip` varchar(22) DEFAULT NULL,
  `uye_id` varchar(11) DEFAULT NULL
) ENGINE=InnoDB DEFAULT CHARSET=utf8;

-- --------------------------------------------------------

--
-- Tablo için tablo yapısı `uyeler_reset_sifre`
--

CREATE TABLE `uyeler_reset_sifre` (
  `id` int(11) NOT NULL,
  `eposta` varchar(222) DEFAULT NULL,
  `kod` varchar(222) DEFAULT NULL,
  `durum` varchar(2) DEFAULT NULL,
  `uye_id` varchar(22) DEFAULT NULL
) ENGINE=InnoDB DEFAULT CHARSET=utf8;

-- --------------------------------------------------------

--
-- Tablo için tablo yapısı `uyeler_yazilar`
--

CREATE TABLE `uyeler_yazilar` (
  `id` int(11) NOT NULL,
  `dil` varchar(22) DEFAULT NULL,
  `login_text` text DEFAULT NULL,
  `register_text` text DEFAULT NULL
) ENGINE=InnoDB DEFAULT CHARSET=utf8;

--
-- Tablo döküm verisi `uyeler_yazilar`
--

INSERT INTO `uyeler_yazilar` (`id`, `dil`, `login_text`, `register_text`) VALUES
(1, 'tr', '<div style=\"font-size: 18px; font-weight: bold; color: #000; margin-bottom: 25px;\">&Uuml;yeliğiniz yok mu?</div>\n\n<div style=\"font-size: 14px;\">Sitemize &uuml;yelik &uuml;cretsizdir. Eğer kayıt yaptırmadıysanız birka&ccedil; dakika i&ccedil;inde sitemize &uuml;ye olup giriş yapabilirsiniz. &Uuml;ye olma işlemini sipariş verme aşamasında da yapabilirsiniz!</div>', '<div style=\"font-size: 18px; font-weight: bold; color: #000; margin-bottom: 25px;\">&Uuml;ye olmanız i&ccedil;in bir ka&ccedil; neden</div>\n\n<div style=\"font-size: 14px; margin-bottom: 30px;\">Sitemize &uuml;yelik &uuml;cretsizdir. Eğer kayıt yaptırmadıysanız birka&ccedil; dakika i&ccedil;inde sitemize &uuml;ye olup giriş yapabilirsiniz.</div>\n\n<ul style=\"padding: 0!important; padding-left: 20px !important; font-size: 14px;\">\n\n<li>&Ouml;nceki siparişlerinize kolayca ulaşabilirsiniz.</li>\n\n<li>Destek bildiriminde bulunarak tenik ekibimizle iletişime ge&ccedil;ebilirsiniz</li>\n\n<li>&Uuml;r&uuml;nlerinizi favorilere ekleyebilirsiniz</li>\n\n<li>İndirim Kuponlarından faydalanabilirsiniz</li>\n\n<li>&Uuml;r&uuml;nlere yorum veya değerlendirme ekleyebilirsiniz</li>\n\n<li>Size &ouml;zel bildirimleri g&ouml;rebilirsiniz</li>\n\n<li>Kolayca adınıza adres tanımlaması yapabilir, faturalarınız i&ccedil;in ayrıca adresler oluşturabilirsiniz</li>\n\n<li>&Ouml;zel &uuml;ye gruplarına dahil olabilir, bu gruplara &ouml;zel indirimli fiyatlardan yararlanabilirsiniz</li>\n\n</ul>'),
(3, 'us', '<p><span style=\"font-size: 18px;\"><strong>Don\'t you have a membership?<br /></strong></span><br />Membership on our site is free of charge. If you have not registered, you can sign up and log in to our site within a few minutes. You can also sign up during the ordering process!</p>', '<p><strong><span style=\"font-size: 18px;\">A few reasons to become a member<br /></span></strong><br /><span style=\"font-size: 14px;\">Membership on our site is free of charge. If you have not registered, you can sign up and log in to our site within a few minutes.<br /><br /></span><span style=\"font-size: 14px;\">You can easily access your previous orders.</span><br /><span style=\"font-size: 14px;\">You can contact our tenik team by providing support notification</span><br /><span style=\"font-size: 14px;\">You can add your products to favorites</span><br /><span style=\"font-size: 14px;\">Discount Coupons are available</span><br /><span style=\"font-size: 14px;\">You can add reviews or reviews to products</span><br /><span style=\"font-size: 14px;\">You can see notifications specific to you</span><br /><span style=\"font-size: 14px;\">You can easily identify addresses on your 100s and create separate addresses for your invoices</span><br /><span style=\"font-size: 14px;\">You can be included in private member groups and benefit from discounted rates specific to these groups</span></p>');

-- --------------------------------------------------------

--
-- Tablo için tablo yapısı `video`
--

CREATE TABLE `video` (
  `id` int(11) NOT NULL,
  `baslik` varchar(222) DEFAULT NULL,
  `gorsel` text DEFAULT NULL,
  `spot` text DEFAULT NULL,
  `embed` text DEFAULT NULL,
  `tags` text DEFAULT NULL,
  `meta_desc` text DEFAULT NULL,
  `hit` int(11) DEFAULT 0,
  `dil` varchar(22) DEFAULT NULL,
  `sira` int(11) DEFAULT NULL,
  `durum` varchar(2) DEFAULT NULL,
  `seo_url` text DEFAULT NULL,
  `seo_baslik` varchar(222) DEFAULT NULL,
  `tarih` timestamp NULL DEFAULT NULL
) ENGINE=InnoDB DEFAULT CHARSET=utf8;

-- --------------------------------------------------------

--
-- Tablo için tablo yapısı `video_ayar`
--

CREATE TABLE `video_ayar` (
  `id` int(11) NOT NULL,
  `arkaplan` varchar(22) DEFAULT NULL,
  `font_secim` varchar(222) DEFAULT NULL,
  `nav` varchar(2) DEFAULT NULL,
  `izlenme` varchar(2) DEFAULT NULL,
  `meta_desc` text DEFAULT NULL,
  `tags` text DEFAULT NULL,
  `spot_akordion` varchar(1) DEFAULT NULL
) ENGINE=InnoDB DEFAULT CHARSET=utf8;

--
-- Tablo döküm verisi `video_ayar`
--

INSERT INTO `video_ayar` (`id`, `arkaplan`, `font_secim`, `nav`, `izlenme`, `meta_desc`, `tags`, `spot_akordion`) VALUES
(1, 'f3f6f9', 'Open Sans', '1', '0', '\n\n', '', '0');

-- --------------------------------------------------------

--
-- Tablo için tablo yapısı `vitrin_firsat`
--

CREATE TABLE `vitrin_firsat` (
  `id` int(11) NOT NULL,
  `margin` varchar(22) DEFAULT NULL,
  `padding` varchar(22) DEFAULT NULL,
  `font` text DEFAULT NULL,
  `baslik_renk` varchar(22) DEFAULT NULL,
  `spot_renk` varchar(22) DEFAULT NULL,
  `baslik_border` varchar(22) DEFAULT NULL,
  `baslik_letter` varchar(22) DEFAULT NULL,
  `border_color` varchar(22) DEFAULT NULL,
  `vitrin_limit` varchar(22) DEFAULT NULL,
  `bg_tip` varchar(2) DEFAULT NULL,
  `bg_color` varchar(22) DEFAULT NULL,
  `bg_image` text DEFAULT NULL,
  `bg_durum` varchar(2) DEFAULT NULL,
  `bg_dark` varchar(2) DEFAULT NULL
) ENGINE=InnoDB DEFAULT CHARSET=utf8;

--
-- Tablo döküm verisi `vitrin_firsat`
--

INSERT INTO `vitrin_firsat` (`id`, `margin`, `padding`, `font`, `baslik_renk`, `spot_renk`, `baslik_border`, `baslik_letter`, `border_color`, `vitrin_limit`, `bg_tip`, `bg_color`, `bg_image`, `bg_durum`, `bg_dark`) VALUES
(1, '0', '20', 'Open Sans', '000000', '666666', 'ebebeb', '', 'ffffff', '10', '1', 'fff', '', '1', '0');

-- --------------------------------------------------------

--
-- Tablo için tablo yapısı `vitrin_firsat_urunler`
--

CREATE TABLE `vitrin_firsat_urunler` (
  `id` int(11) NOT NULL,
  `urun_id` varchar(11) DEFAULT NULL,
  `sira` int(11) DEFAULT NULL,
  `baslik` varchar(222) DEFAULT NULL,
  `dil` varchar(6) DEFAULT NULL,
  `son_tarih` date DEFAULT NULL,
  `son_time` time DEFAULT NULL
) ENGINE=InnoDB DEFAULT CHARSET=utf8;

--
-- Tablo döküm verisi `vitrin_firsat_urunler`
--

INSERT INTO `vitrin_firsat_urunler` (`id`, `urun_id`, `sira`, `baslik`, `dil`, `son_tarih`, `son_time`) VALUES
(2, '691', 1, 'Denem Ürün', 'tr', '2023-03-29', '11:11:00');

-- --------------------------------------------------------

--
-- Tablo için tablo yapısı `vitrin_secenekli_ayar`
--

CREATE TABLE `vitrin_secenekli_ayar` (
  `id` int(11) NOT NULL,
  `secenekvitrin_baslik_font` text DEFAULT NULL,
  `secenekvitrin_bg_dark` varchar(2) DEFAULT NULL,
  `secenekvitrin_bg_durum` varchar(2) DEFAULT NULL,
  `secenekvitrin_bg_image` text DEFAULT NULL,
  `secenekvitrin_bg_color` varchar(22) DEFAULT NULL,
  `secenekvitrin_bg_tip` varchar(2) DEFAULT NULL,
  `secenekvitrin_margin` varchar(5) DEFAULT NULL,
  `secenekvitrin_border` varchar(22) DEFAULT NULL,
  `secenekvitrin_padding` varchar(5) DEFAULT NULL,
  `secenekvitrin_grid_sayi` varchar(2) DEFAULT NULL,
  `secenekvitrin_tab_urun_limit` varchar(5) DEFAULT NULL,
  `secenekvitrin_tab_baslik_size` varchar(10) DEFAULT NULL,
  `secenekvitrin_tab_baslik_weight` varchar(10) DEFAULT NULL,
  `secenekvitrin_tab_baslikspace` varchar(22) DEFAULT NULL,
  `secenekvitrin_yeni_urunler` varchar(1) DEFAULT NULL,
  `secenekvitrin_populer_urunler` varchar(1) DEFAULT NULL,
  `secenekvitrin_indirimli_urunler` varchar(1) DEFAULT NULL,
  `secenekvitrin_firsat_urunleri` varchar(1) DEFAULT NULL,
  `secenekvitrin_editor_urunleri` varchar(1) DEFAULT NULL,
  `secenekvitrin_bedavakargo_urunleri` varchar(1) DEFAULT NULL,
  `secenekvitrin_hizlikargo_urunleri` varchar(1) DEFAULT NULL,
  `secenekvitrin_aktif_tab` varchar(2) DEFAULT NULL,
  `secenekvitrin_aktif_tab_renk` varchar(22) DEFAULT NULL,
  `secenekvitrin_aktif_tab_yazi` varchar(22) DEFAULT NULL,
  `secenekvitrin_aktif_tab_border` varchar(22) DEFAULT NULL,
  `secenekvitrin_tab_renk` varchar(22) DEFAULT NULL,
  `secenekvitrin_tab_yazi` varchar(22) DEFAULT NULL,
  `secenekvitrin_tab_border` varchar(22) DEFAULT NULL,
  `secenekvitrin_tab_radius` varchar(22) DEFAULT NULL,
  `secenekvitrin_tab_margin` varchar(22) DEFAULT NULL
) ENGINE=InnoDB DEFAULT CHARSET=utf8;

--
-- Tablo döküm verisi `vitrin_secenekli_ayar`
--

INSERT INTO `vitrin_secenekli_ayar` (`id`, `secenekvitrin_baslik_font`, `secenekvitrin_bg_dark`, `secenekvitrin_bg_durum`, `secenekvitrin_bg_image`, `secenekvitrin_bg_color`, `secenekvitrin_bg_tip`, `secenekvitrin_margin`, `secenekvitrin_border`, `secenekvitrin_padding`, `secenekvitrin_grid_sayi`, `secenekvitrin_tab_urun_limit`, `secenekvitrin_tab_baslik_size`, `secenekvitrin_tab_baslik_weight`, `secenekvitrin_tab_baslikspace`, `secenekvitrin_yeni_urunler`, `secenekvitrin_populer_urunler`, `secenekvitrin_indirimli_urunler`, `secenekvitrin_firsat_urunleri`, `secenekvitrin_editor_urunleri`, `secenekvitrin_bedavakargo_urunleri`, `secenekvitrin_hizlikargo_urunleri`, `secenekvitrin_aktif_tab`, `secenekvitrin_aktif_tab_renk`, `secenekvitrin_aktif_tab_yazi`, `secenekvitrin_aktif_tab_border`, `secenekvitrin_tab_renk`, `secenekvitrin_tab_yazi`, `secenekvitrin_tab_border`, `secenekvitrin_tab_radius`, `secenekvitrin_tab_margin`) VALUES
(1, 'Open Sans', '1', '1', '', 'ffffff', '1', '0', 'ffffff', '35', '4', '4', '13', '400', '', '1', '0', '0', '0', '0', '0', '0', '1', 'ed5f1f', 'ffffff', 'ed5f1f', 'f8f8f8', '000000', 'f8f8f8', '50', '5');

-- --------------------------------------------------------

--
-- Tablo için tablo yapısı `vitrin_tip1_ayar`
--

CREATE TABLE `vitrin_tip1_ayar` (
  `id` int(11) NOT NULL,
  `arkaplan` varchar(22) DEFAULT NULL,
  `font` text DEFAULT NULL,
  `baslik_renk` varchar(22) DEFAULT NULL,
  `spot_renk` varchar(22) DEFAULT NULL,
  `urun_limit` varchar(3) DEFAULT NULL,
  `border_color` varchar(22) DEFAULT NULL,
  `gorsel_zoom` varchar(2) DEFAULT NULL,
  `gorsel_blur` varchar(2) DEFAULT NULL,
  `vitrin_grid` varchar(22) DEFAULT NULL,
  `gorsel_radius` varchar(5) DEFAULT NULL
) ENGINE=InnoDB DEFAULT CHARSET=utf8;

--
-- Tablo döküm verisi `vitrin_tip1_ayar`
--

INSERT INTO `vitrin_tip1_ayar` (`id`, `arkaplan`, `font`, `baslik_renk`, `spot_renk`, `urun_limit`, `border_color`, `gorsel_zoom`, `gorsel_blur`, `vitrin_grid`, `gorsel_radius`) VALUES
(1, 'ffffff', 'Open Sans', '000000', '999999', '8', 'ebebeb', '1', '0', '4', '4px');

-- --------------------------------------------------------

--
-- Tablo için tablo yapısı `vitrin_tip1_grup`
--

CREATE TABLE `vitrin_tip1_grup` (
  `id` int(11) NOT NULL,
  `baslik` varchar(222) DEFAULT NULL,
  `gorsel` text DEFAULT NULL,
  `gorsel_baslik` varchar(222) DEFAULT NULL,
  `gorsel_baslik_renk` varchar(22) DEFAULT NULL,
  `spot` text DEFAULT NULL,
  `dil` varchar(22) DEFAULT NULL,
  `durum` varchar(2) DEFAULT NULL,
  `sira` int(11) DEFAULT NULL,
  `adres_url` text DEFAULT NULL,
  `tur` varchar(2) DEFAULT NULL,
  `baslik_durum` varchar(2) DEFAULT NULL
) ENGINE=InnoDB DEFAULT CHARSET=utf8;

--
-- Tablo döküm verisi `vitrin_tip1_grup`
--

INSERT INTO `vitrin_tip1_grup` (`id`, `baslik`, `gorsel`, `gorsel_baslik`, `gorsel_baslik_renk`, `spot`, `dil`, `durum`, `sira`, `adres_url`, `tur`, `baslik_durum`) VALUES
(9, 'Senin İçin Önerilenler', NULL, '', '000000', 'Bu ürünleri senin için derledik', 'tr', '1', 1, '', '1', '1');

-- --------------------------------------------------------

--
-- Tablo için tablo yapısı `vitrin_tip1_urunler`
--

CREATE TABLE `vitrin_tip1_urunler` (
  `id` int(11) NOT NULL,
  `urun_id` varchar(11) DEFAULT NULL,
  `sira` int(11) DEFAULT NULL,
  `grup_id` varchar(11) DEFAULT NULL,
  `baslik` varchar(222) DEFAULT NULL
) ENGINE=InnoDB DEFAULT CHARSET=utf8;

--
-- Tablo döküm verisi `vitrin_tip1_urunler`
--

INSERT INTO `vitrin_tip1_urunler` (`id`, `urun_id`, `sira`, `grup_id`, `baslik`) VALUES
(1, '669', 1, '9', 'Casio STANDART AE-1000W-4AVDF Kol Saati');

-- --------------------------------------------------------

--
-- Tablo için tablo yapısı `vitrin_tip2`
--

CREATE TABLE `vitrin_tip2` (
  `id` int(11) NOT NULL,
  `baslik` varchar(222) DEFAULT NULL,
  `spot` text DEFAULT NULL,
  `gorsel` text DEFAULT NULL,
  `yazi_durum` varchar(2) DEFAULT NULL,
  `col_md` varchar(22) DEFAULT NULL,
  `yazi_color` varchar(22) DEFAULT NULL,
  `dark` varchar(2) DEFAULT NULL,
  `sira` int(11) DEFAULT NULL,
  `dil` varchar(22) DEFAULT NULL,
  `durum` varchar(2) DEFAULT NULL,
  `adres_url` text DEFAULT NULL
) ENGINE=InnoDB DEFAULT CHARSET=utf8;

--
-- Tablo döküm verisi `vitrin_tip2`
--

INSERT INTO `vitrin_tip2` (`id`, `baslik`, `spot`, `gorsel`, `yazi_durum`, `col_md`, `yazi_color`, `dark`, `sira`, `dil`, `durum`, `adres_url`) VALUES
(12, 'BANNER BAŞLIK', 'BANNER AÇIKLAMASI', 'banner1_c692508071071482.jpg', '1', 'col-md-6', 'ffffff', '1', 1, 'tr', '1', ''),
(13, '2', '', 'banner1_c68911851755548.jpg', '0', 'col-md-6', '000000', '0', 2, 'tr', '1', ''),
(14, 'Bebek Ürünleri', '', 'banner1_c426388325883210.jpg', '0', 'col-md-4', 'ffffff', '0', 3, 'tr', '1', ''),
(15, 'Akıllı Telefonlar', '', 'banner1_c468508330692797.jpg', '0', 'col-md-4', 'ffffff', '1', 4, 'tr', '1', ''),
(16, 'Ev-Bahçe', '', 'banner1_c430685042305336.jpg', '0', 'col-md-4', 'ffffff', '1', 5, 'tr', '1', '');

-- --------------------------------------------------------

--
-- Tablo için tablo yapısı `vitrin_tip2_ayar`
--

CREATE TABLE `vitrin_tip2_ayar` (
  `id` int(11) NOT NULL,
  `padding` varchar(22) DEFAULT NULL,
  `font` text DEFAULT NULL,
  `baslik_renk` varchar(22) DEFAULT NULL,
  `spot_renk` varchar(22) DEFAULT NULL,
  `baslik_border` varchar(22) DEFAULT NULL,
  `border_color` varchar(22) DEFAULT NULL,
  `bg_tip` varchar(2) DEFAULT NULL,
  `bg_color` varchar(22) DEFAULT NULL,
  `bg_image` text DEFAULT NULL,
  `bg_durum` varchar(2) DEFAULT NULL,
  `bg_dark` varchar(2) DEFAULT NULL,
  `margin` varchar(22) DEFAULT NULL,
  `vitrin_limit` varchar(22) DEFAULT NULL,
  `gorsel_zoom` varchar(2) DEFAULT NULL,
  `yeni_sekme` varchar(2) DEFAULT NULL,
  `baslik_letter` varchar(22) DEFAULT NULL,
  `round` varchar(1) DEFAULT NULL
) ENGINE=InnoDB DEFAULT CHARSET=utf8;

--
-- Tablo döküm verisi `vitrin_tip2_ayar`
--

INSERT INTO `vitrin_tip2_ayar` (`id`, `padding`, `font`, `baslik_renk`, `spot_renk`, `baslik_border`, `border_color`, `bg_tip`, `bg_color`, `bg_image`, `bg_durum`, `bg_dark`, `margin`, `vitrin_limit`, `gorsel_zoom`, `yeni_sekme`, `baslik_letter`, `round`) VALUES
(1, '30', 'Open Sans', '000000', '999292', 'cccccc', 'ffffff', '1', 'ffffff', '', '1', '1', '0', '7', '1', '0', '', '1');

-- --------------------------------------------------------

--
-- Tablo için tablo yapısı `vitrin_tip3`
--

CREATE TABLE `vitrin_tip3` (
  `id` int(11) NOT NULL,
  `baslik` varchar(222) DEFAULT NULL,
  `durum` varchar(2) DEFAULT NULL,
  `dil` varchar(22) DEFAULT NULL,
  `sira` int(11) DEFAULT NULL,
  `baslik_color` varchar(22) DEFAULT NULL,
  `gorsel` text DEFAULT NULL,
  `adres_url` text DEFAULT NULL
) ENGINE=InnoDB DEFAULT CHARSET=utf8;

--
-- Tablo döküm verisi `vitrin_tip3`
--

INSERT INTO `vitrin_tip3` (`id`, `baslik`, `durum`, `dil`, `sira`, `baslik_color`, `gorsel`, `adres_url`) VALUES
(12, '%60 İndirim', '1', 'tr', 2, 'ffffff', 'banner2_c35281041327615.jpg', ''),
(13, 'Kışlık Ayakkabı', '1', 'tr', 1, 'ffffff', 'banner2_c330468960903661.jpg', ''),
(14, 'Üst Giyim', '1', 'tr', 3, 'fef7db', 'banner2_c376392992809850.jpg', ''),
(15, 'Kadın Giyim', '1', 'tr', 4, 'ffffff', 'banner2_c364424650759377.jpg', ''),
(16, 'Marka Ürünleri', '1', 'tr', 5, 'ffffff', 'banner2_c31068375620178.jpg', ''),
(17, 'Özel Bot Ürünleri', '1', 'tr', 6, '000000', 'banner2_c357286377838845.jpg', ''),
(18, 'Şubat İndirimleri', '1', 'tr', 7, 'ffffff', 'banner2_c39154434098621.jpg', ''),
(19, 'Spor & Outdoor', '1', 'tr', 8, 'ffffff', 'banner2_c399761194256965.jpg', '');

-- --------------------------------------------------------

--
-- Tablo için tablo yapısı `vitrin_tip3_ayar`
--

CREATE TABLE `vitrin_tip3_ayar` (
  `id` int(11) NOT NULL,
  `padding` varchar(22) DEFAULT NULL,
  `font` text DEFAULT NULL,
  `baslik_renk` varchar(22) DEFAULT NULL,
  `spot_renk` varchar(22) DEFAULT NULL,
  `baslik_border` varchar(22) DEFAULT NULL,
  `border_color` varchar(22) DEFAULT NULL,
  `bg_tip` varchar(2) DEFAULT NULL,
  `bg_color` varchar(22) DEFAULT NULL,
  `bg_image` text DEFAULT NULL,
  `bg_durum` varchar(2) DEFAULT NULL,
  `bg_dark` varchar(2) DEFAULT NULL,
  `margin` varchar(22) DEFAULT NULL,
  `vitrin_limit` varchar(22) DEFAULT NULL,
  `yeni_sekme` varchar(2) DEFAULT NULL,
  `baslik_letter` varchar(22) DEFAULT NULL,
  `grid_sayi` varchar(3) DEFAULT NULL,
  `box_border` varchar(22) DEFAULT NULL,
  `box_disbaslik` varchar(2) DEFAULT NULL,
  `box_disbaslik_bg` varchar(22) DEFAULT NULL,
  `box_disbaslik_color` varchar(22) DEFAULT NULL,
  `box_icbaslik` varchar(2) DEFAULT NULL,
  `box_icbaslik_blur` varchar(2) DEFAULT NULL,
  `box_icbaslik_zoom` varchar(2) DEFAULT NULL,
  `box_icbaslik_button` varchar(222) DEFAULT NULL
) ENGINE=InnoDB DEFAULT CHARSET=utf8;

--
-- Tablo döküm verisi `vitrin_tip3_ayar`
--

INSERT INTO `vitrin_tip3_ayar` (`id`, `padding`, `font`, `baslik_renk`, `spot_renk`, `baslik_border`, `border_color`, `bg_tip`, `bg_color`, `bg_image`, `bg_durum`, `bg_dark`, `margin`, `vitrin_limit`, `yeni_sekme`, `baslik_letter`, `grid_sayi`, `box_border`, `box_disbaslik`, `box_disbaslik_bg`, `box_disbaslik_color`, `box_icbaslik`, `box_icbaslik_blur`, `box_icbaslik_zoom`, `box_icbaslik_button`) VALUES
(1, '30', 'Open Sans', '000000', '666666', 'cccccc', 'ebebeb', '1', 'f9f9f9', '', '1', '0', '0', '8', '0', '', '4', '000000', '0', 'ffffff', '000000', '1', '1', '1', 'button-black');

-- --------------------------------------------------------

--
-- Tablo için tablo yapısı `xalyode`
--

CREATE TABLE `xalyode` (
  `id` int(11) NOT NULL,
  `urun_id` varchar(255) NOT NULL,
  `promosyon_adi` varchar(255) NOT NULL,
  `x` varchar(255) NOT NULL,
  `y` varchar(255) NOT NULL,
  `gozuksunmu` varchar(255) NOT NULL,
  `durum` varchar(255) NOT NULL DEFAULT '0',
  `baslangic` varchar(255) NOT NULL,
  `bitis` varchar(255) NOT NULL
) ENGINE=InnoDB DEFAULT CHARSET=latin1;

-- --------------------------------------------------------

--
-- Tablo için tablo yapısı `yetki_grup`
--

CREATE TABLE `yetki_grup` (
  `id` int(11) NOT NULL,
  `baslik` varchar(22) DEFAULT NULL,
  `demo` varchar(1) DEFAULT NULL,
  `paket` varchar(255) DEFAULT NULL,
  `kisayol_ekle` varchar(1) DEFAULT NULL,
  `site_ayarlar` varchar(1) DEFAULT NULL,
  `ayar_yonet` varchar(1) DEFAULT NULL,
  `yonetici` varchar(1) DEFAULT NULL,
  `dil_yonet` varchar(1) DEFAULT NULL,
  `ayar_diger` varchar(1) DEFAULT NULL,
  `bell` varchar(1) DEFAULT NULL,
  `katalog` varchar(1) DEFAULT NULL,
  `kategori_sayisi` varchar(255) NOT NULL,
  `urun` varchar(1) DEFAULT NULL,
  `urun_sayisi` varchar(255) NOT NULL,
  `kat` varchar(1) DEFAULT NULL,
  `marka` varchar(1) DEFAULT NULL,
  `varyant` varchar(1) DEFAULT NULL,
  `urun_video` varchar(11) DEFAULT NULL,
  `ek_tab` varchar(11) DEFAULT NULL,
  `benzer_urun` varchar(11) DEFAULT NULL,
  `teklif_form` varchar(11) DEFAULT NULL,
  `siparis_form` varchar(11) DEFAULT NULL,
  `fiyat_goster` varchar(11) DEFAULT NULL,
  `toplu` varchar(1) DEFAULT NULL,
  `urun_yorum` varchar(1) DEFAULT NULL,
  `siparis` varchar(1) DEFAULT NULL,
  `siparis_yonet` varchar(1) DEFAULT NULL,
  `odeme_bildirim` varchar(1) DEFAULT NULL,
  `siparis_diger` varchar(1) DEFAULT NULL,
  `uyelik` varchar(1) DEFAULT NULL,
  `uye_yonet` varchar(1) DEFAULT NULL,
  `ticket` varchar(1) DEFAULT NULL,
  `uyelik_ayar` varchar(1) DEFAULT NULL,
  `gelenkutusu` varchar(1) DEFAULT NULL,
  `kampanya` varchar(1) DEFAULT NULL,
  `indirimkod` varchar(1) DEFAULT NULL,
  `eposta_yonet` varchar(1) DEFAULT NULL,
  `sms_yonet` varchar(1) DEFAULT NULL,
  `bildirim_gonder` varchar(1) DEFAULT NULL,
  `modul` varchar(1) DEFAULT NULL,
  `modul_header_footer` varchar(1) DEFAULT NULL,
  `sirala` varchar(1) DEFAULT NULL,
  `modul_diger` varchar(1) DEFAULT NULL,
  `modul_vitrin` varchar(1) DEFAULT NULL,
  `icerik_yonetim` varchar(1) DEFAULT NULL,
  `sayfa_yonet` varchar(1) DEFAULT NULL,
  `blog_hizmet` varchar(1) DEFAULT NULL,
  `galeri` varchar(1) DEFAULT NULL,
  `ptable` varchar(1) DEFAULT NULL,
  `icerik_diger` varchar(1) DEFAULT NULL,
  `entegrasyon` varchar(1) DEFAULT NULL,
  `entegrasyon_pazar` varchar(1) DEFAULT NULL,
  `entegrasyon_urun` varchar(1) DEFAULT NULL,
  `entegrasyon_sms` varchar(1) DEFAULT NULL,
  `entegrasyon_eposta` varchar(1) DEFAULT NULL,
  `entegrasyon_map` varchar(1) DEFAULT NULL,
  `yapilandirma` varchar(1) DEFAULT NULL,
  `tema_ayarlar` varchar(1) DEFAULT NULL,
  `ziyaretci_istatistik` varchar(1) DEFAULT '1',
  `veriler` varchar(1) DEFAULT NULL,
  `sira` int(11) DEFAULT NULL,
  `parasut` varchar(1) DEFAULT NULL,
  `n11` varchar(11) DEFAULT NULL,
  `hepsiburada` varchar(11) DEFAULT NULL,
  `trendyol` varchar(11) DEFAULT NULL,
  `ekatalog` varchar(11) DEFAULT NULL,
  `teknikozellik` varchar(11) DEFAULT NULL,
  `teklifsiparis` varchar(11) DEFAULT NULL,
  `tamamlanamayansiparis` varchar(11) DEFAULT NULL,
  `siparisistatistik` varchar(11) DEFAULT NULL,
  `satisistatistik` varchar(11) DEFAULT NULL,
  `uyegruplari` varchar(11) DEFAULT NULL,
  `ilksipariskod` varchar(11) DEFAULT NULL,
  `sepetteindirim` varchar(11) DEFAULT NULL,
  `hizmetayari` varchar(11) DEFAULT NULL,
  `introgaleri` varchar(11) DEFAULT NULL,
  `videogaleri` varchar(11) DEFAULT NULL,
  `sosyalmedyalar` varchar(11) DEFAULT NULL,
  `sayacmodul` varchar(11) DEFAULT NULL,
  `ticaretkutular` varchar(11) DEFAULT NULL,
  `musteriyorum` varchar(11) DEFAULT NULL,
  `sssyardim` varchar(11) DEFAULT NULL,
  `altnav` varchar(11) DEFAULT NULL,
  `headermenuleri` varchar(11) DEFAULT NULL,
  `footermenuleri` varchar(11) DEFAULT NULL,
  `bannerurunvitrin` varchar(11) DEFAULT NULL,
  `ortaslider` varchar(11) DEFAULT NULL,
  `storymodul` varchar(11) DEFAULT NULL,
  `bannervitrin1` varchar(11) DEFAULT NULL,
  `bannervitrin2` varchar(11) DEFAULT NULL,
  `firsatvitrini` varchar(11) DEFAULT NULL,
  `htmlicerikalani` varchar(11) DEFAULT NULL,
  `odemeyontemi` varchar(11) DEFAULT NULL,
  `sanalposayar` varchar(11) DEFAULT NULL,
  `parampos` varchar(11) DEFAULT NULL,
  `siparisdurumu` varchar(11) DEFAULT NULL,
  `ticaretsip` varchar(11) DEFAULT NULL,
  `hesapnolari` varchar(11) DEFAULT NULL,
  `teslimatulkesii` varchar(11) DEFAULT NULL,
  `parabirimlerii` varchar(11) DEFAULT NULL,
  `kargoayarii` varchar(11) DEFAULT NULL,
  `araskargo` varchar(11) DEFAULT NULL,
  `suratkargo` varchar(11) DEFAULT NULL,
  `yurticikargo` varchar(11) DEFAULT NULL,
  `mngkargo` varchar(11) DEFAULT NULL,
  `pttkargo` varchar(11) DEFAULT NULL,
  `upskargo` varchar(11) DEFAULT NULL,
  `kargofirmasii` varchar(11) DEFAULT NULL,
  `taksitvadeoranii` varchar(11) DEFAULT NULL,
  `smtpmailayarii` varchar(11) DEFAULT NULL,
  `smsayarii` varchar(11) DEFAULT NULL,
  `headerayargenel` varchar(11) DEFAULT NULL,
  `footerayarii` varchar(11) DEFAULT NULL,
  `mobiltemaayarii` varchar(11) DEFAULT NULL,
  `uruntemaayarii` varchar(11) DEFAULT NULL,
  `uyeliktemaayarii` varchar(11) DEFAULT NULL,
  `fontayarii` varchar(11) DEFAULT NULL,
  `sayfabannerayarii` varchar(11) DEFAULT NULL,
  `mailsablonayarii` varchar(11) DEFAULT NULL,
  `faturasablonayarii` varchar(11) DEFAULT NULL,
  `sepettemaayarii` varchar(11) DEFAULT NULL,
  `filigran_modul` varchar(11) DEFAULT NULL,
  `ads_modul` text DEFAULT NULL,
  `preloadingayarii` varchar(11) DEFAULT NULL,
  `slidertemaayarii` varchar(11) DEFAULT NULL,
  `404sayfaayarii` varchar(11) DEFAULT NULL,
  `urunkarsilastirayarii` varchar(11) DEFAULT NULL,
  `iletisimsayfaayarii` varchar(11) DEFAULT NULL,
  `storytemaayarii` varchar(11) DEFAULT NULL,
  `modaltemaayarii` varchar(11) DEFAULT NULL,
  `odemebil_bankhes_siptakip` varchar(11) DEFAULT NULL,
  `paketfiyatayarii` varchar(11) DEFAULT NULL,
  `hizmettemaayarii` varchar(11) DEFAULT NULL,
  `blogyaziayarii` varchar(11) DEFAULT NULL,
  `ebultenkayitayarii` varchar(11) DEFAULT NULL,
  `musteriyorumayarii` varchar(11) DEFAULT NULL,
  `anasayacayarii` varchar(11) DEFAULT NULL,
  `ssstemaayarii` varchar(11) DEFAULT NULL,
  `fotogaleriayarii` varchar(11) DEFAULT NULL,
  `videogaleriayarii` varchar(11) DEFAULT NULL,
  `introtemaayarii` varchar(11) DEFAULT NULL,
  `frstvtrni` varchar(11) DEFAULT NULL,
  `bannervtrn2` varchar(11) DEFAULT NULL,
  `bannervtrn1` varchar(11) DEFAULT NULL,
  `bannervtrinayari` varchar(11) DEFAULT NULL,
  `tabsecnkayarii` varchar(11) DEFAULT NULL,
  `ticbilkutayarii` varchar(11) DEFAULT NULL,
  `urunmarkaayarii` varchar(11) DEFAULT NULL,
  `katdetaysayfaayarii` varchar(11) DEFAULT NULL,
  `urundetaysayfaayarii` varchar(11) DEFAULT NULL,
  `urunkutuayarii` varchar(11) DEFAULT NULL,
  `yetkigrupayarii` varchar(1) DEFAULT NULL,
  `logkayitlari` varchar(11) DEFAULT NULL,
  `bakimsayfaayarii` varchar(11) DEFAULT NULL,
  `popupayarii` varchar(11) DEFAULT NULL,
  `kodayarii` varchar(11) DEFAULT NULL,
  `header_chache2` varchar(1) DEFAULT NULL,
  `yapilacaklistayarii` varchar(11) DEFAULT NULL,
  `urunvids` varchar(1) DEFAULT NULL,
  `kilit_ekrani` int(1) DEFAULT 1,
  `depo_sistemi` int(1) DEFAULT 0,
  `canli_yayin` int(1) DEFAULT 0,
  `kurye_teslimat` int(1) NOT NULL DEFAULT 0,
  `kvkkmodul` varchar(11) DEFAULT NULL,
  `lockscreen` varchar(11) DEFAULT NULL,
  `filemanager` varchar(11) DEFAULT NULL,
  `kvkkmodullink` text DEFAULT NULL,
  `parasutlink` text DEFAULT NULL,
  `ekataloglink` text DEFAULT NULL,
  `depo_sistemilink` text DEFAULT NULL,
  `blog_hizmetlink` text DEFAULT NULL,
  `videogalerilink` text DEFAULT NULL,
  `galerilink` text DEFAULT NULL,
  `storymodullink` text DEFAULT NULL,
  `firsatvitrinilink` text DEFAULT NULL,
  `n11link` text DEFAULT NULL,
  `hepsiburadalink` text DEFAULT NULL,
  `trendyollink` text DEFAULT NULL,
  `filemanagerlink` text DEFAULT NULL,
  `lockscreenlink` text DEFAULT NULL,
  `entegrasyon_urunlink` text DEFAULT NULL,
  `entegrasyon_smslink` text DEFAULT NULL,
  `entegrasyon_epostalink` text DEFAULT NULL,
  `entegrasyon_maplink` text DEFAULT NULL,
  `paramposlink` text DEFAULT NULL,
  `smsayariilink` text DEFAULT NULL,
  `araskargolink` text DEFAULT NULL,
  `suratkargolink` text DEFAULT NULL,
  `yurticikargolink` text DEFAULT NULL,
  `mngkargolink` text DEFAULT NULL,
  `pttkargolink` text DEFAULT NULL,
  `upskargolink` text DEFAULT NULL,
  `kuryeTeslimatlink` text DEFAULT NULL,
  `fontayariilink` text DEFAULT NULL,
  `urunvidslink` text DEFAULT NULL,
  `filigran_modullink` text DEFAULT NULL,
  `kisayol_eklelink` text DEFAULT NULL,
  `yapilacaklistayariilink` text DEFAULT NULL,
  `canli_yayinlink` text DEFAULT NULL
) ENGINE=InnoDB DEFAULT CHARSET=utf8 ROW_FORMAT=DYNAMIC;

--
-- Tablo döküm verisi `yetki_grup`
--

INSERT INTO `yetki_grup` (`id`, `baslik`, `demo`, `paket`, `kisayol_ekle`, `site_ayarlar`, `ayar_yonet`, `yonetici`, `dil_yonet`, `ayar_diger`, `bell`, `katalog`, `kategori_sayisi`, `urun`, `urun_sayisi`, `kat`, `marka`, `varyant`, `urun_video`, `ek_tab`, `benzer_urun`, `teklif_form`, `siparis_form`, `fiyat_goster`, `toplu`, `urun_yorum`, `siparis`, `siparis_yonet`, `odeme_bildirim`, `siparis_diger`, `uyelik`, `uye_yonet`, `ticket`, `uyelik_ayar`, `gelenkutusu`, `kampanya`, `indirimkod`, `eposta_yonet`, `sms_yonet`, `bildirim_gonder`, `modul`, `modul_header_footer`, `sirala`, `modul_diger`, `modul_vitrin`, `icerik_yonetim`, `sayfa_yonet`, `blog_hizmet`, `galeri`, `ptable`, `icerik_diger`, `entegrasyon`, `entegrasyon_pazar`, `entegrasyon_urun`, `entegrasyon_sms`, `entegrasyon_eposta`, `entegrasyon_map`, `yapilandirma`, `tema_ayarlar`, `ziyaretci_istatistik`, `veriler`, `sira`, `parasut`, `n11`, `hepsiburada`, `trendyol`, `ekatalog`, `teknikozellik`, `teklifsiparis`, `tamamlanamayansiparis`, `siparisistatistik`, `satisistatistik`, `uyegruplari`, `ilksipariskod`, `sepetteindirim`, `hizmetayari`, `introgaleri`, `videogaleri`, `sosyalmedyalar`, `sayacmodul`, `ticaretkutular`, `musteriyorum`, `sssyardim`, `altnav`, `headermenuleri`, `footermenuleri`, `bannerurunvitrin`, `ortaslider`, `storymodul`, `bannervitrin1`, `bannervitrin2`, `firsatvitrini`, `htmlicerikalani`, `odemeyontemi`, `sanalposayar`, `parampos`, `siparisdurumu`, `ticaretsip`, `hesapnolari`, `teslimatulkesii`, `parabirimlerii`, `kargoayarii`, `araskargo`, `suratkargo`, `yurticikargo`, `mngkargo`, `pttkargo`, `upskargo`, `kargofirmasii`, `taksitvadeoranii`, `smtpmailayarii`, `smsayarii`, `headerayargenel`, `footerayarii`, `mobiltemaayarii`, `uruntemaayarii`, `uyeliktemaayarii`, `fontayarii`, `sayfabannerayarii`, `mailsablonayarii`, `faturasablonayarii`, `sepettemaayarii`, `filigran_modul`, `ads_modul`, `preloadingayarii`, `slidertemaayarii`, `404sayfaayarii`, `urunkarsilastirayarii`, `iletisimsayfaayarii`, `storytemaayarii`, `modaltemaayarii`, `odemebil_bankhes_siptakip`, `paketfiyatayarii`, `hizmettemaayarii`, `blogyaziayarii`, `ebultenkayitayarii`, `musteriyorumayarii`, `anasayacayarii`, `ssstemaayarii`, `fotogaleriayarii`, `videogaleriayarii`, `introtemaayarii`, `frstvtrni`, `bannervtrn2`, `bannervtrn1`, `bannervtrinayari`, `tabsecnkayarii`, `ticbilkutayarii`, `urunmarkaayarii`, `katdetaysayfaayarii`, `urundetaysayfaayarii`, `urunkutuayarii`, `yetkigrupayarii`, `logkayitlari`, `bakimsayfaayarii`, `popupayarii`, `kodayarii`, `header_chache2`, `yapilacaklistayarii`, `urunvids`, `kilit_ekrani`, `depo_sistemi`, `canli_yayin`, `kurye_teslimat`, `kvkkmodul`, `lockscreen`, `filemanager`, `kvkkmodullink`, `parasutlink`, `ekataloglink`, `depo_sistemilink`, `blog_hizmetlink`, `videogalerilink`, `galerilink`, `storymodullink`, `firsatvitrinilink`, `n11link`, `hepsiburadalink`, `trendyollink`, `filemanagerlink`, `lockscreenlink`, `entegrasyon_urunlink`, `entegrasyon_smslink`, `entegrasyon_epostalink`, `entegrasyon_maplink`, `paramposlink`, `smsayariilink`, `araskargolink`, `suratkargolink`, `yurticikargolink`, `mngkargolink`, `pttkargolink`, `upskargolink`, `kuryeTeslimatlink`, `fontayariilink`, `urunvidslink`, `filigran_modullink`, `kisayol_eklelink`, `yapilacaklistayariilink`, `canli_yayinlink`) VALUES
(3, 'Root', '0', 'Wise Diamond', '0', '1', '1', '1', '1', '1', '1', '1', '10000', '1', '10000', '1', '1', '1', '1', '1', '1', '1', '1', '1', '1', '1', '1', '1', '1', '1', '1', '1', '1', '1', '1', '1', '1', '1', '1', '1', '1', '1', '1', '1', '1', '1', '1', '1', '1', '1', '1', '1', '1', '1', '1', '1', '1', '1', '1', '1', '1', 1, '1', '1', '1', '1', '1', '1', '1', '1', '1', '1', '1', '1', '1', '1', '1', '1', '1', '1', '1', '1', '1', '1', '1', '1', '1', '1', '1', '1', '1', '1', '1', '1', '1', '0', '1', '1', '1', '1', '1', '1', '1', '1', '1', '1', '1', '1', '1', '1', '1', '1', '1', '1', '1', '1', '1', '1', '1', '1', '1', '1', '1', '1', '1', '1', '1', '1', '1', '1', '1', '1', '1', '1', '1', '1', '1', '1', '1', '1', '1', '1', '1', '1', '1', '1', '1', '1', '1', '1', '1', '1', '1', '1', '1', '1', '1', '1', '1', '1', 1, 1, 1, 1, '1', '1', '1', 'https://wisesoft.com.tr', 'https://google.com', 'https://wisesoft.com.tr', 'https://wisesoft.com.tr', 'https://wisesoft.com.tr', 'https://wisesoft.com.tr', 'https://wisesoft.com.tr', 'https://wisesoft.com.tr', 'https://wisesoft.com.tr', '', 'https://wisesoft.com.tr', 'https://wisesoft.com.tr', 'https://wisesoft.com.tr', 'https://wisesoft.com.tr', 'https://wisesoft.com.tr', 'https://wisesoft.com.tr', 'https://wisesoft.com.tr', 'https://wisesoft.com.tr', 'https://wisesoft.com.tr', 'https://wisesoft.com.tr', 'https://wisesoft.com.tr', 'https://wisesoft.com.tr', 'https://wisesoft.com.tr', 'https://wisesoft.com.tr', 'https://wisesoft.com.tr', 'https://wisesoft.com.tr', 'https://wisesoft.com.tr', 'https://wisesoft.com.tr', 'https://wisesoft.com.tr', 'https://wisesoft.com.tr', '', 'https://wisesoft.com.tr', 'h22ttps://wisesoft.com.tr'),
(4, 'Yönetim Paneli', '0', 'Beginner', '0', '1', '1', '1', '0', '1', '1', '1', '30', '1', '100', '1', '1', '1', '0', '0', '1', '0', '0', '0', '1', '1', '1', '1', '1', '0', '1', '1', '0', '1', '1', '1', '1', '0', '1', '0', '1', '1', '1', '1', '1', '1', '1', '1', '1', '0', '1', '1', '1', '0', '0', '1', '1', '1', '1', '1', '1', 2, '0', '1', '1', '0', '0', '0', '0', '1', '1', '1', '0', '1', '1', '0', '1', '1', '1', '1', '1', '1', '1', '1', '1', '1', '1', '1', '0', '1', '1', '0', '1', '1', '1', '0', '1', '1', '1', '0', '0', '1', '0', '0', '0', '0', '0', '0', '1', '0', '1', '1', '0', '0', '0', '1', '0', '0', '0', '1', '1', '1', '0', '1', '1', '1', '1', '1', '1', '0', '1', '1', '1', '1', '0', '1', '1', '1', '1', '1', '1', '1', '0', '1', '1', '1', '1', '1', '1', '1', '1', '1', '1', '1', '1', '0', '0', '0', '0', '0', 1, 0, 1, 0, '0', '1', '0', '', '', '', '', '', '', '', '', '', '', '', '', '', '', '', '', '', '', '', '', '', '', '', '', '', '', '', 'https://wisesoft.com.tr', '', '', '', '', '');

-- --------------------------------------------------------

--
-- Tablo için tablo yapısı `yonetici`
--

CREATE TABLE `yonetici` (
  `id` int(11) NOT NULL,
  `user_adi` varchar(222) DEFAULT NULL,
  `pass_sifre` varchar(222) DEFAULT NULL,
  `isim` varchar(222) DEFAULT NULL,
  `foto` text DEFAULT NULL,
  `soyisim` varchar(33) DEFAULT NULL,
  `random_id` varchar(11) DEFAULT NULL,
  `yetki` varchar(11) DEFAULT NULL,
  `sound` varchar(1) DEFAULT NULL,
  `tarih` datetime DEFAULT NULL,
  `sifre_tarih` datetime DEFAULT NULL,
  `wbot` varchar(1) NOT NULL DEFAULT '0',
  `depo_yetkisi` varchar(11) DEFAULT NULL
) ENGINE=InnoDB DEFAULT CHARSET=utf8;

--
-- Tablo döküm verisi `yonetici`
--

INSERT INTO `yonetici` (`id`, `user_adi`, `pass_sifre`, `isim`, `foto`, `soyisim`, `random_id`, `yetki`, `sound`, `tarih`, `sifre_tarih`, `wbot`, `depo_yetkisi`) VALUES
(1, 'wisesoft', 'cbd888e0735697450e5489203aedf80d', 'Wise', '39561-51-favicon.svg', 'Soft', '', '3', '0', '2022-02-24 03:48:00', '2023-03-07 20:01:33', '1', '0'),
(19, 'admin', '29608c609c083a15a93e044c17575ec4', 'Yönetici', '', ' ', '658662', '4', '1', '2022-02-24 03:48:00', '0000-00-00 00:00:00', '1', '0'),
(21, 'evo', '9afcb585c34de46e6d584f65a989fed2', 'evo', '', 'evo', '951455', '4', '1', '2023-03-08 04:46:17', NULL, '0', 'gizle');

-- --------------------------------------------------------

--
-- Tablo için tablo yapısı `yonetici_log`
--

CREATE TABLE `yonetici_log` (
  `id` int(11) NOT NULL,
  `tarih` timestamp NULL DEFAULT NULL,
  `islem` varchar(2) DEFAULT NULL,
  `ip` varchar(22) DEFAULT NULL,
  `admin_id` varchar(22) DEFAULT NULL
) ENGINE=InnoDB DEFAULT CHARSET=utf8;

-- --------------------------------------------------------

--
-- Tablo için tablo yapısı `yorum`
--

CREATE TABLE `yorum` (
  `id` int(11) NOT NULL,
  `isim` varchar(222) DEFAULT NULL,
  `icerik` text DEFAULT NULL,
  `tarih` datetime DEFAULT NULL,
  `gorsel` text DEFAULT NULL,
  `star_rate` varchar(2) DEFAULT NULL,
  `pozisyon` varchar(222) DEFAULT NULL,
  `sira` int(11) DEFAULT NULL,
  `dil` varchar(22) DEFAULT NULL,
  `durum` varchar(2) DEFAULT NULL
) ENGINE=InnoDB DEFAULT CHARSET=utf8;

-- --------------------------------------------------------

--
-- Tablo için tablo yapısı `yorum_ayar`
--

CREATE TABLE `yorum_ayar` (
  `id` int(11) NOT NULL,
  `padding` varchar(22) DEFAULT NULL,
  `baslik_renk` varchar(22) DEFAULT NULL,
  `spot_renk` varchar(22) DEFAULT NULL,
  `yorum_limit` varchar(22) DEFAULT NULL,
  `meta_desc` text DEFAULT NULL,
  `tags` text DEFAULT NULL,
  `margin` varchar(22) DEFAULT NULL,
  `bg_tip` varchar(22) DEFAULT NULL,
  `bg_color` varchar(22) DEFAULT NULL,
  `bg_image` text DEFAULT NULL,
  `bg_durum` varchar(22) DEFAULT NULL,
  `bg_dark` varchar(22) DEFAULT NULL,
  `baslik_font` varchar(222) DEFAULT NULL,
  `tumu_buton` varchar(222) DEFAULT NULL,
  `baslik_space` varchar(22) DEFAULT NULL,
  `dots_renk` varchar(22) DEFAULT NULL,
  `yorum_border_renk` varchar(22) DEFAULT NULL,
  `yorum_poz_renk` varchar(22) DEFAULT NULL,
  `yorum_isim_renk` varchar(22) DEFAULT NULL,
  `yorum_yazisi_renk` varchar(22) DEFAULT NULL,
  `yorum_star_renk` varchar(22) DEFAULT NULL,
  `yorumayar_border` varchar(22) DEFAULT NULL,
  `yorum_baslik_tip` varchar(2) DEFAULT NULL,
  `yorum_baslik_bg` varchar(22) DEFAULT NULL,
  `yorum_baslik_cizgi` varchar(22) DEFAULT NULL
) ENGINE=InnoDB DEFAULT CHARSET=utf8;

--
-- Tablo döküm verisi `yorum_ayar`
--

INSERT INTO `yorum_ayar` (`id`, `padding`, `baslik_renk`, `spot_renk`, `yorum_limit`, `meta_desc`, `tags`, `margin`, `bg_tip`, `bg_color`, `bg_image`, `bg_durum`, `bg_dark`, `baslik_font`, `tumu_buton`, `baslik_space`, `dots_renk`, `yorum_border_renk`, `yorum_poz_renk`, `yorum_isim_renk`, `yorum_yazisi_renk`, `yorum_star_renk`, `yorumayar_border`, `yorum_baslik_tip`, `yorum_baslik_bg`, `yorum_baslik_cizgi`) VALUES
(1, '55', '000000', 'b0b0b0', '10', '22223\n\n', '1,2,3', '0', '1', 'ffffff', '', '1', '0', 'Open Sans', 'button-black-out', '', 'e68484', 'e6c984', 'ff4d00', '000000', '757575', 'ffb400', 'ffffff', '1', 'ffffff', 'e6c984');

-- --------------------------------------------------------

--
-- Tablo için tablo yapısı `ziyaretciler`
--

CREATE TABLE `ziyaretciler` (
  `id` int(11) NOT NULL,
  `ipadres` varchar(222) DEFAULT NULL,
  `tarih` date DEFAULT NULL,
  `cihaz` varchar(11) DEFAULT NULL,
  `year` varchar(4) DEFAULT NULL,
  `day` varchar(2) DEFAULT NULL,
  `month` varchar(2) DEFAULT NULL
) ENGINE=InnoDB DEFAULT CHARSET=utf8;

--
-- Tablo döküm verisi `ziyaretciler`
--

INSERT INTO `ziyaretciler` (`id`, `ipadres`, `tarih`, `cihaz`, `year`, `day`, `month`) VALUES
(1557, '212.252.118.38', '2023-03-03', 'desktop', '2023', '03', '03'),
(1558, '137.226.113.44', '2023-03-03', 'desktop', '2023', '03', '03'),
(1559, '193.235.141.3', '2023-03-03', 'desktop', '2023', '03', '03'),
(1560, '113.142.131.55', '2023-03-03', 'mobile', '2023', '03', '03'),
(1561, '27.115.124.38', '2023-03-03', 'mobile', '2023', '03', '03'),
(1562, '27.115.124.45', '2023-03-03', 'mobile', '2023', '03', '03'),
(1563, '27.115.124.101', '2023-03-03', 'mobile', '2023', '03', '03'),
(1564, '121.5.231.252', '2023-03-03', 'mobile', '2023', '03', '03'),
(1565, '223.166.22.120', '2023-03-03', 'mobile', '2023', '03', '03'),
(1566, '113.142.141.105', '2023-03-03', 'mobile', '2023', '03', '03'),
(1567, '31.142.120.66', '2023-03-03', 'mobile', '2023', '03', '03'),
(1568, '171.13.14.3', '2023-03-03', 'mobile', '2023', '03', '03'),
(1569, '171.13.14.76', '2023-03-03', 'mobile', '2023', '03', '03'),
(1570, '47.241.15.39', '2023-03-03', 'desktop', '2023', '03', '03'),
(1571, '87.236.176.222', '2023-03-03', 'desktop', '2023', '03', '03'),
(1572, '159.242.234.20', '2023-03-03', 'desktop', '2023', '03', '03'),
(1573, '212.252.118.38', '2023-03-04', 'desktop', '2023', '04', '03'),
(1574, '213.188.68.186', '2023-03-04', 'mobile', '2023', '04', '03'),
(1575, '119.12.198.188', '2023-03-04', 'mobile', '2023', '04', '03'),
(1576, '192.169.244.239', '2023-03-04', 'desktop', '2023', '04', '03'),
(1577, '205.210.31.46', '2023-03-04', 'desktop', '2023', '04', '03'),
(1578, '51.79.144.41', '2023-03-04', 'desktop', '2023', '04', '03'),
(1579, '34.214.240.106', '2023-03-04', 'desktop', '2023', '04', '03'),
(1580, '54.244.109.203', '2023-03-04', 'desktop', '2023', '04', '03'),
(1581, '87.250.224.254', '2023-03-04', 'desktop', '2023', '04', '03'),
(1582, '147.78.47.249', '2023-03-04', 'desktop', '2023', '04', '03'),
(1583, '205.210.31.178', '2023-03-04', 'desktop', '2023', '04', '03'),
(1584, '178.32.215.167', '2023-03-04', 'desktop', '2023', '04', '03'),
(1585, '198.235.24.162', '2023-03-04', 'desktop', '2023', '04', '03'),
(1586, '198.235.24.38', '2023-03-04', 'desktop', '2023', '04', '03'),
(1587, '95.108.213.154', '2023-03-04', 'desktop', '2023', '04', '03'),
(1588, '213.180.203.215', '2023-03-04', 'desktop', '2023', '04', '03'),
(1589, '213.180.203.206', '2023-03-04', 'desktop', '2023', '04', '03'),
(1590, '95.108.213.133', '2023-03-04', 'desktop', '2023', '04', '03'),
(1591, '113.142.141.105', '2023-03-04', 'mobile', '2023', '04', '03'),
(1592, '66.249.66.36', '2023-03-04', 'desktop', '2023', '04', '03'),
(1593, '66.249.66.38', '2023-03-04', 'desktop', '2023', '04', '03'),
(1594, '205.210.31.146', '2023-03-04', 'desktop', '2023', '04', '03'),
(1595, '185.27.99.145', '2023-03-04', 'desktop', '2023', '04', '03'),
(1596, '185.27.99.140', '2023-03-04', 'desktop', '2023', '04', '03'),
(1597, '185.27.99.129', '2023-03-04', 'desktop', '2023', '04', '03'),
(1598, '185.27.99.118', '2023-03-04', 'desktop', '2023', '04', '03'),
(1599, '212.252.118.38', '2023-03-05', 'desktop', '2023', '05', '03'),
(1600, '31.223.58.73', '2023-03-05', 'desktop', '2023', '05', '03'),
(1601, '149.154.161.212', '2023-03-05', 'desktop', '2023', '05', '03'),
(1602, '54.212.247.187', '2023-03-05', 'desktop', '2023', '05', '03'),
(1603, '54.201.212.234', '2023-03-05', 'desktop', '2023', '05', '03'),
(1604, '18.236.178.2', '2023-03-05', 'desktop', '2023', '05', '03'),
(1605, '34.209.177.221', '2023-03-05', 'desktop', '2023', '05', '03'),
(1606, '35.88.84.113', '2023-03-05', 'desktop', '2023', '05', '03'),
(1607, '34.215.2.119', '2023-03-05', 'desktop', '2023', '05', '03'),
(1608, '143.42.75.105', '2023-03-05', 'desktop', '2023', '05', '03'),
(1609, '223.247.179.42', '2023-03-05', 'mobile', '2023', '05', '03'),
(1610, '156.146.56.131', '2023-03-05', 'desktop', '2023', '05', '03'),
(1611, '162.251.5.152', '2023-03-05', 'desktop', '2023', '05', '03'),
(1612, '212.252.118.38', '2023-03-06', 'desktop', '2023', '06', '03'),
(1613, '193.235.141.135', '2023-03-06', 'desktop', '2023', '06', '03'),
(1614, '54.245.133.215', '2023-03-06', 'desktop', '2023', '06', '03'),
(1615, '35.86.156.237', '2023-03-06', 'desktop', '2023', '06', '03'),
(1616, '54.184.163.236', '2023-03-06', 'desktop', '2023', '06', '03'),
(1617, '51.159.105.232', '2023-03-06', 'desktop', '2023', '06', '03'),
(1618, '54.36.148.110', '2023-03-06', 'desktop', '2023', '06', '03'),
(1619, '54.36.148.240', '2023-03-06', 'desktop', '2023', '06', '03'),
(1620, '54.36.148.11', '2023-03-06', 'desktop', '2023', '06', '03'),
(1621, '162.55.1.151', '2023-03-06', 'desktop', '2023', '06', '03'),
(1622, '212.252.143.215', '2023-03-06', 'mobile', '2023', '06', '03'),
(1623, '212.252.118.38', '2023-03-07', 'desktop', '2023', '07', '03'),
(1624, '172.102.209.139', '2023-03-07', 'desktop', '2023', '07', '03'),
(1625, '66.249.66.10', '2023-03-07', 'desktop', '2023', '07', '03'),
(1626, '66.249.66.79', '2023-03-07', 'mobile', '2023', '07', '03'),
(1627, '66.249.66.71', '2023-03-07', 'mobile', '2023', '07', '03'),
(1628, '212.252.143.215', '2023-03-07', 'mobile', '2023', '07', '03'),
(1629, '51.195.47.97', '2023-03-07', 'mobile', '2023', '07', '03'),
(1630, '66.249.66.35', '2023-03-07', 'desktop', '2023', '07', '03'),
(1631, '66.249.66.36', '2023-03-07', 'desktop', '2023', '07', '03'),
(1632, '66.249.66.39', '2023-03-07', 'mobile', '2023', '07', '03'),
(1633, '66.249.66.38', '2023-03-07', 'mobile', '2023', '07', '03'),
(1634, '125.164.19.69', '2023-03-07', 'mobile', '2023', '07', '03'),
(1635, '125.164.20.124', '2023-03-07', 'mobile', '2023', '07', '03'),
(1636, '147.78.47.249', '2023-03-07', 'desktop', '2023', '07', '03'),
(1637, '54.36.149.37', '2023-03-07', 'desktop', '2023', '07', '03'),
(1638, '54.36.149.107', '2023-03-07', 'desktop', '2023', '07', '03'),
(1639, '34.252.107.235', '2023-03-07', 'desktop', '2023', '07', '03'),
(1640, '3.249.20.126', '2023-03-07', 'desktop', '2023', '07', '03'),
(1641, '34.255.182.169', '2023-03-07', 'desktop', '2023', '07', '03'),
(1642, '51.79.144.41', '2023-03-07', 'desktop', '2023', '07', '03'),
(1643, '173.249.56.171', '2023-03-08', 'desktop', '2023', '08', '03'),
(1644, '212.252.118.38', '2023-03-08', 'mobile', '2023', '08', '03'),
(1645, '51.222.253.1', '2023-03-08', 'desktop', '2023', '08', '03'),
(1646, '54.36.149.95', '2023-03-08', 'desktop', '2023', '08', '03'),
(1647, '51.222.253.7', '2023-03-08', 'desktop', '2023', '08', '03'),
(1648, '54.36.149.105', '2023-03-08', 'desktop', '2023', '08', '03'),
(1649, '80.70.111.212', '2023-03-08', 'desktop', '2023', '08', '03'),
(1650, '157.55.39.225', '2023-03-08', 'desktop', '2023', '08', '03'),
(1651, '95.108.213.211', '2023-03-08', 'desktop', '2023', '08', '03'),
(1652, '213.180.203.167', '2023-03-08', 'desktop', '2023', '08', '03'),
(1653, '213.180.203.172', '2023-03-08', 'desktop', '2023', '08', '03'),
(1654, '95.108.213.116', '2023-03-08', 'desktop', '2023', '08', '03'),
(1655, '198.235.24.24', '2023-03-08', 'desktop', '2023', '08', '03'),
(1656, '54.36.148.46', '2023-03-08', 'desktop', '2023', '08', '03'),
(1657, '198.235.24.176', '2023-03-08', 'desktop', '2023', '08', '03'),
(1658, '87.116.175.228', '2023-03-08', 'desktop', '2023', '08', '03'),
(1659, '193.235.141.146', '2023-03-08', 'desktop', '2023', '08', '03'),
(1660, '31.142.120.66', '2023-03-08', 'mobile', '2023', '08', '03'),
(1661, '54.149.118.241', '2023-03-08', 'desktop', '2023', '08', '03'),
(1662, '95.108.213.181', '2023-03-08', 'desktop', '2023', '08', '03'),
(1663, '213.180.203.222', '2023-03-08', 'desktop', '2023', '08', '03'),
(1664, '213.180.203.108', '2023-03-08', 'desktop', '2023', '08', '03'),
(1665, '213.180.203.119', '2023-03-08', 'desktop', '2023', '08', '03'),
(1666, '54.36.148.223', '2023-03-08', 'desktop', '2023', '08', '03'),
(1667, '176.74.192.85', '2023-03-08', 'desktop', '2023', '08', '03'),
(1668, '212.252.118.38', '2023-03-09', 'desktop', '2023', '09', '03'),
(1669, '122.114.76.148', '2023-03-09', 'desktop', '2023', '09', '03'),
(1670, '188.165.224.122', '2023-03-09', 'desktop', '2023', '09', '03'),
(1671, '42.83.147.54', '2023-03-09', 'desktop', '2023', '09', '03'),
(1672, '60.17.107.54', '2023-03-09', 'mobile', '2023', '09', '03'),
(1673, '87.250.224.230', '2023-03-09', 'desktop', '2023', '09', '03'),
(1674, '213.180.203.214', '2023-03-09', 'desktop', '2023', '09', '03'),
(1675, '213.180.203.184', '2023-03-09', 'desktop', '2023', '09', '03'),
(1676, '87.250.224.238', '2023-03-09', 'desktop', '2023', '09', '03'),
(1677, '223.240.101.111', '2023-03-09', 'mobile', '2023', '09', '03'),
(1678, '18.185.64.152', '2023-03-09', 'desktop', '2023', '09', '03'),
(1679, '37.130.105.55', '2023-03-09', 'desktop', '2023', '09', '03'),
(1680, '178.18.254.87', '2023-03-09', 'desktop', '2023', '09', '03'),
(1681, '212.252.118.38', '2023-03-10', 'desktop', '2023', '10', '03'),
(1682, '213.180.203.93', '2023-03-10', 'desktop', '2023', '10', '03'),
(1683, '87.250.224.211', '2023-03-10', 'desktop', '2023', '10', '03'),
(1684, '95.108.213.165', '2023-03-10', 'desktop', '2023', '10', '03'),
(1685, '87.250.224.207', '2023-03-10', 'desktop', '2023', '10', '03'),
(1686, '95.108.213.145', '2023-03-10', 'desktop', '2023', '10', '03'),
(1687, '95.108.213.96', '2023-03-10', 'desktop', '2023', '10', '03'),
(1688, '95.108.213.208', '2023-03-10', 'desktop', '2023', '10', '03'),
(1689, '212.252.119.222', '2023-03-10', 'desktop', '2023', '10', '03'),
(1690, '111.90.145.188', '2023-03-10', 'desktop', '2023', '10', '03'),
(1691, '47.88.78.6', '2023-03-10', 'mobile', '2023', '10', '03'),
(1692, '47.251.14.232', '2023-03-10', 'mobile', '2023', '10', '03'),
(1693, '47.88.94.159', '2023-03-10', 'mobile', '2023', '10', '03'),
(1694, '47.88.101.3', '2023-03-10', 'mobile', '2023', '10', '03'),
(1695, '47.89.195.210', '2023-03-10', 'mobile', '2023', '10', '03'),
(1696, '47.251.13.32', '2023-03-10', 'mobile', '2023', '10', '03'),
(1697, '47.254.25.10', '2023-03-10', 'mobile', '2023', '10', '03'),
(1698, '47.89.193.162', '2023-03-10', 'mobile', '2023', '10', '03'),
(1699, '47.88.6.178', '2023-03-10', 'mobile', '2023', '10', '03'),
(1700, '137.226.113.44', '2023-03-10', 'desktop', '2023', '10', '03'),
(1701, '113.142.141.105', '2023-03-10', 'mobile', '2023', '10', '03'),
(1702, '66.249.66.34', '2023-03-10', 'desktop', '2023', '10', '03'),
(1703, '66.249.66.38', '2023-03-10', 'desktop', '2023', '10', '03'),
(1704, '66.249.66.37', '2023-03-10', 'desktop', '2023', '10', '03'),
(1705, '66.249.66.36', '2023-03-10', 'mobile', '2023', '10', '03'),
(1706, '66.249.66.35', '2023-03-10', 'desktop', '2023', '10', '03'),
(1707, '178.159.37.25', '2023-03-10', 'desktop', '2023', '10', '03'),
(1708, '38.122.112.147', '2023-03-10', 'desktop', '2023', '10', '03'),
(1709, '176.43.11.132', '2023-03-10', 'desktop', '2023', '10', '03'),
(1710, '37.143.13.34', '2023-03-10', 'desktop', '2023', '10', '03'),
(1711, '66.249.66.40', '2023-03-10', 'desktop', '2023', '10', '03'),
(1712, '184.168.121.5', '2023-03-10', 'desktop', '2023', '10', '03'),
(1713, '66.249.66.70', '2023-03-10', 'desktop', '2023', '10', '03'),
(1714, '66.249.66.64', '2023-03-10', 'mobile', '2023', '10', '03'),
(1715, '66.249.66.12', '2023-03-10', 'mobile', '2023', '10', '03'),
(1716, '79.124.59.150', '2023-03-10', 'desktop', '2023', '10', '03'),
(1717, '212.252.119.222', '2023-03-11', 'desktop', '2023', '11', '03'),
(1718, '198.235.24.167', '2023-03-11', 'desktop', '2023', '11', '03'),
(1719, '198.235.24.39', '2023-03-11', 'desktop', '2023', '11', '03'),
(1720, '54.84.98.115', '2023-03-11', 'desktop', '2023', '11', '03'),
(1721, '176.9.150.35', '2023-03-11', 'desktop', '2023', '11', '03'),
(1722, '193.235.141.21', '2023-03-11', 'desktop', '2023', '11', '03'),
(1723, '34.64.218.102', '2023-03-11', 'desktop', '2023', '11', '03'),
(1724, '185.197.195.173', '2023-03-11', 'desktop', '2023', '11', '03'),
(1725, '223.240.101.111', '2023-03-11', 'mobile', '2023', '11', '03'),
(1726, '213.180.203.110', '2023-03-11', 'desktop', '2023', '11', '03'),
(1727, '213.180.203.18', '2023-03-11', 'desktop', '2023', '11', '03'),
(1728, '213.180.203.92', '2023-03-11', 'desktop', '2023', '11', '03'),
(1729, '95.108.213.113', '2023-03-11', 'desktop', '2023', '11', '03'),
(1730, '205.210.31.161', '2023-03-11', 'desktop', '2023', '11', '03'),
(1731, '37.130.105.123', '2023-03-11', 'desktop', '2023', '11', '03'),
(1732, '173.76.7.94', '2023-03-11', 'desktop', '2023', '11', '03'),
(1733, '212.252.119.222', '2023-03-12', 'desktop', '2023', '12', '03'),
(1734, '5.24.147.230', '2023-03-12', 'mobile', '2023', '12', '03'),
(1735, '37.130.105.123', '2023-03-12', 'desktop', '2023', '12', '03'),
(1736, '20.109.7.246', '2023-03-12', 'desktop', '2023', '12', '03'),
(1737, '66.249.64.91', '2023-03-12', 'desktop', '2023', '12', '03'),
(1738, '66.249.70.23', '2023-03-12', 'desktop', '2023', '12', '03'),
(1739, '54.248.171.210', '2023-03-12', 'desktop', '2023', '12', '03'),
(1740, '54.191.49.214', '2023-03-12', 'desktop', '2023', '12', '03'),
(1741, '35.90.116.157', '2023-03-12', 'desktop', '2023', '12', '03'),
(1742, '35.92.95.169', '2023-03-12', 'desktop', '2023', '12', '03'),
(1743, '34.212.57.24', '2023-03-12', 'desktop', '2023', '12', '03'),
(1744, '35.91.96.89', '2023-03-12', 'desktop', '2023', '12', '03'),
(1745, '107.189.30.86', '2023-03-12', 'desktop', '2023', '12', '03'),
(1746, '198.235.24.21', '2023-03-12', 'desktop', '2023', '12', '03'),
(1747, '59.36.163.204', '2023-03-12', 'mobile', '2023', '12', '03'),
(1748, '167.94.138.35', '2023-03-12', 'desktop', '2023', '12', '03'),
(1749, '44.205.2.62', '2023-03-12', 'desktop', '2023', '12', '03'),
(1750, '20.244.115.14', '2023-03-12', 'desktop', '2023', '12', '03'),
(1751, '212.252.119.222', '2023-03-13', 'desktop', '2023', '13', '03'),
(1752, '167.94.138.36', '2023-03-13', 'desktop', '2023', '13', '03'),
(1753, '87.236.176.28', '2023-03-13', 'desktop', '2023', '13', '03'),
(1754, '185.81.157.213', '2023-03-13', 'desktop', '2023', '13', '03'),
(1755, '15.204.173.67', '2023-03-13', 'desktop', '2023', '13', '03'),
(1756, '51.75.169.50', '2023-03-13', 'desktop', '2023', '13', '03'),
(1757, '164.90.222.93', '2023-03-13', 'desktop', '2023', '13', '03'),
(1758, '104.248.140.11', '2023-03-13', 'desktop', '2023', '13', '03'),
(1759, '167.71.48.191', '2023-03-13', 'desktop', '2023', '13', '03'),
(1760, '159.89.127.165', '2023-03-13', 'desktop', '2023', '13', '03'),
(1761, '147.182.168.210', '2023-03-13', 'desktop', '2023', '13', '03'),
(1762, '159.223.102.13', '2023-03-13', 'desktop', '2023', '13', '03'),
(1763, '195.211.77.140', '2023-03-13', 'desktop', '2023', '13', '03'),
(1764, '39.110.218.101', '2023-03-13', 'mobile', '2023', '13', '03'),
(1765, '169.150.196.10', '2023-03-13', 'desktop', '2023', '13', '03'),
(1766, '65.154.226.171', '2023-03-13', 'desktop', '2023', '13', '03'),
(1767, '65.154.226.168', '2023-03-13', 'desktop', '2023', '13', '03'),
(1768, '185.204.1.216', '2023-03-13', 'desktop', '2023', '13', '03'),
(1769, '195.74.76.198', '2023-03-13', 'desktop', '2023', '13', '03'),
(1770, '161.35.246.138', '2023-03-13', 'mobile', '2023', '13', '03'),
(1771, '185.108.106.202', '2023-03-13', 'mobile', '2023', '13', '03'),
(1772, '89.252.132.45', '2023-03-13', 'desktop', '2023', '13', '03'),
(1773, '37.120.203.71', '2023-03-13', 'desktop', '2023', '13', '03'),
(1774, '216.131.114.7', '2023-03-13', 'mobile', '2023', '13', '03'),
(1775, '84.17.42.12', '2023-03-13', 'desktop', '2023', '13', '03'),
(1776, '128.90.169.123', '2023-03-13', 'mobile', '2023', '13', '03'),
(1777, '192.200.158.222', '2023-03-13', 'desktop', '2023', '13', '03'),
(1778, '205.169.39.255', '2023-03-13', 'desktop', '2023', '13', '03'),
(1779, '54.188.99.180', '2023-03-13', 'mobile', '2023', '13', '03'),
(1780, '94.46.220.96', '2023-03-13', 'mobile', '2023', '13', '03'),
(1781, '205.169.39.250', '2023-03-13', 'desktop', '2023', '13', '03'),
(1782, '212.102.57.152', '2023-03-13', 'mobile', '2023', '13', '03'),
(1783, '176.67.82.4', '2023-03-13', 'mobile', '2023', '13', '03'),
(1784, '179.43.169.181', '2023-03-13', 'desktop', '2023', '13', '03'),
(1785, '50.112.2.132', '2023-03-13', 'desktop', '2023', '13', '03'),
(1786, '34.217.16.147', '2023-03-13', 'desktop', '2023', '13', '03'),
(1787, '34.215.176.250', '2023-03-13', 'desktop', '2023', '13', '03'),
(1788, '34.215.69.157', '2023-03-13', 'desktop', '2023', '13', '03'),
(1789, '133.242.174.119', '2023-03-13', 'mobile', '2023', '13', '03'),
(1790, '133.242.140.127', '2023-03-13', 'mobile', '2023', '13', '03'),
(1791, '34.214.117.190', '2023-03-13', 'desktop', '2023', '13', '03'),
(1792, '113.125.51.198', '2023-03-13', 'mobile', '2023', '13', '03'),
(1793, '54.36.148.24', '2023-03-13', 'desktop', '2023', '13', '03'),
(1794, '54.36.149.93', '2023-03-13', 'desktop', '2023', '13', '03'),
(1795, '42.83.147.55', '2023-03-13', 'desktop', '2023', '13', '03'),
(1796, '37.130.105.123', '2023-03-13', 'desktop', '2023', '13', '03'),
(1797, '47.88.101.3', '2023-03-13', 'mobile', '2023', '13', '03'),
(1798, '47.254.76.138', '2023-03-13', 'mobile', '2023', '13', '03'),
(1799, '47.254.25.10', '2023-03-13', 'mobile', '2023', '13', '03'),
(1800, '47.88.87.97', '2023-03-13', 'mobile', '2023', '13', '03'),
(1801, '47.88.94.159', '2023-03-13', 'mobile', '2023', '13', '03'),
(1802, '47.251.11.3', '2023-03-13', 'mobile', '2023', '13', '03'),
(1803, '47.254.74.59', '2023-03-13', 'mobile', '2023', '13', '03'),
(1804, '47.88.6.178', '2023-03-13', 'mobile', '2023', '13', '03'),
(1805, '47.251.15.21', '2023-03-13', 'mobile', '2023', '13', '03'),
(1806, '47.88.86.63', '2023-03-13', 'mobile', '2023', '13', '03'),
(1807, '47.88.94.161', '2023-03-13', 'mobile', '2023', '13', '03'),
(1808, '207.241.231.45', '2023-03-13', 'desktop', '2023', '13', '03'),
(1809, '193.235.141.145', '2023-03-13', 'desktop', '2023', '13', '03'),
(1810, '212.252.119.222', '2023-03-14', 'desktop', '2023', '14', '03'),
(1811, '37.130.105.123', '2023-03-14', 'desktop', '2023', '14', '03'),
(1812, '185.220.100.253', '2023-03-14', 'mobile', '2023', '14', '03'),
(1813, '45.90.62.68', '2023-03-14', 'desktop', '2023', '14', '03'),
(1814, '89.104.101.226', '2023-03-14', 'desktop', '2023', '14', '03'),
(1815, '45.90.63.120', '2023-03-14', 'desktop', '2023', '14', '03'),
(1816, '176.53.217.242', '2023-03-14', 'desktop', '2023', '14', '03'),
(1817, '176.53.222.33', '2023-03-14', 'desktop', '2023', '14', '03'),
(1818, '45.90.62.234', '2023-03-14', 'desktop', '2023', '14', '03'),
(1819, '45.90.63.142', '2023-03-14', 'desktop', '2023', '14', '03'),
(1820, '45.90.62.86', '2023-03-14', 'desktop', '2023', '14', '03'),
(1821, '45.90.61.249', '2023-03-14', 'desktop', '2023', '14', '03'),
(1822, '45.90.63.234', '2023-03-14', 'desktop', '2023', '14', '03'),
(1823, '176.53.216.6', '2023-03-14', 'desktop', '2023', '14', '03'),
(1824, '176.53.216.215', '2023-03-14', 'desktop', '2023', '14', '03'),
(1825, '176.53.223.157', '2023-03-14', 'desktop', '2023', '14', '03'),
(1826, '176.53.220.106', '2023-03-14', 'desktop', '2023', '14', '03'),
(1827, '167.235.228.214', '2023-03-14', 'desktop', '2023', '14', '03'),
(1828, '198.235.24.131', '2023-03-14', 'desktop', '2023', '14', '03'),
(1829, '51.222.253.3', '2023-03-14', 'desktop', '2023', '14', '03'),
(1830, '54.36.149.15', '2023-03-14', 'desktop', '2023', '14', '03'),
(1831, '51.222.253.11', '2023-03-14', 'desktop', '2023', '14', '03'),
(1832, '54.36.148.110', '2023-03-14', 'desktop', '2023', '14', '03'),
(1833, '93.158.91.214', '2023-03-14', 'desktop', '2023', '14', '03'),
(1834, '93.158.91.184', '2023-03-14', 'desktop', '2023', '14', '03'),
(1835, '93.158.91.189', '2023-03-14', 'desktop', '2023', '14', '03'),
(1836, '93.158.91.230', '2023-03-14', 'desktop', '2023', '14', '03'),
(1837, '93.158.91.187', '2023-03-14', 'desktop', '2023', '14', '03'),
(1838, '93.158.91.203', '2023-03-14', 'desktop', '2023', '14', '03'),
(1839, '93.158.91.234', '2023-03-14', 'desktop', '2023', '14', '03'),
(1840, '93.158.91.209', '2023-03-14', 'desktop', '2023', '14', '03'),
(1841, '72.167.44.8', '2023-03-14', 'desktop', '2023', '14', '03'),
(1842, '54.36.148.39', '2023-03-15', 'desktop', '2023', '15', '03'),
(1843, '147.78.47.249', '2023-03-15', 'desktop', '2023', '15', '03'),
(1844, '212.252.119.222', '2023-03-15', 'desktop', '2023', '15', '03'),
(1845, '54.36.148.230', '2023-03-15', 'desktop', '2023', '15', '03'),
(1846, '176.53.219.26', '2023-03-15', 'desktop', '2023', '15', '03'),
(1847, '176.53.218.208', '2023-03-15', 'desktop', '2023', '15', '03'),
(1848, '176.53.216.132', '2023-03-15', 'desktop', '2023', '15', '03'),
(1849, '176.53.219.135', '2023-03-15', 'desktop', '2023', '15', '03'),
(1850, '176.53.219.75', '2023-03-15', 'desktop', '2023', '15', '03'),
(1851, '176.53.222.117', '2023-03-15', 'desktop', '2023', '15', '03'),
(1852, '176.53.222.172', '2023-03-15', 'desktop', '2023', '15', '03'),
(1853, '89.104.100.76', '2023-03-15', 'desktop', '2023', '15', '03'),
(1854, '45.90.61.51', '2023-03-15', 'desktop', '2023', '15', '03'),
(1855, '89.104.111.72', '2023-03-15', 'desktop', '2023', '15', '03'),
(1856, '176.53.217.167', '2023-03-15', 'desktop', '2023', '15', '03'),
(1857, '37.130.105.123', '2023-03-15', 'desktop', '2023', '15', '03'),
(1858, '92.204.139.118', '2023-03-15', 'desktop', '2023', '15', '03'),
(1859, '45.90.60.138', '2023-03-15', 'desktop', '2023', '15', '03'),
(1860, '176.53.219.205', '2023-03-15', 'desktop', '2023', '15', '03'),
(1861, '45.90.60.98', '2023-03-15', 'desktop', '2023', '15', '03'),
(1862, '176.53.221.36', '2023-03-15', 'desktop', '2023', '15', '03'),
(1863, '54.36.148.162', '2023-03-15', 'desktop', '2023', '15', '03'),
(1864, '51.222.253.3', '2023-03-15', 'desktop', '2023', '15', '03'),
(1865, '198.235.24.10', '2023-03-15', 'desktop', '2023', '15', '03'),
(1866, '51.222.253.4', '2023-03-15', 'desktop', '2023', '15', '03'),
(1867, '54.202.230.48', '2023-03-15', 'desktop', '2023', '15', '03'),
(1868, '35.88.62.222', '2023-03-15', 'desktop', '2023', '15', '03'),
(1869, '54.213.209.143', '2023-03-15', 'desktop', '2023', '15', '03'),
(1870, '54.202.100.167', '2023-03-15', 'desktop', '2023', '15', '03'),
(1871, '34.219.199.22', '2023-03-15', 'desktop', '2023', '15', '03'),
(1872, '18.236.205.152', '2023-03-15', 'desktop', '2023', '15', '03'),
(1873, '34.212.182.198', '2023-03-15', 'desktop', '2023', '15', '03'),
(1874, '52.89.230.166', '2023-03-15', 'desktop', '2023', '15', '03'),
(1875, '52.27.94.168', '2023-03-15', 'desktop', '2023', '15', '03'),
(1876, '34.219.74.208', '2023-03-15', 'desktop', '2023', '15', '03'),
(1877, '18.236.150.225', '2023-03-15', 'desktop', '2023', '15', '03'),
(1878, '51.15.251.143', '2023-03-15', 'desktop', '2023', '15', '03'),
(1879, '92.223.86.9', '2023-03-15', 'desktop', '2023', '15', '03'),
(1880, '182.43.148.98', '2023-03-15', 'mobile', '2023', '15', '03'),
(1881, '138.201.221.183', '2023-03-15', 'desktop', '2023', '15', '03'),
(1882, '185.181.60.39', '2023-03-15', 'desktop', '2023', '15', '03'),
(1883, '51.222.253.18', '2023-03-15', 'desktop', '2023', '15', '03'),
(1884, '51.222.253.17', '2023-03-15', 'desktop', '2023', '15', '03'),
(1885, '165.232.168.1', '2023-03-15', 'desktop', '2023', '15', '03'),
(1886, '66.171.163.151', '2023-03-15', 'desktop', '2023', '15', '03'),
(1887, '47.241.237.64', '2023-03-16', 'desktop', '2023', '16', '03'),
(1888, '212.252.119.222', '2023-03-16', 'desktop', '2023', '16', '03'),
(1889, '37.130.105.123', '2023-03-16', 'desktop', '2023', '16', '03'),
(1890, '176.53.222.3', '2023-03-16', 'desktop', '2023', '16', '03'),
(1891, '89.104.101.7', '2023-03-16', 'desktop', '2023', '16', '03'),
(1892, '176.53.217.7', '2023-03-16', 'desktop', '2023', '16', '03'),
(1893, '176.53.221.188', '2023-03-16', 'desktop', '2023', '16', '03'),
(1894, '176.53.220.101', '2023-03-16', 'desktop', '2023', '16', '03'),
(1895, '89.104.111.59', '2023-03-16', 'desktop', '2023', '16', '03'),
(1896, '176.53.219.206', '2023-03-16', 'desktop', '2023', '16', '03'),
(1897, '89.104.110.202', '2023-03-16', 'desktop', '2023', '16', '03'),
(1898, '89.104.111.72', '2023-03-16', 'desktop', '2023', '16', '03'),
(1899, '176.53.217.112', '2023-03-16', 'desktop', '2023', '16', '03'),
(1900, '176.53.223.141', '2023-03-16', 'desktop', '2023', '16', '03'),
(1901, '89.104.100.194', '2023-03-16', 'desktop', '2023', '16', '03'),
(1902, '176.53.223.130', '2023-03-16', 'desktop', '2023', '16', '03'),
(1903, '176.53.218.208', '2023-03-16', 'desktop', '2023', '16', '03'),
(1904, '35.167.71.80', '2023-03-16', 'desktop', '2023', '16', '03'),
(1905, '54.187.133.184', '2023-03-16', 'desktop', '2023', '16', '03'),
(1906, '4.236.144.116', '2023-03-16', 'desktop', '2023', '16', '03'),
(1907, '5.255.231.150', '2023-03-16', 'desktop', '2023', '16', '03'),
(1908, '87.250.224.240', '2023-03-16', 'desktop', '2023', '16', '03'),
(1909, '87.250.224.251', '2023-03-16', 'desktop', '2023', '16', '03'),
(1910, '213.180.203.83', '2023-03-16', 'desktop', '2023', '16', '03'),
(1911, '213.180.203.138', '2023-03-16', 'desktop', '2023', '16', '03'),
(1912, '87.250.224.74', '2023-03-16', 'desktop', '2023', '16', '03'),
(1913, '213.180.203.137', '2023-03-16', 'desktop', '2023', '16', '03'),
(1914, '213.180.203.144', '2023-03-16', 'desktop', '2023', '16', '03'),
(1915, '95.108.213.192', '2023-03-16', 'desktop', '2023', '16', '03'),
(1916, '213.180.203.12', '2023-03-16', 'desktop', '2023', '16', '03'),
(1917, '213.180.203.71', '2023-03-16', 'desktop', '2023', '16', '03'),
(1918, '213.180.203.175', '2023-03-16', 'desktop', '2023', '16', '03'),
(1919, '5.45.207.72', '2023-03-16', 'desktop', '2023', '16', '03'),
(1920, '213.180.203.190', '2023-03-16', 'desktop', '2023', '16', '03'),
(1921, '5.255.231.36', '2023-03-16', 'desktop', '2023', '16', '03'),
(1922, '213.180.203.57', '2023-03-16', 'desktop', '2023', '16', '03'),
(1923, '5.255.231.90', '2023-03-16', 'desktop', '2023', '16', '03'),
(1924, '193.235.141.150', '2023-03-16', 'desktop', '2023', '16', '03'),
(1925, '176.43.11.132', '2023-03-16', 'desktop', '2023', '16', '03'),
(1926, '95.108.213.145', '2023-03-16', 'desktop', '2023', '16', '03'),
(1927, '5.255.231.16', '2023-03-16', 'desktop', '2023', '16', '03'),
(1928, '212.133.226.66', '2023-03-16', 'desktop', '2023', '16', '03'),
(1929, '95.108.213.166', '2023-03-16', 'desktop', '2023', '16', '03'),
(1930, '213.180.203.231', '2023-03-16', 'desktop', '2023', '16', '03'),
(1931, '5.255.231.163', '2023-03-16', 'desktop', '2023', '16', '03'),
(1932, '5.45.207.163', '2023-03-16', 'desktop', '2023', '16', '03'),
(1933, '213.180.203.51', '2023-03-16', 'desktop', '2023', '16', '03'),
(1934, '95.108.213.154', '2023-03-16', 'desktop', '2023', '16', '03'),
(1935, '213.180.203.201', '2023-03-16', 'desktop', '2023', '16', '03'),
(1936, '213.180.203.43', '2023-03-16', 'desktop', '2023', '16', '03'),
(1937, '95.108.213.91', '2023-03-16', 'desktop', '2023', '16', '03'),
(1938, '213.180.203.94', '2023-03-16', 'desktop', '2023', '16', '03'),
(1939, '5.255.231.180', '2023-03-16', 'desktop', '2023', '16', '03'),
(1940, '5.255.231.188', '2023-03-16', 'desktop', '2023', '16', '03'),
(1941, '5.255.253.66', '2023-03-16', 'desktop', '2023', '16', '03'),
(1942, '95.108.213.220', '2023-03-16', 'desktop', '2023', '16', '03'),
(1943, '5.255.231.39', '2023-03-16', 'desktop', '2023', '16', '03'),
(1944, '95.108.213.103', '2023-03-16', 'desktop', '2023', '16', '03'),
(1945, '213.180.203.40', '2023-03-16', 'desktop', '2023', '16', '03'),
(1946, '95.108.213.155', '2023-03-16', 'desktop', '2023', '16', '03'),
(1947, '5.255.253.76', '2023-03-16', 'desktop', '2023', '16', '03'),
(1948, '87.250.224.204', '2023-03-16', 'desktop', '2023', '16', '03'),
(1949, '95.108.213.188', '2023-03-16', 'desktop', '2023', '16', '03'),
(1950, '213.180.203.111', '2023-03-16', 'desktop', '2023', '16', '03'),
(1951, '95.108.213.147', '2023-03-16', 'desktop', '2023', '16', '03'),
(1952, '5.45.207.174', '2023-03-16', 'desktop', '2023', '16', '03'),
(1953, '213.180.203.239', '2023-03-16', 'desktop', '2023', '16', '03'),
(1954, '95.108.213.237', '2023-03-16', 'desktop', '2023', '16', '03'),
(1955, '85.17.88.170', '2023-03-16', 'desktop', '2023', '16', '03'),
(1956, '165.227.32.192', '2023-03-16', 'desktop', '2023', '16', '03'),
(1957, '178.240.151.30', '2023-03-16', 'desktop', '2023', '16', '03'),
(1958, '212.133.226.66', '2023-03-17', 'desktop', '2023', '17', '03'),
(1959, '95.108.213.236', '2023-03-17', 'desktop', '2023', '17', '03'),
(1960, '5.255.231.85', '2023-03-17', 'desktop', '2023', '17', '03'),
(1961, '5.255.231.198', '2023-03-17', 'desktop', '2023', '17', '03'),
(1962, '15.204.182.106', '2023-03-17', 'desktop', '2023', '17', '03'),
(1963, '212.252.119.222', '2023-03-17', 'desktop', '2023', '17', '03'),
(1964, '213.180.203.110', '2023-03-17', 'desktop', '2023', '17', '03'),
(1965, '5.255.231.194', '2023-03-17', 'desktop', '2023', '17', '03'),
(1966, '5.45.207.80', '2023-03-17', 'desktop', '2023', '17', '03'),
(1967, '213.180.203.170', '2023-03-17', 'desktop', '2023', '17', '03'),
(1968, '87.250.224.231', '2023-03-17', 'desktop', '2023', '17', '03'),
(1969, '65.154.226.169', '2023-03-17', 'desktop', '2023', '17', '03'),
(1970, '65.154.226.169', '2023-03-17', 'desktop', '2023', '17', '03'),
(1971, '65.154.226.169', '2023-03-17', 'desktop', '2023', '17', '03'),
(1972, '64.150.149.220', '2023-03-17', 'mobile', '2023', '17', '03'),
(1973, '64.150.149.218', '2023-03-17', 'mobile', '2023', '17', '03'),
(1974, '64.150.149.221', '2023-03-17', 'mobile', '2023', '17', '03'),
(1975, '64.150.149.222', '2023-03-17', 'mobile', '2023', '17', '03'),
(1976, '64.150.149.223', '2023-03-17', 'mobile', '2023', '17', '03'),
(1977, '64.150.149.219', '2023-03-17', 'mobile', '2023', '17', '03'),
(1978, '64.150.149.216', '2023-03-17', 'mobile', '2023', '17', '03'),
(1979, '64.150.149.217', '2023-03-17', 'mobile', '2023', '17', '03'),
(1980, '216.223.222.131', '2023-03-17', 'mobile', '2023', '17', '03'),
(1981, '216.223.222.130', '2023-03-17', 'mobile', '2023', '17', '03'),
(1982, '216.223.222.134', '2023-03-17', 'mobile', '2023', '17', '03'),
(1983, '216.223.222.133', '2023-03-17', 'mobile', '2023', '17', '03'),
(1984, '216.223.222.132', '2023-03-17', 'mobile', '2023', '17', '03'),
(1985, '216.223.222.135', '2023-03-17', 'mobile', '2023', '17', '03'),
(1986, '216.223.222.129', '2023-03-17', 'mobile', '2023', '17', '03'),
(1987, '87.250.224.249', '2023-03-17', 'desktop', '2023', '17', '03'),
(1988, '87.250.224.247', '2023-03-17', 'desktop', '2023', '17', '03'),
(1989, '5.255.253.87', '2023-03-17', 'desktop', '2023', '17', '03'),
(1990, '213.180.203.21', '2023-03-17', 'desktop', '2023', '17', '03'),
(1991, '213.180.203.27', '2023-03-17', 'desktop', '2023', '17', '03'),
(1992, '213.180.203.211', '2023-03-17', 'desktop', '2023', '17', '03'),
(1993, '213.180.203.104', '2023-03-17', 'desktop', '2023', '17', '03'),
(1994, '213.180.203.89', '2023-03-17', 'desktop', '2023', '17', '03'),
(1995, '213.180.203.109', '2023-03-17', 'desktop', '2023', '17', '03'),
(1996, '213.180.203.239', '2023-03-17', 'desktop', '2023', '17', '03'),
(1997, '5.255.231.82', '2023-03-17', 'desktop', '2023', '17', '03'),
(1998, '87.250.224.77', '2023-03-17', 'desktop', '2023', '17', '03'),
(1999, '213.180.203.84', '2023-03-17', 'desktop', '2023', '17', '03'),
(2000, '5.45.207.79', '2023-03-17', 'desktop', '2023', '17', '03'),
(2001, '37.130.105.123', '2023-03-17', 'desktop', '2023', '17', '03'),
(2002, '5.255.231.19', '2023-03-17', 'desktop', '2023', '17', '03'),
(2003, '207.241.232.92', '2023-03-17', 'desktop', '2023', '17', '03'),
(2004, '207.241.230.131', '2023-03-17', 'desktop', '2023', '17', '03'),
(2005, '207.241.230.103', '2023-03-17', 'desktop', '2023', '17', '03'),
(2006, '43.153.80.11', '2023-03-17', 'desktop', '2023', '17', '03'),
(2007, '77.111.245.14', '2023-03-17', 'desktop', '2023', '17', '03'),
(2008, '34.254.53.125', '2023-03-17', 'desktop', '2023', '17', '03'),
(2009, '95.108.213.243', '2023-03-17', 'desktop', '2023', '17', '03'),
(2010, '5.255.231.199', '2023-03-17', 'desktop', '2023', '17', '03'),
(2011, '95.108.213.124', '2023-03-17', 'desktop', '2023', '17', '03'),
(2012, '5.255.253.67', '2023-03-17', 'desktop', '2023', '17', '03'),
(2013, '213.180.203.102', '2023-03-17', 'desktop', '2023', '17', '03'),
(2014, '152.32.191.185', '2023-03-17', 'desktop', '2023', '17', '03'),
(2015, '142.4.22.16', '2023-03-17', 'desktop', '2023', '17', '03'),
(2016, '52.36.24.247', '2023-03-17', 'desktop', '2023', '17', '03'),
(2017, '18.237.72.232', '2023-03-17', 'desktop', '2023', '17', '03'),
(2018, '34.219.62.230', '2023-03-17', 'desktop', '2023', '17', '03'),
(2019, '213.180.203.226', '2023-03-17', 'desktop', '2023', '17', '03'),
(2020, '104.248.204.195', '2023-03-17', 'desktop', '2023', '17', '03'),
(2021, '5.255.231.8', '2023-03-17', 'desktop', '2023', '17', '03'),
(2022, '34.245.170.161', '2023-03-17', 'desktop', '2023', '17', '03'),
(2023, '5.255.231.168', '2023-03-17', 'desktop', '2023', '17', '03'),
(2024, '213.180.203.166', '2023-03-17', 'desktop', '2023', '17', '03'),
(2025, '95.108.213.133', '2023-03-17', 'desktop', '2023', '17', '03'),
(2026, '95.108.213.210', '2023-03-17', 'desktop', '2023', '17', '03'),
(2027, '87.250.224.245', '2023-03-17', 'desktop', '2023', '17', '03'),
(2028, '87.250.224.228', '2023-03-17', 'desktop', '2023', '17', '03'),
(2029, '77.111.245.13', '2023-03-17', 'desktop', '2023', '17', '03'),
(2030, '213.180.203.46', '2023-03-17', 'desktop', '2023', '17', '03'),
(2031, '5.45.207.169', '2023-03-17', 'desktop', '2023', '17', '03'),
(2032, '54.36.149.20', '2023-03-17', 'desktop', '2023', '17', '03'),
(2033, '54.36.148.160', '2023-03-17', 'desktop', '2023', '17', '03'),
(2034, '176.43.11.132', '2023-03-17', 'desktop', '2023', '17', '03'),
(2035, '54.36.148.34', '2023-03-17', 'desktop', '2023', '17', '03'),
(2036, '51.222.253.18', '2023-03-17', 'desktop', '2023', '17', '03'),
(2037, '5.255.231.186', '2023-03-17', 'desktop', '2023', '17', '03'),
(2038, '103.30.212.11', '2023-03-17', 'desktop', '2023', '17', '03'),
(2039, '23.154.177.5', '2023-03-17', 'desktop', '2023', '17', '03'),
(2040, '49.12.221.162', '2023-03-17', 'desktop', '2023', '17', '03'),
(2041, '69.160.160.50', '2023-03-17', 'desktop', '2023', '17', '03'),
(2042, '51.159.214.50', '2023-03-18', 'desktop', '2023', '18', '03'),
(2043, '148.252.224.250', '2023-03-18', 'desktop', '2023', '18', '03'),
(2044, '198.235.24.44', '2023-03-18', 'desktop', '2023', '18', '03'),
(2045, '142.93.191.98', '2023-03-18', 'desktop', '2023', '18', '03'),
(2046, '198.235.24.37', '2023-03-18', 'desktop', '2023', '18', '03'),
(2047, '212.133.226.66', '2023-03-18', 'desktop', '2023', '18', '03'),
(2048, '5.45.207.184', '2023-03-18', 'desktop', '2023', '18', '03'),
(2049, '77.111.245.14', '2023-03-18', 'desktop', '2023', '18', '03'),
(2050, '212.252.119.222', '2023-03-18', 'desktop', '2023', '18', '03'),
(2051, '37.130.105.123', '2023-03-18', 'desktop', '2023', '18', '03'),
(2052, '95.108.213.125', '2023-03-18', 'desktop', '2023', '18', '03'),
(2053, '213.180.203.177', '2023-03-18', 'desktop', '2023', '18', '03'),
(2054, '213.180.203.232', '2023-03-18', 'desktop', '2023', '18', '03'),
(2055, '213.180.203.150', '2023-03-18', 'desktop', '2023', '18', '03'),
(2056, '87.250.224.228', '2023-03-18', 'desktop', '2023', '18', '03'),
(2057, '213.180.203.125', '2023-03-18', 'desktop', '2023', '18', '03'),
(2058, '213.180.203.90', '2023-03-18', 'desktop', '2023', '18', '03'),
(2059, '95.108.213.113', '2023-03-18', 'desktop', '2023', '18', '03'),
(2060, '87.250.224.218', '2023-03-18', 'desktop', '2023', '18', '03'),
(2061, '213.180.203.157', '2023-03-18', 'desktop', '2023', '18', '03'),
(2062, '95.108.213.137', '2023-03-18', 'desktop', '2023', '18', '03'),
(2063, '95.108.213.247', '2023-03-18', 'desktop', '2023', '18', '03'),
(2064, '213.180.203.76', '2023-03-18', 'desktop', '2023', '18', '03'),
(2065, '213.180.203.247', '2023-03-18', 'desktop', '2023', '18', '03'),
(2066, '95.108.213.215', '2023-03-18', 'desktop', '2023', '18', '03'),
(2067, '213.180.203.199', '2023-03-18', 'desktop', '2023', '18', '03'),
(2068, '34.221.53.107', '2023-03-18', 'desktop', '2023', '18', '03'),
(2069, '35.92.232.183', '2023-03-18', 'desktop', '2023', '18', '03'),
(2070, '43.156.250.146', '2023-03-18', 'desktop', '2023', '18', '03'),
(2071, '14.116.184.240', '2023-03-18', 'mobile', '2023', '18', '03'),
(2072, '178.62.82.141', '2023-03-18', 'desktop', '2023', '18', '03'),
(2073, '5.255.231.137', '2023-03-18', 'desktop', '2023', '18', '03'),
(2074, '77.111.245.13', '2023-03-18', 'desktop', '2023', '18', '03'),
(2075, '78.190.104.54', '2023-03-18', 'mobile', '2023', '18', '03'),
(2076, '205.210.31.41', '2023-03-18', 'desktop', '2023', '18', '03'),
(2077, '130.255.166.90', '2023-03-18', 'mobile', '2023', '18', '03'),
(2078, '130.255.166.98', '2023-03-18', 'mobile', '2023', '18', '03'),
(2079, '130.255.166.82', '2023-03-18', 'mobile', '2023', '18', '03'),
(2080, '5.255.231.5', '2023-03-18', 'desktop', '2023', '18', '03'),
(2081, '15.235.15.135', '2023-03-18', 'desktop', '2023', '18', '03'),
(2082, '66.249.66.36', '2023-03-18', 'desktop', '2023', '18', '03'),
(2083, '66.249.66.34', '2023-03-18', 'mobile', '2023', '18', '03'),
(2084, '66.249.66.72', '2023-03-18', 'desktop', '2023', '18', '03'),
(2085, '66.249.66.66', '2023-03-18', 'mobile', '2023', '18', '03'),
(2086, '51.158.238.194', '2023-03-18', 'desktop', '2023', '18', '03'),
(2087, '212.252.119.222', '2023-03-19', 'desktop', '2023', '19', '03'),
(2088, '51.158.238.194', '2023-03-19', 'desktop', '2023', '19', '03'),
(2089, '77.111.245.14', '2023-03-19', 'desktop', '2023', '19', '03'),
(2090, '87.250.224.78', '2023-03-19', 'desktop', '2023', '19', '03'),
(2091, '212.133.226.66', '2023-03-19', 'desktop', '2023', '19', '03'),
(2092, '5.255.231.202', '2023-03-19', 'desktop', '2023', '19', '03'),
(2093, '95.108.213.173', '2023-03-19', 'desktop', '2023', '19', '03'),
(2094, '5.255.231.154', '2023-03-19', 'desktop', '2023', '19', '03'),
(2095, '95.108.213.193', '2023-03-19', 'desktop', '2023', '19', '03'),
(2096, '3.131.98.176', '2023-03-19', 'desktop', '2023', '19', '03'),
(2097, '213.180.203.16', '2023-03-19', 'desktop', '2023', '19', '03'),
(2098, '5.255.231.94', '2023-03-19', 'desktop', '2023', '19', '03'),
(2099, '193.235.141.146', '2023-03-19', 'desktop', '2023', '19', '03'),
(2100, '35.210.151.25', '2023-03-19', 'desktop', '2023', '19', '03'),
(2101, '213.180.203.115', '2023-03-19', 'desktop', '2023', '19', '03'),
(2102, '5.27.213.227', '2023-03-19', 'mobile', '2023', '19', '03'),
(2103, '5.45.207.167', '2023-03-19', 'desktop', '2023', '19', '03'),
(2104, '5.255.231.163', '2023-03-19', 'desktop', '2023', '19', '03'),
(2105, '77.111.244.11', '2023-03-19', 'desktop', '2023', '19', '03'),
(2106, '79.124.59.150', '2023-03-19', 'desktop', '2023', '19', '03'),
(2107, '212.252.119.222', '2023-03-20', 'desktop', '2023', '20', '03'),
(2108, '212.252.119.222', '2023-03-20', 'desktop', '2023', '20', '03'),
(2109, '212.133.226.66', '2023-03-20', 'desktop', '2023', '20', '03'),
(2110, '213.180.203.222', '2023-03-20', 'desktop', '2023', '20', '03'),
(2111, '213.180.203.44', '2023-03-20', 'desktop', '2023', '20', '03'),
(2112, '5.255.231.95', '2023-03-20', 'desktop', '2023', '20', '03'),
(2113, '87.250.224.76', '2023-03-20', 'desktop', '2023', '20', '03'),
(2114, '5.255.231.43', '2023-03-20', 'desktop', '2023', '20', '03'),
(2115, '209.188.18.187', '2023-03-20', 'desktop', '2023', '20', '03'),
(2116, '213.180.203.5', '2023-03-20', 'desktop', '2023', '20', '03'),
(2117, '95.108.213.186', '2023-03-20', 'desktop', '2023', '20', '03'),
(2118, '103.145.50.168', '2023-03-20', 'desktop', '2023', '20', '03'),
(2119, '23.94.236.112', '2023-03-20', 'desktop', '2023', '20', '03'),
(2120, '40.77.167.85', '2023-03-20', 'desktop', '2023', '20', '03'),
(2121, '184.94.240.88', '2023-03-20', 'desktop', '2023', '20', '03'),
(2122, '66.249.66.36', '2023-03-20', 'desktop', '2023', '20', '03'),
(2123, '66.249.66.37', '2023-03-20', 'mobile', '2023', '20', '03'),
(2124, '66.249.66.38', '2023-03-20', 'desktop', '2023', '20', '03'),
(2125, '176.43.11.132', '2023-03-20', 'desktop', '2023', '20', '03'),
(2126, '66.249.66.35', '2023-03-20', 'desktop', '2023', '20', '03'),
(2127, '69.167.12.35', '2023-03-20', 'desktop', '2023', '20', '03'),
(2128, '213.180.203.91', '2023-03-20', 'desktop', '2023', '20', '03'),
(2129, '95.108.213.197', '2023-03-20', 'desktop', '2023', '20', '03'),
(2130, '5.255.231.169', '2023-03-20', 'desktop', '2023', '20', '03'),
(2131, '5.45.207.181', '2023-03-20', 'desktop', '2023', '20', '03'),
(2132, '87.250.224.244', '2023-03-20', 'desktop', '2023', '20', '03'),
(2133, '5.45.207.155', '2023-03-20', 'desktop', '2023', '20', '03'),
(2134, '95.108.213.164', '2023-03-20', 'desktop', '2023', '20', '03'),
(2135, '95.108.213.191', '2023-03-20', 'desktop', '2023', '20', '03'),
(2136, '95.108.213.155', '2023-03-20', 'desktop', '2023', '20', '03'),
(2137, '47.88.94.159', '2023-03-20', 'mobile', '2023', '20', '03'),
(2138, '47.89.193.162', '2023-03-20', 'mobile', '2023', '20', '03'),
(2139, '47.88.101.3', '2023-03-20', 'mobile', '2023', '20', '03'),
(2140, '47.251.14.232', '2023-03-20', 'mobile', '2023', '20', '03'),
(2141, '66.249.66.34', '2023-03-20', 'desktop', '2023', '20', '03'),
(2142, '148.72.244.147', '2023-03-20', 'desktop', '2023', '20', '03'),
(2143, '212.252.119.222', '2023-03-21', 'desktop', '2023', '21', '03'),
(2144, '51.158.230.211', '2023-03-21', 'desktop', '2023', '21', '03'),
(2145, '149.56.150.140', '2023-03-21', 'desktop', '2023', '21', '03'),
(2146, '149.56.150.41', '2023-03-21', 'desktop', '2023', '21', '03'),
(2147, '15.235.15.135', '2023-03-21', 'desktop', '2023', '21', '03'),
(2148, '42.83.147.53', '2023-03-21', 'desktop', '2023', '21', '03'),
(2149, '198.235.24.163', '2023-03-21', 'desktop', '2023', '21', '03'),
(2150, '5.45.207.174', '2023-03-21', 'desktop', '2023', '21', '03'),
(2151, '66.249.66.9', '2023-03-21', 'desktop', '2023', '21', '03'),
(2152, '66.249.66.34', '2023-03-21', 'mobile', '2023', '21', '03'),
(2153, '66.249.66.10', '2023-03-21', 'desktop', '2023', '21', '03'),
(2154, '66.249.66.35', '2023-03-21', 'desktop', '2023', '21', '03'),
(2155, '66.249.66.70', '2023-03-21', 'desktop', '2023', '21', '03'),
(2156, '66.249.66.71', '2023-03-21', 'desktop', '2023', '21', '03'),
(2157, '198.235.24.49', '2023-03-21', 'desktop', '2023', '21', '03'),
(2158, '66.249.66.36', '2023-03-21', 'desktop', '2023', '21', '03'),
(2159, '66.249.66.37', '2023-03-21', 'desktop', '2023', '21', '03'),
(2160, '66.249.66.38', '2023-03-21', 'desktop', '2023', '21', '03'),
(2161, '176.43.11.132', '2023-03-21', 'desktop', '2023', '21', '03'),
(2162, '69.167.12.26', '2023-03-21', 'desktop', '2023', '21', '03'),
(2163, '114.107.225.150', '2023-03-21', 'mobile', '2023', '21', '03'),
(2164, '209.141.35.128', '2023-03-21', 'desktop', '2023', '21', '03'),
(2165, '209.141.36.112', '2023-03-21', 'desktop', '2023', '21', '03'),
(2166, '205.185.122.184', '2023-03-21', 'desktop', '2023', '21', '03'),
(2167, '209.141.36.231', '2023-03-21', 'desktop', '2023', '21', '03'),
(2168, '209.141.41.193', '2023-03-21', 'desktop', '2023', '21', '03'),
(2169, '5.255.231.186', '2023-03-21', 'desktop', '2023', '21', '03'),
(2170, '5.255.231.164', '2023-03-21', 'desktop', '2023', '21', '03'),
(2171, '44.199.204.55', '2023-03-21', 'desktop', '2023', '21', '03'),
(2172, '5.255.231.175', '2023-03-21', 'desktop', '2023', '21', '03'),
(2173, '54.235.55.135', '2023-03-21', 'desktop', '2023', '21', '03'),
(2174, '51.222.253.10', '2023-03-21', 'desktop', '2023', '21', '03'),
(2175, '54.36.149.30', '2023-03-21', 'desktop', '2023', '21', '03'),
(2176, '51.222.253.17', '2023-03-21', 'desktop', '2023', '21', '03'),
(2177, '5.255.231.148', '2023-03-21', 'desktop', '2023', '21', '03'),
(2178, '95.108.213.174', '2023-03-21', 'desktop', '2023', '21', '03'),
(2179, '213.180.203.50', '2023-03-21', 'desktop', '2023', '21', '03'),
(2180, '213.180.203.205', '2023-03-21', 'desktop', '2023', '21', '03'),
(2181, '5.255.231.60', '2023-03-21', 'desktop', '2023', '21', '03'),
(2182, '5.255.231.22', '2023-03-21', 'desktop', '2023', '21', '03'),
(2183, '213.180.203.248', '2023-03-21', 'desktop', '2023', '21', '03'),
(2184, '95.108.213.82', '2023-03-21', 'desktop', '2023', '21', '03'),
(2185, '95.108.213.167', '2023-03-21', 'desktop', '2023', '21', '03'),
(2186, '95.108.213.207', '2023-03-21', 'desktop', '2023', '21', '03'),
(2187, '5.255.231.197', '2023-03-21', 'desktop', '2023', '21', '03'),
(2188, '5.255.231.12', '2023-03-21', 'desktop', '2023', '21', '03'),
(2189, '213.180.203.223', '2023-03-21', 'desktop', '2023', '21', '03'),
(2190, '5.255.253.68', '2023-03-21', 'desktop', '2023', '21', '03'),
(2191, '5.255.253.71', '2023-03-21', 'desktop', '2023', '21', '03'),
(2192, '5.255.231.187', '2023-03-21', 'desktop', '2023', '21', '03'),
(2193, '213.180.203.246', '2023-03-21', 'desktop', '2023', '21', '03'),
(2194, '87.250.224.240', '2023-03-21', 'desktop', '2023', '21', '03'),
(2195, '5.255.231.43', '2023-03-21', 'desktop', '2023', '21', '03'),
(2196, '213.180.203.187', '2023-03-21', 'desktop', '2023', '21', '03'),
(2197, '87.250.224.248', '2023-03-21', 'desktop', '2023', '21', '03'),
(2198, '65.109.232.182', '2023-03-21', 'desktop', '2023', '21', '03'),
(2199, '193.235.141.7', '2023-03-21', 'desktop', '2023', '21', '03'),
(2200, '3.136.97.168', '2023-03-21', 'desktop', '2023', '21', '03'),
(2201, '51.222.253.2', '2023-03-21', 'desktop', '2023', '21', '03'),
(2202, '194.163.168.227', '2023-03-21', 'desktop', '2023', '21', '03'),
(2203, '87.250.224.240', '2023-03-22', 'desktop', '2023', '22', '03'),
(2204, '51.222.253.10', '2023-03-22', 'desktop', '2023', '22', '03'),
(2205, '212.252.119.222', '2023-03-22', 'desktop', '2023', '22', '03'),
(2206, '212.252.119.222', '2023-03-22', 'desktop', '2023', '22', '03');

-- --------------------------------------------------------

--
-- Tablo için tablo yapısı `ziyaretciler_adres`
--

